-- Table structure for table `denominaciones_mxn`
--

CREATE TABLE `denominaciones_mxn` (
  `id` uuid NOT NULL,
  `corte_de_caja_id` uuid NOT NULL,
  `billete_1000` int(11) NOT NULL DEFAULT 0,
  `billete_500` int(11) NOT NULL DEFAULT 0,
  `billete_200` int(11) NOT NULL DEFAULT 0,
  `billete_100` int(11) NOT NULL DEFAULT 0,
  `billete_50` int(11) NOT NULL DEFAULT 0,
  `billete_20` int(11) NOT NULL DEFAULT 0,
  `moneda_20` int(11) NOT NULL DEFAULT 0,
  `moneda_10` int(11) NOT NULL DEFAULT 0,
  `moneda_5` int(11) NOT NULL DEFAULT 0,
  `moneda_2` int(11) NOT NULL DEFAULT 0,
  `moneda_1` int(11) NOT NULL DEFAULT 0,
  `moneda_050` decimal(10,2) NOT NULL DEFAULT 0.00,
  `created_at` timestamp NULL DEFAULT NULL,
  `updated_at` timestamp NULL DEFAULT NULL,
  PRIMARY KEY (`id`),
  KEY `denominaciones_mxn_corte_de_caja_id_foreign` (`corte_de_caja_id`),
  CONSTRAINT `denominaciones_mxn_corte_de_caja_id_foreign` FOREIGN KEY (`corte_de_caja_id`) REFERENCES `cortes_de_caja` (`id`) ON DELETE CASCADE
) ENGINE=InnoDB DEFAULT CHARSET=utf8mb4 COLLATE=utf8mb4_unicode_ci;

--
-- Dumping data for table `denominaciones_mxn`
--

INSERT INTO `denominaciones_mxn` VALUES
('9e288633-0786-46ec-b541-001bba18457c','9e288633-06cd-4443-9b2f-eb74215cb9e6',0,4,0,0,0,0,0,0,0,0,0,0.00,'2025-02-07 16:54:33','2025-02-07 16:54:33'),
('9d167414-b24d-4867-8ce7-008a8dcec4ea','9d167414-b0b9-46b2-a340-743feae6412a',0,2,1,3,0,0,0,0,0,0,0,0.00,'2024-09-24 18:07:03','2024-09-24 18:07:03'),
('9e5ed4fd-644b-4791-a2cf-00d7f0545341','9e5ed4fd-633a-4353-8156-7c0722a7a1e2',0,11,20,0,0,2,0,1,0,0,0,0.00,'2025-03-06 16:49:34','2025-03-06 16:49:34'),
('0196a655-562d-72e6-89ae-2df2a1aa5161','0196a655-562b-71e5-87f7-1191638784bc',1,51,13,15,8,1,0,0,0,0,0,0.00,'2025-05-06 11:02:12','2025-05-06 11:02:12'),
('0196a795-ee9b-7357-b066-929ab1b71a32','0196a795-ee9a-73de-a603-40bdb63f81de',0,9,19,2,0,0,0,0,0,0,0,0.00,'2025-05-06 16:52:23','2025-05-06 16:52:23'),
('0196ac05-d104-73d1-840e-2ef4ddbfb0f5','0196ac05-d102-73d2-9b69-939dd830f0bc',0,38,0,1,0,0,0,1,3,0,0,0.00,'2025-05-07 13:33:04','2025-05-07 13:33:04'),
('0196b0af-7c57-72eb-a0bc-27eb3120c7a0','0196b0af-7c55-732e-afdc-1ab1d513ee3b',2,24,10,13,3,0,0,0,0,0,0,0.00,'2025-05-08 11:16:52','2025-05-08 11:16:52'),
('0196b660-286e-711b-9306-ab20aba298e0','0196b660-286d-7347-aaea-f42a894d50cf',4,133,49,0,0,0,0,0,0,0,0,0.00,'2025-05-09 13:47:57','2025-05-09 13:47:57'),
('0196caf3-08c9-7107-a7e9-12d158555674','0196caf3-08c7-73e0-a051-fef6e06f79bd',0,13,2,1,1,0,0,0,0,0,0,0.00,'2025-05-13 13:40:47','2025-05-13 13:40:47'),
('0196d00e-e714-7243-a7c0-bbfffef542a8','0196d00e-e711-7391-b8bc-8658b1ce93bc',0,21,12,4,2,1,0,0,0,0,0,0.00,'2025-05-14 18:29:19','2025-05-14 18:29:19'),
('0196d4fc-81cd-728a-963a-288e2b4942ef','0196d4fc-81ca-71ad-b0ec-769545b36f90',0,15,0,0,2,1,0,0,0,0,0,0.00,'2025-05-15 17:27:20','2025-05-15 17:27:20'),
('0196e9c3-300b-726c-96a5-d3817647a090','0196e9c3-3007-727c-89ea-248d94493401',0,15,2,0,3,1,0,1,0,0,0,0.00,'2025-05-19 18:16:45','2025-05-19 18:16:45'),
('0196f4e2-1c7e-727b-990c-e6a5e79515ff','0196f4e2-1c7c-71a8-96dc-0e0a02c67c65',0,0,0,0,0,0,0,0,0,0,0,0.00,'2025-05-21 22:06:21','2025-05-21 22:06:21'),
('0196fe62-6518-7018-905c-fbdb24a5e689','0196fe62-6516-7002-9430-972b841e35c5',0,1,1,0,0,0,0,0,1,0,0,0.00,'2025-05-23 18:23:03','2025-05-23 18:23:03'),
('01970def-8b82-72d4-ba51-b8eab46ebe07','01970def-8b7f-7048-bb16-f3e4cc3550f6',0,12,1,1,0,0,0,0,0,0,0,0.00,'2025-05-26 18:51:32','2025-05-26 18:51:32'),
('01971d5f-3854-73f0-95f8-2a56da312357','01971d5f-3851-72a9-8c0a-151937e505fd',0,5,5,5,0,0,0,0,0,0,0,0.00,'2025-05-29 18:47:49','2025-05-29 18:47:49'),
('01973c3a-4d61-719c-920c-96bc3caa200c','01973c3a-4d5f-713c-8594-81142ab69df2',0,61,8,1,0,0,0,1,0,0,0,0.00,'2025-06-04 18:35:43','2025-06-04 18:35:43'),
('01974680-1597-7101-a7cd-9b0156076510','01974680-1595-717c-bc17-ea7e50f2c003',0,31,0,1,1,0,0,0,0,0,0,0.00,'2025-06-06 18:28:08','2025-06-06 18:28:08'),
('01975605-1667-7249-bcd6-d3320c01ff8c','01975605-1663-702b-9e80-d8e737dd36f4',1,91,35,1,1,0,0,1,0,0,0,0.00,'2025-06-09 18:47:43','2025-06-09 18:47:43'),
('0197569f-f2ba-71ae-954a-8d807e76e7ff','0197569f-f2b9-7370-81b4-244d3f661c5e',4,28,1,0,1,1,0,1,0,0,0,0.00,'2025-06-09 21:36:52','2025-06-09 21:36:52'),
('01975b24-cb2b-72a3-9312-150531c41954','01975b24-cb29-72bb-9946-451283e4f061',4,58,18,19,9,0,0,0,0,0,0,0.00,'2025-06-10 18:40:27','2025-06-10 18:40:27'),
('01975ba2-6a16-714e-94d8-6c36e80740d8','01975ba2-6a14-7186-a9a4-b3ad85bf788a',0,28,13,5,4,6,0,1,0,0,0,0.00,'2025-06-10 20:57:40','2025-06-10 20:57:40'),
('0197603f-3afa-737f-8b49-f2c946df39f6','0197603f-3af7-713a-adcb-a30969635cf9',0,28,0,1,1,0,0,0,2,0,0,0.00,'2025-06-11 18:27:26','2025-06-11 18:27:26'),
('01976560-5b2e-7370-845d-0002cb37d849','01976560-5b2b-7200-aa6d-9e89f7e96ccd',0,8,10,2,1,0,0,0,0,0,0,0.00,'2025-06-12 18:21:43','2025-06-12 18:21:43'),
('01976a8b-6143-729b-b73a-81142ae51a83','01976a8b-6141-7060-850f-62ac15cb83a2',4,9,12,3,8,0,0,0,0,0,0,0.00,'2025-06-13 18:26:48','2025-06-13 18:26:48'),
('01976b41-f05a-7071-bae4-d9247454c30f','01976b41-f058-7303-b2a4-4f55b319566c',0,10,0,1,1,0,0,0,0,0,0,0.00,'2025-06-13 21:46:12','2025-06-13 21:46:12'),
('01977f1e-e268-726b-800f-793da08e9fdb','01977f1e-e264-72a8-af4d-097928e38cf2',0,17,9,1,0,0,0,0,0,0,0,0.00,'2025-06-17 18:20:19','2025-06-17 18:20:19'),
('01978e99-68f5-7353-b274-9d3a124736e5','01978e99-68f2-7217-9882-d6772db20f45',0,0,8,0,0,3,0,0,0,0,0,0.00,'2025-06-20 18:28:28','2025-06-20 18:28:28'),
('01978f45-0aca-7309-bdb8-1e0682bf5fef','01978f45-0ac8-734b-99ba-0b798bce7793',0,18,5,1,0,0,0,2,0,0,0,0.00,'2025-06-20 21:35:56','2025-06-20 21:35:56'),
('01979e1b-4535-7341-9787-eab78bf24816','01979e1b-4532-70be-a4cf-9f639e162e24',4,14,5,0,0,3,0,1,0,0,0,0.00,'2025-06-23 18:44:36','2025-06-23 18:44:36'),
('01979e6d-da2d-73f9-9693-a2bc34ec7b55','01979e6d-da2a-730b-a5ae-a23e464f2873',0,20,0,1,0,0,0,0,0,0,0,0.00,'2025-06-23 20:14:48','2025-06-23 20:14:48'),
('0197a334-0df3-729a-a64f-6a38151d0984','0197a334-0def-70f2-a435-79b4019c6d49',0,20,4,1,3,0,0,0,0,0,0,0.00,'2025-06-24 18:29:47','2025-06-24 18:29:47'),
('0197a854-6992-7023-808f-ec577b68374b','0197a854-698f-7219-a4de-1bebb9f5c19b',0,24,0,7,0,0,0,0,0,0,0,0.00,'2025-06-25 18:23:13','2025-06-25 18:23:13'),
('0197ad88-6ab2-736f-b808-14ea62d4d1cd','0197ad88-6aac-73a3-9a00-5e4cebb09ff7',0,7,11,6,1,0,0,0,0,0,0,0.00,'2025-06-26 18:38:08','2025-06-26 18:38:08'),
('0197c168-4c69-7246-aa45-e5b2a18e2a9e','0197c168-4c66-721d-923f-a3f977c19ea7',0,9,8,4,1,0,0,0,0,0,0,0.00,'2025-06-30 15:15:27','2025-06-30 15:15:27'),
('0197c2d3-915e-704c-9f71-8eab679ced21','0197c2d3-915d-709b-a46e-00542973bce5',0,28,10,1,2,0,0,0,0,0,1,0.00,'2025-06-30 21:52:14','2025-06-30 21:52:14'),
('0197c73e-f862-7263-83da-82bb1e64fb8e','0197c73e-f85f-7050-aef7-5c801b8b011b',0,7,0,0,2,1,0,0,0,0,0,0.00,'2025-07-01 18:28:02','2025-07-01 18:28:02'),
('0197cc5f-8fd8-7194-8fae-23ab2a22165f','0197cc5f-8fd6-7339-84d0-605dcdac80e7',0,10,18,7,2,0,0,2,0,0,0,0.00,'2025-07-02 18:21:44','2025-07-02 18:21:44'),
('0197d194-e1fa-72a0-8a34-6e71705021c6','0197d194-e1f7-71d0-9d34-d39aeb407bf6',3,9,2,0,0,0,0,0,0,0,0,0.00,'2025-07-03 18:38:04','2025-07-03 18:38:04'),
('0197d6bc-c711-7063-a4c1-e5d92063c95a','0197d6bc-c70d-72f0-b48c-f7cca92787b3',0,20,10,1,1,0,0,0,0,0,0,0.00,'2025-07-04 18:39:45','2025-07-04 18:39:45'),
('0197d73f-5d75-7241-97ca-d6a17e629caf','0197d73f-5d74-71dd-82f8-36ae238a5e08',0,2,1,1,0,0,0,0,0,0,0,0.00,'2025-07-04 21:02:23','2025-07-04 21:02:23'),
('0197e62f-dc1c-7335-b843-7b5ed860ab71','0197e62f-dc1a-7196-8167-e16d57b5a94c',2,63,4,7,5,0,0,0,1,0,0,0.00,'2025-07-07 18:39:45','2025-07-07 18:39:45'),
('0197eb51-fec5-71f2-a5d6-042e85b705fc','0197eb51-fec3-7082-b1fb-13bf7ef36142',0,47,27,16,8,1,0,1,0,0,0,0.00,'2025-07-08 18:35:08','2025-07-08 18:35:08'),
('0197ebe9-083b-7393-89de-1e11ed38d256','0197ebe9-0839-73b5-ad80-778ea998e40b',0,11,0,0,0,0,0,0,0,0,0,0.00,'2025-07-08 21:20:07','2025-07-08 21:20:07'),
('0197f077-15e2-7312-8588-54859449abe1','0197f077-15e0-701f-b603-0f6c46e229d1',2,74,21,12,1,1,0,0,0,0,0,0.00,'2025-07-09 18:33:45','2025-07-09 18:33:45'),
('0197f11e-5819-72a7-898a-2cd54de6493f','0197f11e-5817-720b-b83d-7bf2593de9bc',1,29,4,4,0,0,0,0,0,0,0,0.00,'2025-07-09 21:36:27','2025-07-09 21:36:27'),
('0197f597-b6d7-7130-b5ef-e88dbdc05f37','0197f597-b6d4-7268-bc62-78138a62e8d4',6,66,11,11,2,0,0,0,0,0,0,0.00,'2025-07-10 18:27:30','2025-07-10 18:27:30'),
('0197f648-929d-715e-becf-dd607ae33f18','0197f648-929c-707d-819b-4f756b6a5568',3,41,11,1,0,0,0,0,0,0,0,0.00,'2025-07-10 21:40:40','2025-07-10 21:40:40'),
('0197fae8-1e20-70ee-b789-ee86f2b39418','0197fae8-1e1d-73b6-81c5-612a5613f938',1,26,4,3,0,1,0,2,0,0,0,0.00,'2025-07-11 19:13:25','2025-07-11 19:13:25'),
('01980a49-9009-706b-b7e3-397f56e5d811','01980a49-9007-7148-a82b-151fbe769c30',4,5,3,0,2,0,0,0,0,0,0,0.00,'2025-07-14 18:54:09','2025-07-14 18:54:09'),
('019819c0-cf7e-725a-ab51-9635b107cbfa','019819c0-cf7a-7205-8358-7fcca6ea6828',0,9,12,0,1,1,0,1,0,0,0,0.00,'2025-07-17 18:58:43','2025-07-17 18:58:43'),
('01981edf-7bf9-737b-97af-03a68d75ffef','01981edf-7bf7-70a0-b1d5-77431068171a',0,12,0,0,2,0,0,0,0,0,0,0.00,'2025-07-18 18:50:19','2025-07-18 18:50:19'),
('01982e51-745a-7161-8668-c174a7a8a669','01982e51-7458-7115-9d6a-5d6bed7b2c87',0,23,3,2,0,2,0,0,0,0,0,0.00,'2025-07-21 18:49:06','2025-07-21 18:49:06'),
('01983dc0-8117-72fb-a741-01c6c7249027','01983dc0-8115-72ec-bcc7-5308846d4450',0,0,3,8,12,1,0,0,0,0,0,0.00,'2025-07-24 18:44:42','2025-07-24 18:44:42'),
('019842e5-24c0-7327-b57e-e284629f0d88','019842e5-24be-70e2-a0cf-8b142784e258',0,17,15,2,0,0,0,0,0,0,0,0.00,'2025-07-25 18:42:50','2025-07-25 18:42:50'),
('01987666-8bbe-72ff-bfc4-117aac003f4e','01987666-8bbb-7013-91ce-eed3c635edda',0,13,0,0,0,0,0,0,0,0,0,0.00,'2025-08-04 18:44:48','2025-08-04 18:44:48'),
('01988b03-fc37-71ad-80ff-d0f96ef7ca00','01988b03-fc35-732c-bdb6-d249f458772a',3,6,0,1,1,0,0,0,0,0,0,0.00,'2025-08-08 18:49:10','2025-08-08 18:49:10'),
('0198a8f7-49e2-73e6-8853-d4809e8b1be5','0198a8f7-49d6-73b5-a7d3-9291821db4f8',0,8,0,0,0,0,0,0,0,0,0,0.00,'2025-08-14 14:23:55','2025-08-14 14:23:55'),
('0198a9b5-e5d7-7348-bb35-37ff64b07405','0198a9b5-e5d4-72c0-adf3-6200e10e970e',3,14,13,15,26,2,0,1,0,0,0,0.00,'2025-08-14 17:52:07','2025-08-14 17:52:07'),
('0198be7c-5302-71a5-9e52-ae534d065dda','0198be7c-52fe-71a4-9063-62e9fec2f38c',1,22,8,51,0,0,0,0,0,0,0,0.00,'2025-08-18 18:41:15','2025-08-18 18:41:15'),
('0198be8b-0411-73a1-83be-1234b429eecf','0198be8b-040f-72e2-a3bd-2c24600460dd',0,15,10,6,8,0,0,0,0,0,0,0.00,'2025-08-18 18:57:18','2025-08-18 18:57:18'),
('0198c3ac-72f3-71f4-8db6-60daf2b6560d','0198c3ac-72f0-7177-b8a8-be0006e02a03',2,90,19,18,21,18,0,1,3,2,1,0.00,'2025-08-19 18:51:55','2025-08-19 18:51:55'),
('0198c829-bafe-726b-b005-0d6f21800a69','0198c829-bafb-70eb-ad5a-4f1866f53d0e',0,35,4,1,0,0,0,0,0,0,0,0.00,'2025-08-20 15:47:14','2025-08-20 15:47:14'),
('0198c8c6-c4ca-73b3-8d04-938bce2ab835','0198c8c6-c4c8-721f-acaf-3f73b0a26466',0,44,24,9,1,0,0,0,0,0,0,0.00,'2025-08-20 18:38:46','2025-08-20 18:38:46'),
('0198c8ed-a6ee-730f-aca6-73693e7f54dd','0198c8ed-a6ec-71a4-991e-934dbb5421d0',0,27,10,0,2,1,0,0,0,0,0,0.00,'2025-08-20 19:21:14','2025-08-20 19:21:14'),
('0198ce09-dc9e-7144-a77d-ad2fe1aacd3e','0198ce09-dc9b-7043-bf99-740d2d0367dd',0,13,19,1,1,0,0,0,0,0,0,0.00,'2025-08-21 19:10:09','2025-08-21 19:10:09'),
('0198e7d6-6939-70de-bfda-c6a7962c94c6','0198e7d6-6936-7208-b08f-597709d0934b',0,43,115,15,0,0,0,0,0,0,0,0.00,'2025-08-26 19:24:05','2025-08-26 19:24:05'),
('0198ecf1-ff9b-731a-b1a0-69a8c68303e3','0198ecf1-ff98-7138-b72d-9d6370a91a07',0,59,67,22,0,0,0,1,0,0,0,0.00,'2025-08-27 19:12:19','2025-08-27 19:12:19'),
('0198f20b-7aad-7336-b126-475148b5f20d','0198f20b-7aa7-72e3-b956-083f77935c9f',2,69,5,5,5,1,0,1,3,2,1,0.00,'2025-08-28 18:58:15','2025-08-28 18:58:15'),
('0198f752-d7d6-7116-bd7e-94530ee39e0f','0198f752-d7d4-726e-8f81-c737a087b6c7',3,72,38,55,2,0,0,0,0,0,0,0.00,'2025-08-29 19:34:18','2025-08-29 19:34:18'),
('01990699-3cc0-7102-9c39-262e31da671e','01990699-3cbe-70d9-864a-1fe6cfed350b',0,33,6,2,0,1,0,0,0,0,0,0.00,'2025-09-01 18:45:29','2025-09-01 18:45:29'),
('01990743-b1ed-722c-b84c-bc50a222cef0','01990743-b1ec-71e6-a9df-4684436dea8e',2,17,8,2,1,0,0,2,0,0,0,0.00,'2025-09-01 21:51:41','2025-09-01 21:51:41'),
('01990bae-3770-73af-9b97-771aefe89a2c','01990bae-376c-7079-98d0-d39289871ccf',0,35,9,5,3,1,0,0,0,0,0,0.00,'2025-09-02 18:26:30','2025-09-02 18:26:30'),
('019910d4-522a-7389-8e3a-f2241bc4f2b5','019910d4-5227-7199-b7af-45e943b36ca7',1,18,5,1,0,0,0,0,0,0,0,0.00,'2025-09-03 18:26:14','2025-09-03 18:26:14'),
('01991b3f-d855-72ab-84b4-ec5f9f588971','01991b3f-d852-70bb-9d38-ba835857bcf7',3,53,2,1,0,0,0,0,1,0,0,0.00,'2025-09-05 18:59:53','2025-09-05 18:59:53'),
('01992ac5-c16e-707d-8ff9-84b242b428c0','01992ac5-c16a-70ca-9e4c-f0419338b6e6',0,90,46,14,9,7,0,0,0,0,0,0.00,'2025-09-08 19:20:27','2025-09-08 19:20:27'),
('01992b59-3f77-7201-9bfe-2626933a40e8','01992b59-3f74-72b8-afca-6388676da213',3,38,1,0,0,0,0,0,0,0,0,0.00,'2025-09-08 22:01:33','2025-09-08 22:01:33'),
('01992fc1-3bff-73b5-9326-f284179eac9e','01992fc1-3bfc-72c3-9a52-7b47965035a4',0,33,19,25,1,1,0,0,1,0,0,0.00,'2025-09-09 18:33:37','2025-09-09 18:33:37'),
('019934e9-b588-71b1-8140-b8aa738013a8','019934e9-b585-71e1-a590-0aef6c487a12',0,75,42,64,4,0,0,0,0,0,0,0.00,'2025-09-10 18:35:55','2025-09-10 18:35:55'),
('0199359c-e488-705b-80c0-6c5688f1b619','0199359c-e486-7199-859f-d3f0bd342edf',4,43,32,7,0,0,0,0,0,0,0,0.00,'2025-09-10 21:51:38','2025-09-10 21:51:38'),
('01993ed9-9d34-70da-b26c-5225faf4e6ed','01993ed9-9d32-7349-9a01-e33ad9d9d487',0,3,5,1,0,0,0,0,0,0,0,0.00,'2025-09-12 16:54:33','2025-09-12 16:54:33'),
('01993fe2-f3d5-709e-b3ae-058c481b8b8f','01993fe2-f3d2-7304-b822-c6e1db691c1d',0,16,4,1,1,0,0,0,1,2,1,0.00,'2025-09-12 21:44:22','2025-09-12 21:44:22'),
('9ea52f7a-31c9-44bf-917e-02ac3d89aafb','9ea52f7a-3115-4181-a3d8-2843b0488b51',0,39,13,5,0,0,0,0,0,0,0,0.00,'2025-04-10 17:10:33','2025-04-10 17:10:33'),
('9e0c16aa-855d-4a44-b8cf-02ee7f17eea6','9e0c16aa-84a0-4c34-8658-a2f82a72bea9',0,1,0,1,5,1,0,0,1,0,0,0.00,'2025-01-24 13:39:30','2025-01-24 13:39:30'),
('9d71750b-3782-438d-be03-02f3f791303c','9d71750b-36df-40f7-80fa-ce400f0e71bc',0,19,3,5,3,2,0,1,10,0,0,0.00,'2024-11-08 22:50:05','2024-11-08 22:50:05'),
('9d087d22-f101-4fb3-89f9-044e149694ff','9d087d22-f047-496c-9b35-32de622c9a13',0,33,10,11,0,0,0,1,1,0,0,0.00,'2024-09-17 19:30:47','2024-09-17 19:30:47'),
('9d38bd53-3e6c-43c0-b2fb-0463a78430e4','9d38bd53-3cd0-452c-bc78-9384a50868c1',1,3,5,0,1,2,0,0,0,0,0,0.00,'2024-10-11 19:10:00','2024-10-11 19:10:00'),
('9e227610-1322-4cee-940c-049726f50c0c','9e227610-1285-4818-9e6e-a435f59e7154',0,41,13,2,4,1,0,0,0,0,0,0.00,'2025-02-04 16:34:28','2025-02-04 16:34:28'),
('9e4ab7f6-9ae1-46dd-bb3c-051a5e28974f','9e4ab7f6-9a05-44d5-ae72-a99c0483d5e4',0,11,0,1,0,0,0,0,0,0,0,0.00,'2025-02-24 16:51:51','2025-02-24 16:51:51'),
('9ea326e8-f5bf-42cb-83ea-0566a76a1747','9ea326e8-f529-423b-895d-09107e813cbd',0,25,0,0,0,0,0,0,0,0,0,0.00,'2025-04-09 16:54:56','2025-04-09 16:54:56'),
('9e6c8d18-e892-40b3-bc2e-0632d0c1a024','9e6c8d18-e7d3-4833-a78f-8958f7783aea',0,21,3,2,0,1,0,1,2,5,0,0.00,'2025-03-13 13:30:08','2025-03-13 13:30:08'),
('9da9413c-d0f1-42cf-8840-06da0ea98c3f','9da9413c-cf84-4013-853f-cfaa0b9982e9',0,15,9,2,3,0,0,0,0,0,0,0.00,'2024-12-06 16:31:35','2024-12-06 16:31:35'),
('9e76e298-cd18-4827-80b7-07076d919c43','9e76e298-cbce-407c-a98d-ad2de12e9144',0,6,3,2,0,1,0,1,0,0,0,0.00,'2025-03-18 16:47:29','2025-03-18 16:47:29'),
('9d28f051-11d5-4fd9-a5d0-07eec2085299','9d28f051-1091-4c59-85df-7119d39f4246',0,23,5,2,5,2,0,0,0,0,0,0.00,'2024-10-03 22:39:20','2024-10-03 22:39:20'),
('9d451b9e-ea76-4246-9957-081243681c78','9d451b9e-e9b3-4b60-bf4c-6ab4c88e1763',1,3,4,0,3,0,0,0,0,0,0,0.00,'2024-10-17 22:43:37','2024-10-17 22:43:37'),
('9d6f12a9-3cd1-4e4d-9b70-08ce61dfddd6','9d6f12a9-3c06-4a47-9876-cd2a4031caef',0,25,2,2,2,0,0,0,0,0,0,0.00,'2024-11-07 18:23:20','2024-11-07 18:23:20'),
('9e3e5bc3-98b7-465b-8453-09a29d2d35c7','9e3e5bc3-97e1-4a4a-a94a-306dfe9c42a1',0,23,19,9,0,0,0,1,0,0,0,0.00,'2025-02-18 13:24:07','2025-02-18 13:24:07'),
('9da37749-e34c-41f7-836e-0b946c25449a','9da37749-e16e-4f0e-bebc-6799bca71ae0',1,18,10,3,3,1,0,0,1,0,0,0.00,'2024-12-03 19:27:45','2024-12-03 19:27:45'),
('9cfa6987-9565-409a-a0ff-0b989119e032','9cfa6987-9476-4a5b-81f0-4289dd3e4863',1,76,50,11,7,0,0,0,0,0,0,0.00,'2024-09-10 19:34:22','2024-09-10 19:34:22'),
('9e21fdcb-f5c7-4f07-9cc8-0ba4d65e49af','9e21fdcb-f505-4c5d-84ed-5dfdc10b96c4',2,50,9,4,8,2,0,1,0,0,0,0.00,'2025-02-04 10:58:11','2025-02-04 10:58:11'),
('9d226f0b-3441-44cb-aa5c-0dc4773cf30f','9d226f0b-3353-4585-ba15-41e200822011',1,13,1,0,1,0,0,0,0,0,0,0.00,'2024-09-30 17:02:54','2024-09-30 17:02:54'),
('9d7b391c-c16b-497c-b6e7-0fd0ddea26f9','9d7b391c-c093-49ac-a4bc-49b055a33b81',0,1,2,2,0,0,0,0,8,0,0,0.00,'2024-11-13 19:20:47','2024-11-13 19:20:47'),
('9e6a8efd-9a2d-48b1-b37f-0ff897661377','9e6a8efd-996b-4a4a-bb11-9c590f784c7c',0,0,0,0,0,0,0,0,0,0,0,0.00,'2025-03-12 13:43:47','2025-03-12 13:43:47'),
('9e283e38-dbf2-4134-a3f6-100d31e0f11c','9e283e38-db68-40f3-a06d-de3b33bc3887',0,47,12,1,0,0,0,0,0,0,0,0.00,'2025-02-07 13:33:17','2025-02-07 13:33:17'),
('9d28857f-9dc6-4e25-ab28-10bdf347a920','9d28857f-9c8e-4159-b4c0-10af0fa73c8c',0,23,24,3,0,0,0,1,0,0,0,0.00,'2024-10-03 17:40:39','2024-10-03 17:40:39'),
('9d7737e5-11c1-4785-ae5b-110984a0fb76','9d7737e5-10af-42e1-b6ad-0055d0241936',0,27,3,6,3,0,0,1,0,0,0,0.00,'2024-11-11 19:34:04','2024-11-11 19:34:04'),
('9d42d194-7911-4ba6-b89c-11146580a750','9d42d194-7666-412f-a0e8-83849ae9ab5f',0,6,0,2,0,0,0,0,0,0,0,0.00,'2024-10-16 19:24:55','2024-10-16 19:24:55'),
('9df83fef-a739-40ca-8c4a-12ea5101bfde','9df83fef-a689-4667-a1b2-bca556adf105',1,10,0,0,0,0,0,0,0,0,0,0.00,'2025-01-14 16:58:21','2025-01-14 16:58:21'),
('9df639e4-81d8-4e1c-8aa9-172681d06f52','9df639e4-8122-4637-a45f-859a2eee3a20',0,5,1,0,1,0,0,0,0,0,0,0.00,'2025-01-13 16:49:47','2025-01-13 16:49:47'),
('9e991805-676b-491a-a3d1-1c1429c34200','9e991805-66a3-46ee-a548-e6c11c670153',0,25,0,0,0,0,0,0,0,0,0,0.00,'2025-04-04 16:55:01','2025-04-04 16:55:01'),
('9e910fa8-e143-43f3-975d-1d00553ff172','9e910fa8-e016-4e7e-954a-50aef9ef2ff5',3,59,11,12,2,0,0,2,1,0,0,0.00,'2025-03-31 17:05:01','2025-03-31 17:05:01'),
('9cfa68a4-c13b-4f27-88c8-1f0c10da8a2d','9cfa68a4-c06a-4683-9cd5-7247e879b608',1,76,50,11,7,0,0,0,0,0,0,0.00,'2024-09-10 19:31:53','2024-09-10 19:31:53'),
('9d367796-1c3f-4332-8e49-20e2b5e9d7f1','9d367796-1b53-46a5-8a2e-7121ba7594af',0,48,10,32,1,0,0,2,0,0,0,0.00,'2024-10-10 16:03:21','2024-10-10 16:03:21'),
('9e186563-71e3-4e8f-b347-22aa3193bc89','9e186563-7119-49e6-98f4-4ce485bb73af',0,9,13,0,0,0,0,0,0,0,0,0.00,'2025-01-30 16:29:34','2025-01-30 16:29:34'),
('9d68cf45-140f-4655-af32-2329a80b59f8','9d68cf45-1312-4221-a2ec-b24c91444ae2',0,40,25,0,1,0,0,2,1,0,0,0.00,'2024-11-04 15:39:55','2024-11-04 15:39:55'),
('9d611fdc-6f54-47d7-a380-24298a4d5938','9d611fdc-6dd9-45d7-8584-ba766ea4cbd5',0,1,0,0,0,0,0,0,0,0,0,0.00,'2024-10-31 20:58:39','2024-10-31 20:58:39'),
('9d88e408-d732-4e56-85a9-258ab20ea7f4','9d88e408-d4f1-43da-89f2-1c96dba5c9d6',0,4,4,1,2,0,0,0,0,0,0,0.00,'2024-11-20 14:24:28','2024-11-20 14:24:28'),
('9db76c6d-a22b-4c02-974c-268126d82dae','9db76c6d-a178-45e0-bc9c-d3f519f8a095',0,9,11,3,0,1,0,4,0,0,0,0.00,'2024-12-13 17:33:57','2024-12-13 17:33:57'),
('9d79374b-1294-4f68-89e1-2887b6f277ad','9d79374b-111f-45d5-a630-d80fd122e83e',0,4,15,1,1,0,0,2,2,0,0,0.00,'2024-11-12 19:24:02','2024-11-12 19:24:02'),
('9e4e780a-28a7-43bf-9eab-28a224e58171','9e4e780a-27d2-4624-9db9-ca0f8bc48daf',0,38,14,2,6,2,0,0,1,0,0,0.00,'2025-02-26 13:36:25','2025-02-26 13:36:25'),
('9d6921b2-8cf8-4bdd-9f52-292f51e3d053','9d6921b2-8bf7-4979-913c-316f14cc855d',0,5,3,2,0,0,0,0,0,0,0,0.00,'2024-11-04 19:30:24','2024-11-04 19:30:24'),
('9d0a7bed-75b9-4d16-bc61-2999c1f2a7c0','9d0a7bed-74c3-477c-a7b1-fba2c1866fc9',1,15,3,0,0,0,0,0,0,0,0,0.00,'2024-09-18 19:19:03','2024-09-18 19:19:03'),
('9e86b390-cae2-44df-b24a-2e17e5464671','9e86b390-c7a4-47ff-8c0c-0711a2f3b953',0,4,2,0,1,5,0,0,0,0,0,0.00,'2025-03-26 13:29:14','2025-03-26 13:29:14'),
('9e5c89c5-8a1e-42ed-afa6-2e3cd703febb','9e5c89c5-8940-4f06-8437-2329727ff20c',0,11,2,3,0,0,0,0,0,0,0,0.00,'2025-03-05 13:27:36','2025-03-05 13:27:36'),
('9e609232-0a17-4dc8-b064-2ea11079639f','9e609232-0994-4939-971f-b7c549a57ea0',0,39,4,6,0,0,0,0,5,3,0,0.00,'2025-03-07 13:34:28','2025-03-07 13:34:28'),
('9db549df-a0b5-4e46-9e51-2eec6a54f730','9db549df-9ff4-4f29-8e96-c2ed0ab071da',0,23,0,0,1,0,0,0,0,0,0,0.00,'2024-12-12 16:05:40','2024-12-12 16:05:40'),
('9d32ba56-e87a-4403-ab10-301be79b45b9','9d32ba56-e7b8-463e-83b7-8cca860bc6f6',3,18,1,3,1,1,0,0,0,0,0,0.00,'2024-10-08 19:26:41','2024-10-08 19:26:41'),
('9d31005f-729e-4200-a18e-312397a22bf2','9d31005f-71bc-435e-a0ce-7f35e1313a3b',0,18,1,0,1,5,0,1,1,0,0,0.00,'2024-10-07 22:50:52','2024-10-07 22:50:52'),
('9d08c2fb-141d-4da2-b420-3133a615e2a0','9d08c2fb-1351-41db-938f-c4b4d7d8553b',0,8,1,0,0,0,0,0,0,0,0,0.00,'2024-09-17 22:46:05','2024-09-17 22:46:05'),
('9ea6e594-6ed3-4083-a75f-315a10a1dfa4','9ea6e594-6da8-436e-a429-d77a91164d3a',0,20,0,3,0,0,0,0,2,0,0,0.00,'2025-04-11 13:35:34','2025-04-11 13:35:34'),
('9e7a9aa0-a650-406a-b662-3307194b9ea9','9e7a9aa0-a578-485c-b8c0-e6569cba383a',0,6,0,1,0,3,0,1,0,2,1,0.00,'2025-03-20 13:09:34','2025-03-20 13:09:34'),
('9e0c5de8-1ac7-4575-bb36-3378d7fc1ef2','9e0c5de8-1a35-4ed8-849e-d8c995cb9e0e',0,14,4,3,3,0,0,0,0,0,0,0.00,'2025-01-24 16:58:42','2025-01-24 16:58:42'),
('9cf8371f-0427-4644-919a-33d8cb90201e','9cf8371f-0334-4a82-9ae0-10b2db1265e2',0,0,0,0,0,0,0,0,0,0,0,0.00,'2024-09-09 17:21:46','2024-09-09 17:21:46'),
('9e58d0e0-8f4d-44fd-a763-3428187211bb','9e58d0e0-8eaf-487a-8f3b-d928f30c1012',7,22,14,5,0,0,0,0,0,0,0,0.00,'2025-03-03 17:03:06','2025-03-03 17:03:06'),
('9d5af422-8474-40bd-918a-38ec9cad381d','9d5af422-8350-408c-997c-39a020710298',0,1,0,0,0,0,0,0,0,0,0,0.00,'2024-10-28 19:21:25','2024-10-28 19:21:25'),
('9e6edbd6-076e-4d99-8b39-3ab5ba12499b','9e6edbd6-067b-424e-b691-8c96bf019120',0,3,2,2,2,4,0,4,12,0,0,0.00,'2025-03-14 17:01:58','2025-03-14 17:01:58'),
('9e9ee19b-0e28-4549-b520-3bcefad3a05a','9e9ee19b-0d56-4fca-a782-f1668d5609ab',0,47,29,3,0,1,0,0,1,0,0,0.00,'2025-04-07 13:57:50','2025-04-07 13:57:50'),
('9e523489-9097-45ac-b486-3df80ede0de1','9e523489-8fe5-4267-8f4c-b605aae48480',0,5,1,0,1,0,0,0,0,0,0,0.00,'2025-02-28 10:10:59','2025-02-28 10:10:59'),
('9e4c731c-efcd-4f2d-b707-3e8c11bb4393','9e4c731c-eef3-49ac-88b8-5e4f9eab18fa',0,24,6,7,6,1,0,1,0,0,0,0.00,'2025-02-25 13:30:59','2025-02-25 13:30:59'),
('9da97f24-81b0-43b1-8072-3ff7d7005b01','9da97f24-80f1-4034-96ad-c273b9f32452',0,24,2,0,0,0,0,0,0,0,0,0.00,'2024-12-06 19:24:41','2024-12-06 19:24:41'),
('9e0c0cc4-5cd6-4457-ad1f-41416e6e499d','9e0c0cc4-5b7c-454d-8cd7-7327e6982fd6',0,0,0,0,0,0,0,0,0,0,0,0.00,'2025-01-24 13:11:49','2025-01-24 13:11:49'),
('9e243975-883d-4241-9212-4373cd602b70','9e243975-8728-4417-89d6-0319cf697ca7',0,27,19,5,8,2,0,1,0,0,0,0.00,'2025-02-05 13:36:40','2025-02-05 13:36:40'),
('9d188525-a79a-498a-80ed-441a7610b925','9d188525-a671-4e13-abe7-91fac30606b8',0,0,0,0,0,0,0,0,0,0,0,0.00,'2024-09-25 18:46:26','2024-09-25 18:46:26'),
('9da5bc9f-762f-4bec-b463-45205029aea6','9da5bc9f-755c-46e7-8b4a-86526ecf6968',0,49,3,1,0,0,0,0,0,0,0,0.00,'2024-12-04 22:33:17','2024-12-04 22:33:17'),
('9d7f43c5-b46b-4807-b4d1-46886bc9ef5e','9d7f43c5-b391-41c1-b185-ba360212ec03',0,1,25,2,0,0,0,3,0,1,1,0.00,'2024-11-15 19:33:54','2024-11-15 19:33:54'),
('9d1c7162-aaef-450c-9e00-4836b15d4a66','9d1c7162-a9eb-43ea-b386-137b1fc242ac',0,0,0,0,1,1,0,1,0,1,0,0.00,'2024-09-27 17:34:29','2024-09-27 17:34:29'),
('9d713918-e3b7-4a6f-9e24-48be491baf87','9d713918-e2f9-4391-9cd2-f9c3dbbcb46c',3,73,13,34,1,3,0,0,0,0,0,0.00,'2024-11-08 20:02:27','2024-11-08 20:02:27'),
('9d3278eb-0480-40b6-a58b-49bc6fe6e9d7','9d3278eb-0345-4b46-be79-0555f89cbd40',0,0,0,0,0,0,0,0,0,0,0,0.00,'2024-10-08 16:23:45','2024-10-08 16:23:45'),
('9e27c8a0-f350-418a-aa81-4a98c04046f8','9e27c8a0-f04e-4e3e-8ef7-152725f41c03',0,13,3,1,1,0,0,0,0,0,0,0.00,'2025-02-07 08:04:29','2025-02-07 08:04:29'),
('9e51fdb2-9800-440a-8208-4aaad2f44cab','9e51fdb2-94ba-48ab-8186-234890f5fe04',0,13,2,1,0,0,0,0,0,0,0,0.00,'2025-02-28 07:37:38','2025-02-28 07:37:38'),
('9d22ead7-48b9-411b-97d1-4c3b4b6a8bf0','9d22ead7-47e2-4ec2-bf5b-cd87d26de5f7',0,7,2,2,1,0,0,0,0,0,0,0.00,'2024-09-30 22:49:04','2024-09-30 22:49:04'),
('9d4f03a9-21e7-4404-83c0-4d857551fd70','9d4f03a9-200d-4003-bd87-59eb4cea4bc2',0,4,2,2,3,1,0,1,0,2,1,0.00,'2024-10-22 20:54:53','2024-10-22 20:54:53'),
('9d306eb7-da5b-4b52-8a9e-4da36084dff7','9d306eb7-d961-4f7e-a846-8fc8800163a2',0,36,6,2,2,0,0,0,2,0,0,0.00,'2024-10-07 16:03:35','2024-10-07 16:03:35'),
('9d6b27ad-e95c-4f07-a9f1-502f62944d12','9d6b27ad-e86c-496d-a0a3-1074c5825c00',0,24,3,6,1,2,0,0,0,0,0,0.00,'2024-11-05 19:38:47','2024-11-05 19:38:47'),
('9cf81e87-8ca6-467d-bffa-51e565175cc2','9cf81e87-8a9f-44b1-a73f-9fef257ae4d8',0,0,0,0,0,0,0,0,0,0,0,0.00,'2024-09-09 16:13:00','2024-09-09 16:13:00'),
('9ea4e9c4-289c-4c4e-864b-5494f3344384','9ea4e9c4-27da-4247-a802-f697090a90b5',1,47,33,4,3,5,0,0,0,0,0,0.00,'2025-04-10 13:55:37','2025-04-10 13:55:37'),
('9db14f36-a02f-4cdb-b483-54c443f46422','9db14f36-9f24-4141-a029-f698e8e3003e',0,55,0,2,1,0,0,0,0,0,0,0.00,'2024-12-10 16:37:17','2024-12-10 16:37:17'),
('9e96c771-01d6-4961-b449-5899cf6e2e87','9e96c771-00d0-4c46-b8ee-65c4177b68f5',0,52,2,3,0,3,0,0,0,0,0,0.00,'2025-04-03 13:18:03','2025-04-03 13:18:03'),
('9d878482-79db-4f95-94ec-58b873d936d7','9d878482-78f2-4c4d-bad7-1898778deea0',0,20,9,11,5,0,0,0,0,0,0,0.00,'2024-11-19 22:01:32','2024-11-19 22:01:32'),
('9d3457ce-a804-4320-ae73-59b888b5b6bc','9d3457ce-a5e6-428d-9ae0-9ce915335c08',0,6,2,1,0,1,0,0,0,0,0,0.00,'2024-10-09 14:42:50','2024-10-09 14:42:50'),
('9cfaae2a-c382-437c-9a02-5c55d4fa400f','9cfaae2a-c2cd-4d75-8de1-15dba232b48c',0,14,32,22,8,2,0,1,0,0,0,0.00,'2024-09-10 22:46:17','2024-09-10 22:46:17'),
('9ea0de53-be30-4544-a349-5c902ce09b1e','9ea0de53-bd2a-4025-be1a-b5c834d4c859',2,70,12,8,1,0,0,0,1,0,0,0.00,'2025-04-08 13:40:19','2025-04-08 13:40:19'),
('9defc9a5-a379-46a7-8e82-5e8293b55b4d','9defc9a5-a2c8-415a-8873-209d1869c572',0,0,0,0,0,0,0,0,0,0,0,0.00,'2025-01-10 12:00:58','2025-01-10 12:00:58'),
('9d715176-16c3-4a48-89af-5eee736aa641','9d715176-1622-4720-905a-0ae82822cabb',0,13,18,4,5,1,0,1,0,0,0,0.00,'2024-11-08 21:10:35','2024-11-08 21:10:35'),
('9d696645-7462-4588-ab51-60971d5c5cd3','9d696645-73a6-4322-9945-e12682811dc5',0,22,1,2,1,3,1,0,0,0,0,0.00,'2024-11-04 22:42:09','2024-11-04 22:42:09'),
('9e11e44f-4990-4d66-8ce3-60fa4b544247','9e11e44f-4880-478b-9d31-6138fc5fce86',1,17,4,1,2,1,0,0,3,0,0,0.00,'2025-01-27 10:53:40','2025-01-27 10:53:40'),
('9d6b6aa8-743a-42ef-bd17-63d09886b47b','9d6b6aa8-7397-433e-babe-db645d42a57e',3,21,5,5,1,0,0,0,0,0,0,0.00,'2024-11-05 22:46:04','2024-11-05 22:46:04'),
('9ecf1c96-4b57-4af7-932d-6448d602c3bf','9ecf1c96-4a04-4dbf-9434-9012b5bf0afa',0,18,0,0,0,2,0,1,0,0,0,0.00,'2025-05-01 13:22:30','2025-05-01 13:22:30'),
('9d0ed681-66b5-4981-8a9e-656be9f34815','9d0ed681-65e7-46e1-a1d6-949d1fbda24c',0,17,16,3,0,10,0,0,0,0,0,0.00,'2024-09-20 23:15:39','2024-09-20 23:15:39'),
('9d50e358-1f67-48d7-ba85-673eef366979','9d50e358-1d9b-41c7-bcce-f6463f867bb7',0,0,4,0,2,0,0,0,0,0,0,0.00,'2024-10-23 19:16:11','2024-10-23 19:16:11'),
('9e160c41-b366-4579-bde5-6749703281b9','9e160c41-b289-422e-8a71-dea5481cb7d5',0,3,0,0,0,0,0,0,0,0,0,0.00,'2025-01-29 12:28:41','2025-01-29 12:28:41'),
('9d52e76b-a64a-47bb-8c0a-67ad6edafe7e','9d52e76b-a540-4b6f-8e99-5045e44653aa',0,0,1,1,2,0,0,1,0,0,0,0.00,'2024-10-24 19:19:14','2024-10-24 19:19:14'),
('9d0c7caa-8c6d-48d0-8fc0-686ecb6ebd14','9d0c7caa-8aaf-4b16-a1ba-e8ed0bc2b189',0,6,1,0,0,1,0,1,0,0,0,0.00,'2024-09-19 19:12:47','2024-09-19 19:12:47'),
('9ea2dccb-21fb-477c-b692-686f7b20460a','9ea2dccb-20db-4160-b484-16e36ecfefdf',0,31,25,0,1,0,0,0,0,0,0,0.00,'2025-04-09 13:27:41','2025-04-09 13:27:41'),
('9dbda3a4-d038-47cd-ad31-6963a622036c','9dbda3a4-ced2-47a0-b95b-538546c6a051',0,2,28,3,2,7,0,2,0,0,0,0.00,'2024-12-16 19:43:18','2024-12-16 19:43:18'),
('9d3f125f-3127-42d0-a36f-6b3b7f32e656','9d3f125f-302e-4177-b2b6-ade831b73ddb',0,2,1,2,0,4,0,1,0,0,0,0.00,'2024-10-14 22:42:47','2024-10-14 22:42:47'),
('9db5967e-7aac-43f6-8867-6bd4c8f180b0','9db5967e-79bf-43ab-967e-9d9d7232a5ad',0,14,9,0,2,2,0,0,0,0,0,0.00,'2024-12-12 19:39:55','2024-12-12 19:39:55'),
('9d7d46aa-a148-44e7-a74c-7084e173753d','9d7d46aa-a051-48a9-b504-3cd35c02a002',0,1,0,1,1,0,0,0,0,0,0,0.00,'2024-11-14 19:50:20','2024-11-14 19:50:20'),
('9e3ea2d9-4203-40dd-aa6f-70974b781f41','9e3ea2d9-4160-4311-ad21-343ba666f33c',0,8,2,1,0,0,0,0,0,0,0,0.00,'2025-02-18 16:42:53','2025-02-18 16:42:53'),
('9cfc6728-3c76-4678-806f-70981255cbdc','9cfc6728-3b98-44f2-bd1a-fbbb3057bd46',0,13,0,1,0,1,0,1,0,0,0,0.00,'2024-09-11 19:19:23','2024-09-11 19:19:23'),
('9d085871-e4a9-47dc-95b1-71f4aa1258fc','9d085871-e3da-4af3-9ef5-83d59401b44a',0,18,7,1,0,0,0,1,1,0,0,0.00,'2024-09-17 17:48:11','2024-09-17 17:48:11'),
('9ecb6218-4739-4d69-9439-736ce2fe2910','9ecb6218-469b-4b9c-9855-a37bfcce71ed',0,25,3,0,0,2,0,0,0,0,0,0.00,'2025-04-29 16:53:33','2025-04-29 16:53:33'),
('9e60d6fd-e68c-442e-947b-74a26479cf27','9e60d6fd-e598-414a-8152-b6025fd5d83d',4,25,10,1,1,0,0,2,6,0,0,0.00,'2025-03-07 16:46:50','2025-03-07 16:46:50'),
('9df01530-8925-4a02-8e34-75a0d80cce83','9df01530-8870-4df0-bfd5-0d10f649dba0',6,122,80,32,11,2,0,0,2,0,0,0.00,'2025-01-10 15:32:12','2025-01-10 15:32:12'),
('9cfab112-daa3-4435-8d88-7600a784dee1','9cfab112-d9c0-43b8-b3f9-bb5b83c47040',0,21,33,23,8,0,0,0,0,0,0,0.00,'2024-09-10 22:54:25','2024-09-10 22:54:25'),
('9d6d6c70-6fe4-46f8-82bd-77e436922c24','9d6d6c70-6f51-416b-8e94-a30b32f93273',0,16,1,2,1,0,0,0,0,0,0,0.00,'2024-11-06 22:42:43','2024-11-06 22:42:43'),
('9e4a7c3b-fafe-4bf0-823b-7852568bbeab','9e4a7c3b-de5f-4852-8ae0-e0937592367f',0,6,0,1,0,0,0,0,0,0,0,0.00,'2025-02-24 14:04:50','2025-02-24 14:04:50'),
('9dc3993c-d5ea-4d82-be32-79400bdfbede','9dc3993c-d509-4276-9163-9c49dcc927e5',0,0,0,0,0,0,0,0,0,0,0,0.00,'2024-12-19 18:49:10','2024-12-19 18:49:10'),
('9e263838-251c-4b95-bcad-79b7f918ce06','9e263838-2447-42e1-88dd-b3aaf6c29458',0,19,8,1,1,0,0,0,0,0,0,0.00,'2025-02-06 13:24:51','2025-02-06 13:24:51'),
('9dbf9ff6-717f-49e5-b711-7d134ab69d68','9dbf9ff6-7097-4bc0-9331-bd1148abbdbc',0,6,2,0,0,0,0,1,4,0,0,0.00,'2024-12-17 19:24:40','2024-12-17 19:24:40'),
('9d22a19a-6041-46f1-bc19-80e59df1c3b8','9d22a19a-5f40-49bf-a2dc-c1e35fd7712e',1,6,0,15,0,0,0,0,0,0,0,0.00,'2024-09-30 19:24:16','2024-09-30 19:24:16'),
('9cf82e78-3b0f-4abc-9e8b-814099278b96','9cf82e78-3a2c-4fef-97b7-3b3d429fe774',0,0,0,0,0,0,0,0,0,0,0,0.00,'2024-09-09 16:57:34','2024-09-09 16:57:34'),
('9d6d28c4-e91a-4c03-bdff-82530a12281e','9d6d28c4-e88a-414a-9e48-a566f90609a7',0,18,16,3,0,0,0,0,0,0,0,0.00,'2024-11-06 19:33:29','2024-11-06 19:33:29'),
('9e668598-cb0f-4b53-b0d5-83ae913e4bf2','9e668598-ca4b-4a90-bffe-00097d54bb4a',0,60,41,4,1,0,0,0,0,0,0,0.00,'2025-03-10 13:34:12','2025-03-10 13:34:12'),
('9e2deffb-57bd-433d-b5c5-8558323809ad','9e2deffb-56a9-4885-ad09-503b5e8f4b4e',0,21,4,8,0,0,0,0,1,0,0,0.00,'2025-02-10 09:29:29','2025-02-10 09:29:29'),
('9d46dd26-777e-4baa-a849-860266495691','9d46dd26-76d7-4251-9a3c-4846c118ccc8',0,4,1,1,1,1,0,0,0,0,0,0.00,'2024-10-18 19:40:35','2024-10-18 19:40:35'),
('9d370c24-bbf3-4baa-97fb-86c7df08ca62','9d370c24-bb4c-4b38-ad49-a087954a58fe',0,38,33,3,0,0,0,0,2,0,0,0.00,'2024-10-10 22:58:44','2024-10-10 22:58:44'),
('9d8b5fa2-340f-4f4c-99e3-879ea266571f','9d8b5fa2-335e-4c05-ba4c-510b576adea7',0,3,0,2,0,1,0,3,1,0,10,0.00,'2024-11-21 20:01:44','2024-11-21 20:01:44'),
('9e90c248-7188-4fce-a74b-890eefe0fabb','9e90c248-7092-4faf-aee5-c1f077f1e809',2,23,11,1,2,0,0,0,0,0,0,0.00,'2025-03-31 13:28:40','2025-03-31 13:28:40'),
('9d2aaf81-6b27-44a6-b1ac-8b7c6823911b','9d2aaf81-6a41-4b37-95a2-7ff659ad74ad',0,7,0,0,2,0,0,0,0,0,0,0.00,'2024-10-04 19:29:46','2024-10-04 19:29:46'),
('9df5a116-65fb-48d1-8374-8b7fde7c2fa3','9df5a116-64e2-4b69-a967-18325696e3d3',0,53,30,22,8,0,0,2,0,2,1,0.00,'2025-01-13 09:42:31','2025-01-13 09:42:31'),
('9d7f7ca5-678f-434d-9e77-8b89dcab03f2','9d7f7ca5-66d4-49d7-acad-ad24b7f84799',0,9,1,0,1,0,0,0,0,0,0,0.00,'2024-11-15 22:12:56','2024-11-15 22:12:56'),
('9e2e4a6b-5890-4add-8fce-8bd8e5154b87','9e2e4a6b-5778-49dc-a668-931fcaf51e2d',0,81,16,7,1,0,0,0,5,0,0,0.00,'2025-02-10 13:42:22','2025-02-10 13:42:22'),
('9ec919da-6523-4c81-a1f7-8c41263e5ab2','9ec919da-641c-4db0-987b-adc8db2bc647',0,12,4,0,0,0,0,0,6,2,1,0.00,'2025-04-28 13:39:53','2025-04-28 13:39:53'),
('9e247f49-7d88-41ac-b234-8c5dd385e04d','9e247f49-7ce3-4eec-ba64-66c3127efdc4',0,34,8,6,3,2,0,1,0,0,0,0.00,'2025-02-05 16:51:55','2025-02-05 16:51:55'),
('9e281484-30ef-4b00-9660-8cc50648a5ba','9e281484-303d-4bd6-a887-2ad4047b87f4',0,14,0,0,0,0,0,0,1,0,0,0.00,'2025-02-07 11:36:40','2025-02-07 11:36:40'),
('9e767d5f-d403-4dfc-b053-8ef9b5f7a922','9e767d5f-d335-4e51-9aaa-2eb537b5725c',0,19,2,4,5,2,0,0,2,0,0,0.00,'2025-03-18 12:04:27','2025-03-18 12:04:27'),
('9d08436a-fc98-4d0d-ae9d-971d449f708b','9d08436a-fb3c-4b94-a422-8b2e66b5fe61',0,0,0,0,0,0,0,0,0,0,0,0.00,'2024-09-17 16:49:23','2024-09-17 16:49:23'),
('9cfe64a2-3519-418c-b584-98899079d7be','9cfe64a2-3422-4c4f-81d9-241bf79af923',0,16,2,4,1,0,0,3,0,0,0,0.00,'2024-09-12 19:03:59','2024-09-12 19:03:59'),
('9d2a6a91-ded8-4a17-a794-98da1a876ef2','9d2a6a91-dd79-4770-a098-895468b64cb4',0,13,4,4,1,0,0,0,0,0,0,0.00,'2024-10-04 16:17:01','2024-10-04 16:17:01'),
('9cfcb170-894f-4576-b8cc-99985f04474f','9cfcb170-888d-4a9f-87c6-4ffae22fba3e',0,4,1,1,1,0,0,0,0,0,0,0.00,'2024-09-11 22:47:06','2024-09-11 22:47:06'),
('9e588b63-e06e-45b6-8b3b-9ad0104b1ac8','9e588b63-dfb5-4b01-8deb-50d5124d9333',0,35,8,3,7,0,0,0,0,0,0,0.00,'2025-03-03 13:48:48','2025-03-03 13:48:48'),
('9df9f62f-5d97-4384-8023-9b51f85b2af2','9df9f62f-5cdc-4d5f-a1c7-5da73fcb7029',0,1,1,1,0,0,0,0,0,0,0,0.00,'2025-01-15 13:23:47','2025-01-15 13:23:47'),
('9d99959f-ece8-4849-94e8-9e0cb356a94d','9d99959f-eba9-4dc5-b828-df87004193be',0,1,0,2,0,2,0,2,1,1,0,0.00,'2024-11-28 21:34:18','2024-11-28 21:34:18'),
('9d390b83-9b34-432e-ba9c-9f06c0a8019f','9d390b83-9a75-40d0-af57-7a2525df82fa',0,13,3,6,1,2,0,0,0,0,0,0.00,'2024-10-11 22:48:38','2024-10-11 22:48:38'),
('9e92c857-4fa9-4488-a873-a111bc1ca6fd','9e92c857-4e84-4692-a88a-b01cbcd87c7b',0,19,8,8,10,5,0,0,0,0,0,0.00,'2025-04-01 13:37:15','2025-04-01 13:37:15'),
('9d894de0-d36c-4fd6-b905-a292d3db53b7','9d894de0-d2b9-465e-be99-4d54042eaaf1',0,6,4,7,0,0,0,0,0,0,0,0.00,'2024-11-20 19:20:26','2024-11-20 19:20:26'),
('9dfdfb3c-d719-4b9b-a229-a2b8138d5994','9dfdfb3c-d660-4305-9721-4856c9141121',0,0,2,0,0,0,0,0,0,0,0,0.00,'2025-01-17 13:21:13','2025-01-17 13:21:13'),
('9da9bef9-f66b-4e35-ac85-a36163d1e43f','9da9bef9-f5c2-475d-a41c-57d4db095b31',0,20,8,1,0,0,0,0,0,0,0,0.00,'2024-12-06 22:23:10','2024-12-06 22:23:10'),
('9d007263-620e-4978-b4d9-a4b2e0f8f5f4','9d007263-60fd-49e0-b75d-4e4e0e058626',0,13,2,1,2,1,2,2,0,0,0,0.00,'2024-09-13 19:34:06','2024-09-13 19:34:06'),
('9e98d0aa-e585-45bd-a86d-a5822f12fb4c','9e98d0aa-e4a8-445d-bb51-68b1a7cef17c',0,13,17,5,0,0,0,2,1,0,0,0.00,'2025-04-04 13:35:30','2025-04-04 13:35:30'),
('9e7ca06e-6418-49d0-85c9-a5d89d3aff33','9e7ca06e-61bd-4d52-8626-8f713d8ae893',0,3,0,0,0,0,0,0,0,0,0,0.00,'2025-03-21 13:17:27','2025-03-21 13:17:27'),
('9d1cbfac-5706-4eb1-be48-a7054135f165','9d1cbfac-564b-4266-b40e-a23605ef6d6b',0,0,0,0,0,0,0,0,0,0,0,0.00,'2024-09-27 21:13:23','2024-09-27 21:13:23'),
('9cf81ee1-00ea-4823-9db3-a93c96a106be','9cf81ee1-0028-4a6e-8929-82be0a1040ca',0,0,0,0,0,0,0,0,0,0,0,0.00,'2024-09-09 16:13:58','2024-09-09 16:13:58'),
('9e529fc4-d9ee-492c-8ccb-a970e1f62b62','9e529fc4-d8d2-4062-837b-46cbeb319968',0,46,12,6,2,0,0,8,0,0,0,0.00,'2025-02-28 15:10:49','2025-02-28 15:10:49'),
('9e2e8f1d-1401-4041-b779-ab493da1a0ff','9e2e8f1d-136a-401a-b786-48728858c177',3,64,64,17,9,1,0,0,0,0,0,0.00,'2025-02-10 16:54:27','2025-02-10 16:54:27'),
('9e88b6a0-a677-4ca0-9000-ab68ca1ba3bc','9e88b6a0-a528-4b63-b24a-7c84cbd8a29f',0,8,5,3,1,0,0,0,0,0,0,0.00,'2025-03-27 13:29:27','2025-03-27 13:29:27'),
('9e364f15-dbb0-4f40-b7d1-adbb74133c2b','9e364f15-dad0-49c6-a4be-e4f95444fdda',0,8,0,1,0,0,0,0,0,0,0,0.00,'2025-02-14 13:22:02','2025-02-14 13:22:02'),
('9e5e8fe0-30c1-4b08-81fe-aee5569d5288','9e5e8fe0-3005-454b-b140-dbca239f6aab',0,31,17,1,0,0,0,0,0,0,0,0.00,'2025-03-06 13:36:19','2025-03-06 13:36:19'),
('9d0ac841-416a-4b2f-a3f2-b1572323b315','9d0ac841-4099-4d1d-9074-6e1ca7ff5270',0,11,3,2,0,0,0,0,0,0,0,0.00,'2024-09-18 22:52:29','2024-09-18 22:52:29'),
('9d36de8f-b616-4765-94c7-b2c00642f682','9d36de8f-b568-4c83-b29d-672622393749',1,66,28,13,5,0,0,0,0,0,0,0.00,'2024-10-10 20:51:17','2024-10-10 20:51:17'),
('9e6a7460-15d9-4350-b156-b3e18e8f3241','9e6a7460-13c1-461d-9a61-4afdbdb24370',0,22,0,0,0,0,0,0,0,0,0,0.00,'2025-03-12 12:29:21','2025-03-12 12:29:21'),
('9defc896-e6da-4e2a-b707-b83ac1b152d1','9defc896-e63f-4891-a075-8fab6de32011',0,0,0,0,0,0,0,0,0,0,0,0.00,'2025-01-10 11:58:00','2025-01-10 11:58:00'),
('9e94c62e-9abd-4961-9220-b87ddcb55885','9e94c62e-99b5-4a13-8697-6641d805ebc6',0,16,12,8,2,0,0,0,0,0,0,0.00,'2025-04-02 13:22:52','2025-04-02 13:22:52'),
('9da17aaf-df8e-45d7-997e-bd759fcc0f12','9da17aaf-de91-4b44-8df7-c04161aec658',0,8,9,0,1,1,0,1,0,0,0,0.00,'2024-12-02 19:45:36','2024-12-02 19:45:36'),
('9e1461b7-b292-46ce-8336-be7e3b5479e9','9e1461b7-b13b-4c56-b714-f6d0081747d0',0,5,0,2,2,5,0,0,0,0,0,0.00,'2025-01-28 16:35:59','2025-01-28 16:35:59'),
('9e507960-2fde-42b2-ba37-bfe17003be35','9e507960-2f40-4ae7-b304-950b13dbeee3',0,12,1,1,0,0,0,0,0,0,0,0.00,'2025-02-27 13:31:49','2025-02-27 13:31:49'),
('9daf8d3c-b75d-4233-82dd-c0424c93433b','9daf8d3c-b53c-4b5a-8e8f-b8f82d967c2d',0,50,38,5,0,1,0,1,0,0,0,0.00,'2024-12-09 19:39:04','2024-12-09 19:39:04'),
('9df7f4bf-3d5c-4698-9bac-c4fbc7de512c','9df7f4bf-3c6f-4d13-a666-98ebd3ca1719',0,6,0,0,0,1,0,0,0,0,0,0.00,'2025-01-14 13:28:06','2025-01-14 13:28:06'),
('9e5acee9-8746-41ac-8967-c501462b6a90','9e5acee9-863d-4e92-bac7-3ffabdccb561',0,10,1,1,1,2,0,1,0,0,0,0.00,'2025-03-04 16:49:16','2025-03-04 16:49:16'),
('9d149547-0354-4a86-a152-c60f9922310a','9d149547-025e-4aee-a867-e09726a3edfa',6,10,0,3,0,12,7,4,0,0,0,0.00,'2024-09-23 19:48:13','2024-09-23 19:48:13'),
('9e66cca3-e4c0-49e2-b197-c8018999151e','9e66cca3-e38d-49fa-95ee-c5bc77a45c87',0,33,20,36,1,0,0,0,0,0,0,0.00,'2025-03-10 16:52:51','2025-03-10 16:52:51'),
('9ea724de-1dd1-4220-a270-c94d506a4bb9','9ea724de-1cde-4152-8598-bee9c788ef8f',0,5,1,1,1,0,0,0,0,0,0,0.00,'2025-04-11 16:32:32','2025-04-11 16:32:32'),
('9d265883-4687-482f-8a4b-c9acf4f22cf6','9d265883-4591-4a9b-b794-a6600125cbac',0,19,2,5,2,1,0,0,2,0,0,0.00,'2024-10-02 15:43:13','2024-10-02 15:43:13'),
('9da77b27-00c3-464f-b7ea-cb6bdc767bc5','9da77b26-ffef-42a6-8950-8766e5c6237a',0,36,1,0,0,0,0,0,1,0,0,0.00,'2024-12-05 19:21:52','2024-12-05 19:21:52'),
('9dafd360-502c-4f31-bd92-cc90e3fd0be2','9dafd360-4f6a-45fe-994b-3e6dad2b0e99',0,19,16,0,1,1,0,1,0,0,0,0.00,'2024-12-09 22:55:11','2024-12-09 22:55:11'),
('9d715096-68b4-4084-af98-cc9b0bd054c9','9d715096-6815-44ad-a744-39699b7f9e5c',0,0,0,0,0,0,0,0,0,0,0,0.00,'2024-11-08 21:08:08','2024-11-08 21:08:08'),
('9e3e523a-871f-4964-b443-cd5741236a52','9e3e523a-862c-4884-af8c-985197cdd6e4',0,1,5,24,2,1,0,0,1,0,0,0.00,'2025-02-18 12:57:27','2025-02-18 12:57:27'),
('9d409319-2200-4572-87dd-ce046473e54b','9d409319-210a-41d9-ad4f-0bf63da7a915',0,6,4,1,0,0,0,0,0,0,0,0.00,'2024-10-15 16:38:33','2024-10-15 16:38:33'),
('9cfa5f7f-89dc-4b29-913c-ce6422f1d546','9cfa5f7f-88ce-42e3-b838-696f0e5e4e9d',1,59,45,10,6,0,0,0,0,0,0,0.00,'2024-09-10 19:06:19','2024-09-10 19:06:19'),
('9d5d3b50-4599-47a7-b668-cebe1d32d49d','9d5d3b50-4480-4b53-8495-4e961f2cc78e',0,16,6,0,1,0,0,0,0,0,0,0.00,'2024-10-29 22:32:06','2024-10-29 22:32:06'),
('9df857d3-ed62-47d5-acf0-cec8ddbade63','9df857d3-ebb8-43b7-8521-e69645909768',0,0,0,0,0,0,0,0,0,0,0,0.00,'2025-01-14 18:05:09','2025-01-14 18:05:09'),
('9e2883de-823a-4f59-a5c0-cf045754c85e','9e2883de-815f-4ccd-a867-1ec38c216d24',0,10,0,0,0,0,0,0,0,0,0,0.00,'2025-02-07 16:48:02','2025-02-07 16:48:02'),
('9d4ce251-5385-4ec6-b6ff-d1e567d39aba','9d4ce251-51e0-42c3-a0ef-16ff9dc36539',0,2,4,3,4,0,0,1,1,0,0,0.00,'2024-10-21 19:30:00','2024-10-21 19:30:00'),
('9e909a97-57e2-424b-aa25-d64758d3d824','9e909a97-56fb-48ee-86c7-dac22e4ea0f8',1,21,13,10,3,0,0,0,0,0,0,0.00,'2025-03-31 11:37:40','2025-03-31 11:37:40'),
('9da12f5d-e301-4b3f-a9cd-d76ce6026d55','9da12f5d-e1f2-4339-9a02-de83f08d1b2d',0,30,12,3,1,0,0,0,2,0,0,0.00,'2024-12-02 16:14:59','2024-12-02 16:14:59'),
('9e606df4-39be-4c8a-805e-db23c12be76c','9e606df4-3898-4631-ba1e-33183fc84a12',0,39,13,4,2,1,0,3,3,3,4,0.00,'2025-03-07 11:53:07','2025-03-07 11:53:07'),
('9db1936e-9e7e-4ff3-8ba2-e044a049977c','9db1936e-9dc8-47b7-965a-d8ae2dbea6f6',2,64,31,16,6,0,0,0,0,2,0,0.00,'2024-12-10 19:48:02','2024-12-10 19:48:02'),
('9e126936-3933-47f4-93ac-e8137607ecf2','9e126936-3877-45d0-9d32-5acfafd9b383',1,14,1,3,3,0,0,0,0,0,0,0.00,'2025-01-27 17:05:17','2025-01-27 17:05:17'),
('9dfba339-e789-48fc-bc7e-e928da0992f2','9dfba339-e6d5-4a79-88c9-6af846b7bf19',0,14,1,1,0,0,0,0,0,0,0,0.00,'2025-01-16 09:23:28','2025-01-16 09:23:28'),
('9d44b6fb-268a-4528-b352-eb6399bcbdbf','9d44b6fb-2565-48a0-b4f8-c8096226ce5b',0,2,0,0,0,2,0,0,0,0,0,0.00,'2024-10-17 18:02:12','2024-10-17 18:02:12'),
('9d0e846f-b76b-4808-941a-ec690af77d2a','9d0e846f-b602-41d0-9d2b-c9353f4fa812',1,4,1,1,3,0,0,0,1,0,0,0.00,'2024-09-20 19:26:10','2024-09-20 19:26:10'),
('9e6658ee-7658-45c4-a34d-ec719d8fef3b','9e6658ee-7487-4db6-b759-1642cc2d8db6',0,0,0,0,0,0,0,0,0,0,0,0.00,'2025-03-10 11:29:18','2025-03-10 11:29:18'),
('9e328ee7-5d26-41b8-b469-ec7f4597504b','9e328ee7-5ba0-4dfd-90c8-fbf1acd65124',0,14,0,0,1,0,0,0,0,0,0,0.00,'2025-02-12 16:37:10','2025-02-12 16:37:10'),
('9d6f75be-fb7f-4f51-a088-ed07a2632257','9d6f75be-fae0-45ec-a984-e066649eac3e',1,25,8,1,1,0,0,0,6,0,0,0.00,'2024-11-07 23:00:23','2024-11-07 23:00:23'),
('9d70f4ed-cd67-4efe-a087-eef79f5da399','9d70f4ed-cc3b-40ab-b1af-e3c6ddbe7af3',0,36,13,0,1,0,0,0,0,0,0,0.00,'2024-11-08 16:51:51','2024-11-08 16:51:51'),
('9d6ce4d1-ffab-4390-81d3-f2b1a6e50730','9d6ce4d1-fed6-4bf3-8336-2602d984cb3d',0,10,15,1,4,0,0,0,0,0,0,0.00,'2024-11-06 16:23:29','2024-11-06 16:23:29'),
('9e4cbbac-66d8-4263-b0a2-f2d2a7338e4c','9e4cbbac-65d4-4904-954a-f6515aa6336d',0,7,0,0,0,0,0,0,0,0,0,0.00,'2025-02-25 16:53:53','2025-02-25 16:53:53'),
('9e3049ae-d58c-47cf-8381-f374da22d809','9e3049ae-d469-4d8d-b2c9-c3ea3a6b0462',0,31,12,5,5,1,0,0,0,0,0,0.00,'2025-02-11 13:31:58','2025-02-11 13:31:58'),
('9d34bda3-83eb-4467-a527-f700479db3ea','9d34bda3-8326-420f-b726-c6bb47c7aaa0',0,18,6,43,3,0,0,1,0,0,0,0.00,'2024-10-09 19:27:34','2024-10-09 19:27:34'),
('9e5055ef-d0e2-4283-9715-f8844f7847eb','9e5055ef-d026-4530-bbfc-fd684ef94c41',0,39,5,0,0,1,0,1,0,0,0,0.00,'2025-02-27 11:52:43','2025-02-27 11:52:43'),
('9d2af475-8c49-47e0-b395-fa55a6f56645','9d2af475-8b97-4141-b937-0c31b734dc24',0,19,15,3,2,0,0,0,0,0,0,0.00,'2024-10-04 22:42:35','2024-10-04 22:42:35'),
('9d26f2a8-1b1f-427d-8411-fa8a7a6e52ae','9d26f2a8-18c9-4423-b953-04c29450ca08',0,19,2,1,1,0,0,0,0,0,0,0.00,'2024-10-02 22:54:14','2024-10-02 22:54:14'),
('9e688c26-0d7a-423c-a594-fb1102b9e317','9e688c26-0b6b-441b-a862-e6a252272bfb',0,13,15,1,2,9,0,2,0,0,0,0.00,'2025-03-11 13:44:10','2025-03-11 13:44:10'),
('9dfe446e-7174-4296-a83e-fcc19c49c178','9dfe446e-6f01-483f-abad-10a787ba6680',0,12,2,0,0,0,0,0,0,0,0,0.00,'2025-01-17 16:45:53','2025-01-17 16:45:53'),
('9d309b7e-e31f-4fa7-be8a-fe7dbf778352','9d309b7e-e268-41e0-be4f-037732945da6',0,23,0,2,1,0,0,0,0,0,0,0.00,'2024-10-07 18:08:47','2024-10-07 18:08:47'),
('9e84b0cc-cea2-4601-850c-feb126bedca3','9e84b0cc-cddd-4ec9-9b03-6b04081360ce',0,4,0,0,2,0,0,0,0,0,0,0.00,'2025-03-25 13:29:50','2025-03-25 13:29:50'),
('9df5f17f-b6dd-49a2-b704-ff6b7bb8e1af','9df5f17f-b63a-4154-b623-7c46b055d315',0,30,9,2,1,3,0,0,1,0,0,0.00,'2025-01-13 13:27:22','2025-01-13 13:27:22');

--
-- Table structure for table `denominaciones_usd`
--

CREATE TABLE `denominaciones_usd` (
  `id` uuid NOT NULL,
  `corte_de_caja_id` uuid NOT NULL,
  `billete_100` int(11) NOT NULL DEFAULT 0,
  `billete_50` int(11) NOT NULL DEFAULT 0,
  `billete_20` int(11) NOT NULL DEFAULT 0,
  `billete_10` int(11) NOT NULL DEFAULT 0,
  `billete_5` int(11) NOT NULL DEFAULT 0,
  `billete_1` int(11) NOT NULL DEFAULT 0,
  `created_at` timestamp NULL DEFAULT NULL,
  `updated_at` timestamp NULL DEFAULT NULL,
  PRIMARY KEY (`id`),
  KEY `denominaciones_usd_corte_de_caja_id_foreign` (`corte_de_caja_id`),
  CONSTRAINT `denominaciones_usd_corte_de_caja_id_foreign` FOREIGN KEY (`corte_de_caja_id`) REFERENCES `cortes_de_caja` (`id`) ON DELETE CASCADE
) ENGINE=InnoDB DEFAULT CHARSET=utf8mb4 COLLATE=utf8mb4_unicode_ci;

--
-- Dumping data for table `denominaciones_usd`
--

INSERT INTO `denominaciones_usd` VALUES
('01992ac5-c171-705b-b236-2b25976e510a','01992ac5-c16a-70ca-9e4c-f0419338b6e6',2,0,21,0,0,0,'2025-09-08 19:20:27','2025-09-08 19:20:27'),
('01992b59-3f7d-718a-9834-30cb4f4e25b5','01992b59-3f74-72b8-afca-6388676da213',0,0,0,0,0,0,'2025-09-08 22:01:33','2025-09-08 22:01:33'),
('01992fc1-3c04-73fb-a6e1-9b156d1425d8','01992fc1-3bfc-72c3-9a52-7b47965035a4',0,0,0,0,0,0,'2025-09-09 18:33:37','2025-09-09 18:33:37'),
('019934e9-b58d-70b0-ba1a-034228c65c32','019934e9-b585-71e1-a590-0aef6c487a12',0,0,0,0,1,0,'2025-09-10 18:35:55','2025-09-10 18:35:55'),
('0199359c-e489-7180-a5d6-8f460748b0de','0199359c-e486-7199-859f-d3f0bd342edf',0,0,0,0,0,0,'2025-09-10 21:51:38','2025-09-10 21:51:38'),
('01993ed9-9d37-716e-b4ee-a35c2468bfd5','01993ed9-9d32-7349-9a01-e33ad9d9d487',0,0,0,1,0,0,'2025-09-12 16:54:33','2025-09-12 16:54:33');

--
-- Table structure for table `edificios`
--

CREATE TABLE `edificios` (
  `id` uuid NOT NULL,
  `nombre` varchar(255) NOT NULL,
  `notas_adicionales` varchar(255) DEFAULT NULL,
  `created_at` timestamp NULL DEFAULT NULL,
  `updated_at` timestamp NULL DEFAULT NULL,
  PRIMARY KEY (`id`),
  KEY `edificios_nombre_index` (`nombre`)
) ENGINE=InnoDB DEFAULT CHARSET=utf8mb4 COLLATE=utf8mb4_unicode_ci;

--
-- Dumping data for table `edificios`
--

INSERT INTO `edificios` VALUES
('0199200d-f826-7347-be04-2df1f74661f5','Lateral',NULL,'2025-09-06 17:23:30','2025-09-06 17:23:30'),
('0199200e-1dc9-7325-8e5a-13e92c2a9cb0','Trasero',NULL,'2025-09-06 17:23:40','2025-09-06 17:23:40');

--
-- Table structure for table `escuelas`
--

CREATE TABLE `escuelas` (
  `id` uuid NOT NULL,
  `imagen` varchar(255) DEFAULT NULL,
  `nombre` varchar(35) DEFAULT NULL,
  `clave_centro_trabajo` varchar(10) DEFAULT NULL,
  `calle` varchar(50) DEFAULT NULL,
  `numero` varchar(5) DEFAULT NULL,
  `colonia` varchar(50) DEFAULT NULL,
  `codigo_postal` varchar(5) DEFAULT NULL,
  `ciudad` varchar(20) DEFAULT NULL,
  `estado` varchar(20) DEFAULT NULL,
  `pais` varchar(20) DEFAULT 'México',
  `telefono` varchar(10) DEFAULT NULL,
  `whatsapp` varchar(10) DEFAULT NULL,
  `correo1` varchar(255) DEFAULT NULL,
  `correo2` varchar(255) DEFAULT NULL,
  `facebook` varchar(255) DEFAULT NULL,
  `instagram` varchar(255) DEFAULT NULL,
  `tiktok` varchar(255) DEFAULT NULL,
  `sufijo_ticket_ventas` varchar(5) NOT NULL,
  `sufijo_corte_caja` varchar(5) NOT NULL,
  `notas_adicionales` text DEFAULT NULL,
  `created_at` timestamp NULL DEFAULT NULL,
  `updated_at` timestamp NULL DEFAULT NULL,
  PRIMARY KEY (`id`)
) ENGINE=InnoDB DEFAULT CHARSET=utf8mb4 COLLATE=utf8mb4_unicode_ci;

--
-- Dumping data for table `escuelas`
--

INSERT INTO `escuelas` VALUES
('03056889-773a-4118-97a4-d4e58cbfadb0','oGCwi0H9eDoslTXmBqrtBv0f2ROY7WPO9kp8dNQ6.jpg','Kids World','28PJN0302M','Benito Juárez ','305','Colonia Cuauhtémoc ','88950','Río Bravo ','Tamaulipas ','México','8999341396','','kidsworldrio@hotmail.com','','/kinderkidsworld','kidsworldrb','@kidsworldrb','KW','KW','','2024-08-08 06:17:05','2025-05-15 01:35:02');

--
-- Table structure for table `failed_jobs`
--

CREATE TABLE `failed_jobs` (
  `id` bigint(20) unsigned NOT NULL AUTO_INCREMENT,
  `uuid` varchar(255) NOT NULL,
  `connection` text NOT NULL,
  `queue` text NOT NULL,
  `payload` longtext NOT NULL,
  `exception` longtext NOT NULL,
  `failed_at` timestamp NOT NULL DEFAULT current_timestamp(),
  PRIMARY KEY (`id`),
  UNIQUE KEY `failed_jobs_uuid_unique` (`uuid`)
) ENGINE=InnoDB DEFAULT CHARSET=utf8mb4 COLLATE=utf8mb4_unicode_ci;

--
-- Dumping data for table `failed_jobs`
--


--
-- Table structure for table `gastos`
--

CREATE TABLE `gastos` (
  `id` uuid NOT NULL,
  `codigo` varchar(15) NOT NULL,
  `nombre` varchar(50) NOT NULL,
  `monto` decimal(10,2) NOT NULL,
  `notas_adicionales` text DEFAULT NULL,
  `created_at` timestamp NULL DEFAULT NULL,
  `updated_at` timestamp NULL DEFAULT NULL
) ENGINE=InnoDB DEFAULT CHARSET=utf8mb4 COLLATE=utf8mb4_unicode_ci;

--
-- Dumping data for table `gastos`
--

INSERT INTO `gastos` VALUES
('9cf836f4-cb15-42f4-8a1d-d34f9bdc642c','COM-001','SUPER',1200.00,NULL,'2024-09-10 03:21:18','2024-09-10 03:21:18'),
('9cfc372e-8a0a-4c24-ae7a-3b866a0ad79a','COM-002','PLOMERO',100.00,NULL,'2024-09-12 03:05:14','2024-09-12 03:05:14'),
('9d08555e-c1b1-4532-aac9-ed448a745977','COM-003','8 BOTELLONES DE AGUA',200.00,NULL,'2024-09-18 03:39:35','2024-09-18 03:39:35'),
('9d0e6cb2-dcd2-430e-9849-f8882b6c856c','COM-004','SUELDO SRA DELIA',2300.00,NULL,'2024-09-21 04:19:47','2024-09-21 04:19:47'),
('9d0e6d24-4b9f-4801-8313-ca2dc8b623bc','COM-005','SUELDO LUIS',1500.00,NULL,'2024-09-21 04:21:01','2024-09-21 04:21:01'),
('9d0e6da2-4530-4ced-b001-9cd90dc7a72b','COM-006','SUPER 20 SEP 2024',1500.00,NULL,'2024-09-21 04:22:24','2024-09-21 04:22:24'),
('9d1a8854-3551-4fc2-aa87-8020784ae270','COM-007','BÓTELLA GRANDE DE CLORO',48.00,NULL,'2024-09-27 04:46:59','2024-09-27 04:46:59'),
('9d1c491b-b3ae-4a62-9be9-a37c7e45f572','COM-008','8 BOTELLONES DE AGUA 270924',200.00,NULL,'2024-09-28 01:41:51','2024-09-28 01:41:51'),
('9d1c7087-e0a5-47ed-bf8f-4dd608843674','COM-009','SUELDO SRA DELIA 270924',1300.00,NULL,'2024-09-28 03:32:05','2024-09-28 03:32:05'),
('9d2aa58d-62d2-4412-96a6-b2ee0c176f86','COM-010','RESTO DE SUPER 04102024',200.00,NULL,'2024-10-05 05:01:56','2024-10-05 05:01:56'),
('9d34a6f9-b86b-44d7-b9ab-5fbd72e45cdc','COM-011','GAS RIVER 09102024',500.00,NULL,'2024-10-10 04:24:12','2024-10-10 04:24:12'),
('9d366241-689f-42da-af0d-1842e39c8554','COM-012','9 BOTELLONES DE AGUA',220.00,NULL,'2024-10-11 01:03:42','2024-10-11 01:03:42'),
('9d38aa9e-7f8e-429b-ac49-abfa88ee1f81','COM-013','KILO DE TORTILLAS',20.00,NULL,'2024-10-12 04:17:42','2024-10-12 04:17:42'),
('9d38b3a2-2031-48b7-8424-7656b9bfc0bf','COM-014','SUELDO LUIS 11102024',1730.00,NULL,'2024-10-12 04:42:54','2024-10-12 04:42:54'),
('9d44b4f2-863a-4b3f-9689-1beab40047a8','COM-015','SUELDO LUIS 17102024',2000.00,NULL,'2024-10-18 03:56:31','2024-10-18 03:56:31'),
('9d44b525-e254-4a02-8dfb-d59f64dbca45','COM-016','SUELDO SRA DELIA 17102024',2030.00,NULL,'2024-10-18 03:57:04','2024-10-18 03:57:04'),
('9d44b576-94cd-43b1-8409-8fdf99bc8084','COM-017','SUPER 17OCT2024',1200.00,NULL,'2024-10-18 03:57:57','2024-10-18 03:57:57'),
('9d5299d8-1848-414c-9144-623136f79819','COM-018','10 GARRAFONES DE AGUA',240.00,NULL,'2024-10-25 01:42:19','2024-10-25 01:42:19'),
('9d52e6ef-140c-40e8-9373-0cc83963cb3b','COM-019','2 BOLSAS DE NUGGET',450.00,NULL,'2024-10-25 05:17:53','2024-10-25 05:17:53'),
('9d5cb58e-b2e3-4822-be03-6406e84624a8','COM-020','TUBO DE PVC',50.00,NULL,'2024-10-30 02:18:05','2024-10-30 02:18:05'),
('9d5cb6aa-9f5f-4e52-8e25-abc1ed74f4d5','COM-021','MISS DE DEBANHI',850.00,'SE LE DEBÍAN A MISS DEBAHNI POR COMPRA DEL SUPER','2024-10-30 02:21:11','2024-10-30 02:21:11'),
('9d60b81c-ea4a-45d5-8fea-24c2ec785f4e','COM-022','RAID CASA Y JARDIN',75.00,NULL,'2024-11-01 02:08:33','2024-11-01 02:08:33'),
('9d60fcf0-3ed5-4d27-99fe-99dfa27613a1','COM-023','MISS DE DEBANHI',50.00,'SE LE DEBÍAN A MISS DEBANHI DE FERIA','2024-11-01 05:21:00','2024-11-01 05:21:00'),
('9d60ffcd-231e-4ab2-8f29-27ec87af0e6c','COM-024','SUELDO SRA DELIA',2300.00,NULL,'2024-11-01 05:29:00','2024-11-01 05:29:00'),
('9d60fff0-00e1-4dfd-aaa2-0362313a5403','COM-025','SUELDO LUIS',2000.00,NULL,'2024-11-01 05:29:23','2024-11-01 05:29:23'),
('9d69206d-f07e-4ee8-be6d-508a1219d9ac','COM-026','MISS ALMA',1000.00,'SE LE DEBÍAN 1000 A MISS ALMA DE SU SUELDO','2024-11-05 07:26:52','2024-11-05 07:26:52'),
('9d69208f-0d37-4c61-a3b7-a3dfe723675d','COM-027','SUPER 04112024',1200.00,NULL,'2024-11-05 07:27:13','2024-11-05 07:27:13'),
('9d6d2781-94f9-43bf-92bf-5d2bedff40fb','COM-028','9 BOTELLONES DE AGUA',200.00,NULL,'2024-11-07 07:29:57','2024-11-07 07:29:57'),
('9d70f1de-c193-4d00-82a3-23d99f1bd6a0','COM-029','SUELDO SRA DELIA 08112024',2300.00,NULL,'2024-11-09 04:43:18','2024-11-09 04:43:18'),
('9d70f209-4fc1-44ce-b26a-a7d739644cb3','COM-030','SUELDO LUIS 08112024',2000.00,NULL,'2024-11-09 04:43:45','2024-11-09 04:43:45'),
('9d7133d7-9dba-4324-9bbb-81054e995228','COM-031','SUPER 08112024',1200.00,NULL,'2024-11-09 07:47:46','2024-11-09 07:47:46'),
('9d771c0b-682a-43dc-94ef-0cc515b87414','COM-032','TORTILLAS',20.00,NULL,'2024-11-12 06:16:11','2024-11-12 06:16:11'),
('9d7d3bbd-405c-4f63-ae84-0d0c46760651','COM-033','TORTILLAS',20.00,NULL,'2024-11-15 07:19:47','2024-11-15 07:19:47'),
('9d7d3be6-9771-4373-bbf7-379d2ada0916','COM-034','SUELDO LUIS',860.00,NULL,'2024-11-15 07:20:14','2024-11-15 07:20:14'),
('9d7d3c04-c592-4eb5-88c1-6b5cf234521e','COM-035','SRA DELIA',2300.00,NULL,'2024-11-15 07:20:34','2024-11-15 07:20:34'),
('9d7d3cbc-019b-40ae-a7a9-b9c769795be6','COM-036','SUPER',1000.00,NULL,'2024-11-15 07:22:34','2024-11-15 07:22:34'),
('9d7eddf9-84df-4744-a52a-73254cfeab73','COM-037','BASURA',40.00,NULL,'2024-11-16 02:49:15','2024-11-16 02:49:15'),
('9d7f1e67-fa18-4d36-9358-b9bacd1dca0d','COM-038','1 BOLSA DE NUGGET',200.00,NULL,'2024-11-16 05:49:25','2024-11-16 05:49:25'),
('9d8ae314-ff62-47d2-83eb-54b142faa7c2','COM-039','10 GARRAFONES DE AGUA',240.00,NULL,'2024-11-22 02:13:28','2024-11-22 02:13:28'),
('9d8b2fa4-684e-434d-9037-697c23f4358c','COM-040','TORTILLAS',20.00,NULL,'2024-11-22 05:47:33','2024-11-22 05:47:33'),
('9d8b3013-66b1-4ec5-b995-923ba03baef4','COM-042','2 REFRESCOS CHICOS 20CU',40.00,'REFRESCOS PARA LOS FOTÓGRAFOS','2024-11-22 05:48:45','2024-11-22 05:48:45'),
('9d8b5b9e-2a63-43c9-89f4-6ce57ffef66c','COM-043','SUELDO LUIS',2000.00,NULL,'2024-11-22 07:50:31','2024-11-22 07:50:31'),
('9d8b5bc2-2ac2-48cd-bc93-5ab9c275cda6','COM-044','SRA DELIA',2300.00,NULL,'2024-11-22 07:50:54','2024-11-22 07:50:54'),
('9d938d28-a1c4-4958-b64f-476c10bb1733','COM-045','TORTILLAS',20.00,NULL,'2024-11-26 09:35:40','2024-11-26 09:35:40'),
('9d9952af-ae6e-461a-a315-3ed606081e49','COM-046','FABULOSO',13.00,NULL,'2024-11-29 06:27:08','2024-11-29 06:27:08'),
('9d9992aa-ea11-4e25-9a23-384face04f84','COM-047','SUELDO LUIS 281124',2000.00,NULL,'2024-11-29 09:26:02','2024-11-29 09:26:02'),
('9d9992d5-f593-4393-b45b-6b85c98ccdf8','COM-048','SUELDO SRA DELIA 281124',2300.00,NULL,'2024-11-29 09:26:30','2024-11-29 09:26:30'),
('9d9992ee-f6bf-4ef4-b688-f4e6d5747de0','COM-049','SUPER 281124',1000.00,NULL,'2024-11-29 09:26:46','2024-11-29 09:26:46'),
('9da14fee-e06a-474b-958e-ee6e0075a649','COM-050','TORTILLAS 021224',20.00,NULL,'2024-12-03 05:46:03','2024-12-03 05:46:03'),
('9da55737-1120-460e-a203-6af1cc5ac09c','COM-051','GAS RIVER 041224',500.00,NULL,'2024-12-05 05:49:43','2024-12-05 05:49:43'),
('9da755f5-a0e5-441d-b9a6-045e8114a1dd','COM-052','TORTILLAS 051224',20.00,NULL,'2024-12-06 05:37:52','2024-12-06 05:37:52'),
('9da92a0d-e652-4e77-916c-0b903452bd9a','COM-053','9 BOTELLONES DE AGUA',200.00,NULL,'2024-12-07 03:26:45','2024-12-07 03:26:45'),
('9da93224-a714-4fd6-898a-eade9910f7f0','COM-054','SUELDO LUIS 061224',2000.00,NULL,'2024-12-07 03:49:22','2024-12-07 03:49:22'),
('9da93346-59c1-498a-aca9-3f462ff6ca67','COM-055','SUELDO SRA DELIA 061224',2300.00,NULL,'2024-12-07 03:52:32','2024-12-07 03:52:32'),
('9da9339a-c046-4443-bc0c-7a1270fa47c5','COM-056','SUPER 061224',1200.00,NULL,'2024-12-07 03:53:28','2024-12-07 03:53:28'),
('9db59583-5fd6-488e-a26b-a22dc6d467ba','COM-057','SUELDO LUIS',2000.00,NULL,'2024-12-13 07:37:10','2024-12-13 07:37:10'),
('9db595c8-7bf7-4846-960b-a3f924b155e7','COM-058','SUELDO SRA DELIA',2300.00,NULL,'2024-12-13 07:37:55','2024-12-13 07:37:55'),
('9dc378da-7610-4b4f-9bf6-175b489caa79','COM-059','SUELDOS Y AGUINALDO SRA DELIA Y LUIS',3000.00,NULL,'2024-12-20 05:18:37','2024-12-20 05:18:37'),
('9df00ae2-5583-4cbb-b005-b3eb18fff19f','SUP-1001','SUPER',1500.00,'Gasto elaborado por Carlos Sánchez ','2025-01-11 03:03:23','2025-01-11 03:03:23'),
('9df00bb8-1cdd-4560-8772-81bfd59e1e86','SUEL-1001','Sueldo Señora Delia',2300.00,'Gasto elaborado por Carlos Sánchez','2025-01-11 03:05:43','2025-01-11 03:05:43'),
('9df00c43-a8e5-4484-a55a-24121c6f3b2f','SUEL-1001-B','Sueldo Benito',1800.00,'Gasto elaborado por Carlos Sánchez','2025-01-11 03:07:14','2025-01-11 03:07:14'),
('9df7e438-bf41-4527-bd5a-4761b7bd5bc6','COD-001','AGUA',20.00,NULL,'2025-01-15 00:41:54','2025-01-15 00:41:54'),
('9df9f5a9-cc1e-4f7a-b2b8-a93f9323cf0d','COD-002','CLORO',50.00,NULL,'2025-01-16 01:22:19','2025-01-16 01:22:19'),
('9e0a535a-ad12-4f78-8320-47c0948be8b7','COD-003','SUELDO SRA DELIA',2300.00,NULL,'2025-01-24 04:37:33','2025-01-24 04:37:33'),
('9e0a5377-fa23-470e-be52-379dd801cc51','COD-004','SUELDO BENITO',1800.00,NULL,'2025-01-24 04:37:52','2025-01-24 04:37:52'),
('9e0a53a3-00c9-4383-8007-79e3197279d3','COD-005','SUPER DE LA SEMANA',605.00,NULL,'2025-01-24 04:38:20','2025-01-24 04:38:20'),
('9e0c12e7-f29c-49a4-a448-00ae496516e2','COD-006','RESTO DE SUELDO DE BENITO',200.00,NULL,'2025-01-25 01:28:59','2025-01-25 01:28:59'),
('9e0c139d-e256-4670-b5d5-952c067016f4','COD-007','RESTO DE SUPER DE LA SEMANA ',400.00,NULL,'2025-01-25 01:30:59','2025-01-25 01:30:59'),
('9e0c1472-fe1f-48ea-bea6-11f3e6c3550b','COD-008','TINTA PARA SELLO',100.00,NULL,'2025-01-25 01:33:18','2025-01-25 01:33:18'),
('9e1609b1-3e49-446d-a647-623dac0fa447','COD-008','SRA DELIA',100.00,NULL,'2025-01-30 00:21:30','2025-01-30 00:21:30'),
('9e17dac3-c443-480c-a88e-5ad65e4ed723','COD-0010','QUINCENA MISS AMIRA',500.00,NULL,'2025-01-30 22:01:56','2025-01-30 22:01:56'),
('9e186336-aa41-4681-8175-0bb04dadf12b','COD-011','SUELDO SRA DELIA ',2400.00,'SE LE DEBÍAN 200 DEL SUPER DE ESTA SEMANA Y SE LE PRESTARON 100','2025-01-31 04:23:29','2025-01-31 04:23:29'),
('9e1863cb-e6cc-485f-9554-efea3bc678cc','COD-012','SUELDO BENITO',2000.00,NULL,'2025-01-31 04:25:07','2025-01-31 04:25:07'),
('9e186445-6cdb-4916-802a-ad95f6cc5d74','COD-013','SUPER DE LA SEMANA 03 AL 07 FEBRERO',1200.00,NULL,'2025-01-31 04:26:26','2025-01-31 04:26:26'),
('9e261f56-69fb-4292-9db5-bd7da08fb960','COD-014','FONDO',100.00,NULL,'2025-02-07 00:15:17','2025-02-07 00:15:17'),
('9e2811ee-3f4b-4bd1-8692-b27706b491f4','COD-015','SUELDO BENITO',2000.00,NULL,'2025-02-07 23:29:27','2025-02-07 23:29:27'),
('9e281209-8e3b-4dcb-b2f9-6dbc26cfd64b','COD-016','SUELDO SRA DELIA ',2300.00,NULL,'2025-02-07 23:29:44','2025-02-07 23:29:44'),
('9e281296-16a9-45d8-acd2-36bee58a77ae','COD-016','SUPER DE LA SEMANA 10 AL 14 DE FEBRERO ',1200.00,NULL,'2025-02-07 23:31:17','2025-02-07 23:31:17'),
('9e302f3b-2b57-47e6-b7ea-18d7445ffec3','COD-018','FERRETERÍA ',52.00,NULL,'2025-02-12 00:18:00','2025-02-12 00:18:00'),
('9e302f6d-e055-4ac3-bbe6-510ecb2aeda0','COD-019','TORTILLAS',20.00,NULL,'2025-02-12 00:18:33','2025-02-12 00:18:33'),
('9e328d56-ba37-4bdb-8978-d53ca094dce0','COD-020','PROF CARLOS',700.00,NULL,'2025-02-13 04:32:48','2025-02-13 04:32:48'),
('9e328d79-c839-42c5-9221-2486bc1ee3d1','COD-021','MISS DE DEBANHI',1000.00,NULL,'2025-02-13 04:33:11','2025-02-13 04:33:11'),
('9e362d32-dba8-4343-a1cb-b7a61e8dc93f','COD-22','SUELDO SRA DELIA ',2300.00,'SEMANA DEL 10 AL 14 DE FEBRERO 2025','2025-02-14 23:47:17','2025-02-14 23:47:17'),
('9e362d60-b35c-43e4-84fb-ac8eeef7ef58','COD-023','SUELDO BENITO',2000.00,NULL,'2025-02-14 23:47:47','2025-02-14 23:47:47'),
('9e362e3d-b9df-408d-adf0-753be8c8c695','COD-024','9 BOTELLONES DE AGUA',200.00,NULL,'2025-02-14 23:50:12','2025-02-14 23:50:12'),
('9e364be7-25d9-4da8-bf61-f3199041f8cc','COD-025','SUPER DE LA SEMANA',1200.00,'SEMANA DEL 17 AL 21 DE FEBRERO','2025-02-15 01:13:08','2025-02-15 01:13:08'),
('9e4a7bed-54b2-4e4e-b66b-86ae553a5703','COD-026','SUPER DE LA SEMANA',1000.00,NULL,'2025-02-25 02:03:59','2025-02-25 02:03:59'),
('9e4e4775-141f-4ffe-ae79-802a21ce0033','COD-027','SUELDO SRA DELIA ',2300.00,NULL,'2025-02-26 23:20:34','2025-02-26 23:20:34'),
('9e4e4799-2cb1-4ba7-9cd0-e236d5addbe4','COD-028','SUELDO BENITO',2000.00,NULL,'2025-02-26 23:20:58','2025-02-26 23:20:58'),
('9e4e47c5-30ec-4295-b6c9-bf761f606a7d','COD-029','SUPER DE LA SEMANA',1200.00,NULL,'2025-02-26 23:21:27','2025-02-26 23:21:27'),
('9e58d015-d256-4f79-9a52-fb5b6a674727','COD-030','FERRETERIA',86.00,'SE COMPRO TAPA PARA ENCHUFE Y PEGAMENTO','2025-03-04 05:00:54','2025-03-04 05:00:54'),
('9e5ace40-d676-4cef-a88f-e858127d19ae','COD-031','8 BOTELLONES DE AGUA',200.00,NULL,'2025-03-05 04:47:26','2025-03-05 04:47:26'),
('9e5e8eee-d42f-41b4-ab53-6fe935c10e2a','COD-032','APORTACIÓN A SUPERVISIÓN',1000.00,NULL,'2025-03-07 01:33:41','2025-03-07 01:33:41'),
('9e606b7c-612f-420a-8a61-7103c6c9b53b','COD-033','SUELDO SRA DELIA ',2300.00,NULL,'2025-03-07 23:46:13','2025-03-07 23:46:13'),
('9e606b94-9226-4f88-983a-04e4b4c01f29','COD-034','SUELDO BENITO',2000.00,NULL,'2025-03-07 23:46:29','2025-03-07 23:46:29'),
('9e606c17-c99e-4071-a901-0f65ae5f769f','COD-035','SUPER DE LA SEMANA',1200.00,NULL,'2025-03-07 23:47:55','2025-03-07 23:47:55'),
('9e6847a5-7d42-415b-b4f8-eb717f29dbd8','COD-035','FARMASI',130.00,NULL,'2025-03-11 20:32:38','2025-03-11 20:32:38'),
('9e6a8e65-5dfc-4464-ae3a-c4c95869b8f6','COD-036','SUELDO SRA DELIA ',2300.00,NULL,'2025-03-12 23:42:07','2025-03-12 23:42:07'),
('9e6a8e7c-f852-48cc-9d9f-538876ef872e','COD-037','SUELDO BENITO',2000.00,NULL,'2025-03-12 23:42:22','2025-03-12 23:42:22'),
('9e6a8eae-cbbd-4082-b724-e13b58a4ccb4','COD-038','SUPER DE LA SEMANA',680.00,NULL,'2025-03-12 23:42:55','2025-03-12 23:42:55'),
('9e6c38c2-5901-4cbf-a08f-2f4beadb3ab1','COD-039','7 GARRAFONES DE AGUA',170.00,NULL,'2025-03-13 19:34:19','2025-03-13 19:34:19'),
('9e6e858c-3f76-4da3-bdb3-9fa21f2bb777','COD-040','2 KILOS DE TORTILLAS ',50.00,NULL,'2025-03-14 23:00:41','2025-03-14 23:00:41'),
('9e7633ea-4742-4471-93f8-b21abc7eb99b','COD-041','TORNILLO PARA WC',18.00,NULL,'2025-03-18 18:39:03','2025-03-18 18:39:03'),
('9e766f03-95d2-4997-91a7-b58b5122187a','COD-041','FERRETERÍA ',62.00,NULL,'2025-03-18 21:24:18','2025-03-18 21:24:18'),
('9e7a9895-4470-4504-88bd-fe1d0b39a902','COD-043','SUELDOS Y SUPER',1670.00,NULL,'2025-03-20 23:03:51','2025-03-20 23:03:51'),
('9e82d529-343e-40a1-84a3-ea498d60a012','COD-044','FERRETERÍA ',47.00,'SE COMPRARON TAPITAS PARA EL ENCHUFE DEL BAÑO DE MAESTRAS','2025-03-25 01:19:51','2025-03-25 01:19:51'),
('9e82de0d-6716-42a9-996d-7cc7bc5ad131','COD-045','CLORO',21.00,NULL,'2025-03-25 01:44:43','2025-03-25 01:44:43'),
('9e84829c-a721-4a10-9457-0b20cf8af3ea','COD-046','TORTILLAS ',20.00,NULL,'2025-03-25 21:20:41','2025-03-25 21:20:41'),
('9e8482b4-c250-4bef-8ada-13c29e01b71d','COD-047','BASURA ',40.00,NULL,'2025-03-25 21:20:57','2025-03-25 21:20:57'),
('9e84ac4d-b74b-4d55-a564-bf2bccc958b9','COD-048','SUELDO SRA DELIA ',2300.00,NULL,'2025-03-25 23:17:16','2025-03-25 23:17:16'),
('9e84ac71-cce0-48ea-95ff-5e3d6288da4a','COD-049','SUELDO BENITO',2000.00,NULL,'2025-03-25 23:17:40','2025-03-25 23:17:40'),
('9e84acb4-83b9-4021-858d-f45269647f61','COD-050','SUPER DE LA SEMANA',1200.00,NULL,'2025-03-25 23:18:23','2025-03-25 23:18:23'),
('9e88ad6f-9791-472c-a93d-24eda2330bcf','COD-051','9 BOTELLONES DE AGUA',220.00,NULL,'2025-03-27 23:03:45','2025-03-27 23:03:45'),
('9e92926c-1b28-4ec5-952c-116efa837b43','COD-052','FERIA IAN SEPULVEDA',50.00,'SE LE DEBIAN 50 AL PAPÁ DEL ALUMNO DE NUEVO INGRESO IAN SEPULVEDA','2025-04-01 21:06:29','2025-04-01 21:06:29'),
('9e98cbfc-4576-422f-affb-4357cc15802c','COD-053','SUELDO SRA DELIA ',2300.00,NULL,'2025-04-04 23:22:25','2025-04-04 23:22:25'),
('9e98cc1d-8c0a-4bf3-8e8b-6fb443e031b4','COD-054','SUELDO BENITO',2000.00,NULL,'2025-04-04 23:22:47','2025-04-04 23:22:47'),
('9e98cc46-a052-4d65-b1d6-ebffaa3f166f','COD-055','SUPER DE LA SEMANA',1200.00,NULL,'2025-04-04 23:23:13','2025-04-04 23:23:13'),
('9e98ccb0-43f8-4e03-aea1-0c530a01bfbf','COD-056','SYLVIA LUCIA LLAMAS SARMIENTO',125.00,'','2025-04-04 23:24:23','2025-04-04 23:24:23'),
('9ea0a177-35d8-4dbf-9678-ebc02df85d43','COD-057','8 BOTELLONES DE AGUA',200.00,NULL,'2025-04-08 20:50:09','2025-04-08 20:50:09'),
('9ea4e7f6-aaa3-442f-983e-f532068cd793','COD-058','SUELDO SRA DELIA ',2300.00,NULL,'2025-04-10 23:50:35','2025-04-10 23:50:35'),
('9ea4e81f-27c3-46c3-8745-3ad5e099dd69','COD-059','SUELDO BENITO',2000.00,NULL,'2025-04-10 23:51:01','2025-04-10 23:51:01'),
('0196a64a-cf9b-71cc-9b95-1e7b2191a170','COD-060','9 BOTELLONES DE AGUA',210.00,NULL,'2025-05-06 15:50:42','2025-05-06 15:50:42'),
('0196a64d-0921-7159-af29-2545232686df','COD-061','SUPER DE LA SEMANA',1000.00,NULL,'2025-05-06 15:53:08','2025-05-06 15:53:08'),
('0196aca9-a056-720f-aceb-d9c942814d44','COD-062','ELECTRICISTA',1500.00,NULL,'2025-05-07 21:31:59','2025-05-07 21:31:59'),
('0196b146-1a45-7029-866b-a8e53352224d','COD-063','SUPER DE LA SEMANA',1200.00,NULL,'2025-05-08 19:01:23','2025-05-08 19:01:23'),
('0196b146-6395-71a5-8802-e84b297a4da2','COD-064','SUELDO SRA DELIA ',2300.00,NULL,'2025-05-08 19:01:42','2025-05-08 19:01:42'),
('0196b146-a16c-70e3-998f-9814577794f5','COD-065','SUELDO BENITO',2000.00,NULL,'2025-05-08 19:01:58','2025-05-08 19:01:58'),
('0196c528-4b28-712d-88c3-af65df5a551c','COD-066','PAPELERIA ',341.00,NULL,'2025-05-12 15:41:14','2025-05-12 15:41:14'),
('0196cae8-e327-73df-a408-5eca124a3e92','COD-067','SUELDO SRA DELIA ',2300.00,NULL,'2025-05-13 18:29:42','2025-05-13 18:29:42'),
('0196cae9-2e75-7304-9ff7-b79ab0f9ecbb','COD-068','SUELDO BENITO',2000.00,NULL,'2025-05-13 18:30:01','2025-05-13 18:30:01'),
('0196caee-8381-720b-8a65-c0113de3e51d','COD-069','SUPER DE LA SEMANA',1200.00,NULL,'2025-05-13 18:35:51','2025-05-13 18:35:51'),
('0196d06d-5379-700b-b102-3d6ef71bbf78','COD-070','GLOBOS',180.00,NULL,'2025-05-15 01:12:27','2025-05-15 01:12:27'),
('0196d4e7-e302-73ff-8faa-0093e99fd575','COD-071','10 GARRAFONES DE AGUA',240.00,NULL,'2025-05-15 22:04:48','2025-05-15 22:04:48'),
('0196f384-2564-7007-8093-188ceac51f1e','COD-072','TORTILLAS',50.00,NULL,'2025-05-21 20:44:05','2025-05-21 20:44:05'),
('0196f384-bf9c-71b0-a3d5-8dca64237fca','COD-073','PAPELERIA',200.00,NULL,'2025-05-21 20:44:45','2025-05-21 20:44:45'),
('0196f4dc-3074-708c-bdd4-5364a8c285ab','COD-074','SUELDO SRA DELIA ',2300.00,NULL,'2025-05-22 02:59:53','2025-05-22 02:59:53'),
('0196f4dc-65cb-72f3-a825-9b09767f575b','COD-075','SUELDO BENITO',2000.00,NULL,'2025-05-22 03:00:06','2025-05-22 03:00:06'),
('0196f4dc-e92c-70a2-a66e-116029d50836','COD-076','SUPER DE LA SEMANA',1200.00,NULL,'2025-05-22 03:00:40','2025-05-22 03:00:40'),
('01970dec-0fb7-7280-a66e-df203c447b7b','COD-077','7 GARRAFONES DE AGUA',170.00,NULL,'2025-05-26 23:47:43','2025-05-26 23:47:43'),
('0197187c-e7ef-71a2-802b-6a2b2a16e95e','COD-078','SUELDO SRA DELIA ',2300.00,NULL,'2025-05-29 01:02:08','2025-05-29 01:02:08'),
('0197187d-3b03-73a3-8b91-4265e0643c49','COD-079','SUELDO BENITO',2000.00,NULL,'2025-05-29 01:02:29','2025-05-29 01:02:29'),
('0197187d-c292-70e4-93e0-c9eab3d294c9','COD-080','SERVIDOR KINDER',1190.00,NULL,'2025-05-29 01:03:04','2025-05-29 01:03:04'),
('01971880-072b-7322-acc2-d13e79db03a5','COD-081','SUPER DE LA SEMANA',1200.00,NULL,'2025-05-29 01:05:33','2025-05-29 01:05:33'),
('01971cb2-b46d-7305-8829-e977fbf70d9e','COD-082','NOMINA PROFE EVER',1000.00,NULL,'2025-05-29 20:39:23','2025-05-29 20:39:23'),
('01971cb3-38b5-721b-a379-b06d4a9a025f','COD-083','NOMINA MISS DANIELA SANCHEZ',200.00,NULL,'2025-05-29 20:39:56','2025-05-29 20:39:56'),
('01971d55-b65b-70be-9f7d-d98f4df6e9f0','COD-084','PRESTAMO SRA DELIA',1000.00,NULL,'2025-05-29 23:37:25','2025-05-29 23:37:25'),
('01973bcf-0953-7114-b6ab-d32a17f67618','COD-085','SILLAS',1200.00,NULL,'2025-06-04 21:38:33','2025-06-04 21:38:33'),
('01973bd8-15c0-73b6-a529-6765c2f0978d','COD-086','8 BOTELLONES DE AGUA',200.00,NULL,'2025-06-04 21:48:26','2025-06-04 21:48:26'),
('01974130-74f4-7023-b080-6023496a49a2','COD-087','SUPERVISIÓN ',1000.00,NULL,'2025-06-05 22:43:04','2025-06-05 22:43:04'),
('019745e0-7273-708a-9bc2-d92cd2650875','COD-088','GASTO MEDICO MISS KAREN',1000.00,'','2025-06-06 20:33:46','2025-06-06 20:33:46'),
('01974678-9541-7164-bdd6-417c1d7ecc55','COD-089','SUELDO SRA DELIA ',2300.00,NULL,'2025-06-06 23:19:57','2025-06-06 23:19:57'),
('01974679-587b-7016-ad19-4817026f4c68','COD-090','SUELDO BENITO',2000.00,NULL,'2025-06-06 23:20:47','2025-06-06 23:20:47'),
('01974679-87cb-731e-a233-cb2cda7184aa','COD-091','SUPER DE LA SEMANA',1200.00,NULL,'2025-06-06 23:20:59','2025-06-06 23:20:59'),
('01975b16-3605-7223-a1a0-004474db8a6d','COD-092','SRA DELIA',150.00,'SE LE DEBÍA FERIA A LA SEÑORA DELIA DEL SUPER Y TORTILLAS','2025-06-10 23:24:31','2025-06-10 23:24:31'),
('01975b17-1519-71e0-a5cd-14e8e567122c','COD-093','MISS DE DEBANHI',160.00,NULL,'2025-06-10 23:25:28','2025-06-10 23:25:28'),
('01975fd3-b281-706f-a74e-d1604e6f7076','COD-094','8 BOTELLONES DE AGUA',200.00,NULL,'2025-06-11 21:29:58','2025-06-11 21:29:58'),
('0197655c-6ba8-70a2-b9fc-c2a0d7b18bd7','COD-095','SUELDO SRA DELIA ',2300.00,NULL,'2025-06-12 23:17:25','2025-06-12 23:17:25'),
('0197655c-b356-7182-8162-04ec1b5e0168','COD-096','SUELDO BENITO',2000.00,NULL,'2025-06-12 23:17:43','2025-06-12 23:17:43'),
('0197655c-f14b-71ea-9fc1-7b67b2b8b615','COD-097','SUPER DE LA SEMANA',1200.00,NULL,'2025-06-12 23:17:59','2025-06-12 23:17:59'),
('01976a16-f4e5-7016-9ea8-7a5ef675b7aa','COD-098','FERRETERÍA ',270.00,NULL,'2025-06-13 21:19:38','2025-06-13 21:19:38'),
('0197793e-5074-71f0-a087-ff6e7012860b','COD-099','CFE',500.00,NULL,'2025-06-16 19:56:56','2025-06-16 19:56:56'),
('01977f19-0983-7250-a1a5-59b1c8af7bba','COD-100','REPARTIDOR ',150.00,NULL,'2025-06-17 23:13:56','2025-06-17 23:13:56'),
('01977f19-7379-72b9-9b20-163a2580608b','COD-101','SEÑORA DELIA SUPER',125.00,NULL,'2025-06-17 23:14:23','2025-06-17 23:14:23'),
('0197842c-8b2e-71be-93bd-66ab6a3d565b','COD-102','MISS DE DEBANHI',100.00,NULL,'2025-06-18 22:53:21','2025-06-18 22:53:21'),
('0197886a-7945-7301-8504-cf4373ff08d2','COD-103','8 BOTELLONES DE AGUA',192.00,NULL,'2025-06-19 18:39:28','2025-06-19 18:39:28'),
('01978e94-ca43-731d-87c4-6521e7e3f840','COD-104','SUELDO BENITO',2000.00,NULL,'2025-06-20 23:23:25','2025-06-20 23:23:25'),
('01978e95-4aa3-704e-b79d-4440b368792d','COD-105','SUELDO SRA DELIA ',1050.00,NULL,'2025-06-20 23:23:58','2025-06-20 23:23:58'),
('01979e15-b7de-7147-8bc7-629d59d06f49','COD-106','SUPER SRA DELIA',150.00,NULL,'2025-06-23 23:38:32','2025-06-23 23:38:32'),
('0197a332-7ead-721a-9297-6deba6f7631d','COD-107','GAS RIVER',500.00,NULL,'2025-06-24 23:28:04','2025-06-24 23:28:04'),
('0197ad6f-a782-73ac-9a6c-1b4b45b336ff','COD-108','SUPER DE LA SEMANA',1200.00,NULL,'2025-06-26 23:11:05','2025-06-26 23:11:05'),
('0197ad70-0bdf-727c-82e6-0a27bf580f55','COD-109','SUELDO SRA DELIA ',2300.00,NULL,'2025-06-26 23:11:30','2025-06-26 23:11:30'),
('0197ad70-4e87-7046-a0de-659f234be1d9','COD-110','SUELDO BENITO',2000.00,NULL,'2025-06-26 23:11:47','2025-06-26 23:11:47'),
('0197c23d-997a-7386-9e0a-80f765db1674','COD-111','9 BOTELLONES DE AGUA',216.00,NULL,'2025-07-01 00:08:26','2025-07-01 00:08:26'),
('0197c73b-85be-72b4-8823-ea9d19956030','COD-112','BOTELLA DE CLORO',20.00,NULL,'2025-07-01 23:24:16','2025-07-01 23:24:16'),
('0197cc50-7a22-719d-936c-5737c33a87e3','COD-113','PLOMERO',350.00,NULL,'2025-07-02 23:05:15','2025-07-02 23:05:15'),
('0197d190-5a1d-7239-a5ad-5b0e27d77697','COD-114','SRA SUPER',150.00,'SE LE DEBIAN 150 A LA SEÑORA DELIA QUE PUSO ELLA PÁRA EL SUPER DE ESTA SEMANA DEL 300625 AL 040725','2025-07-03 23:33:07','2025-07-03 23:33:07'),
('0197f583-3461-720d-bcfa-f76d117d553f','COD-115','SUELDO BENITO',2000.00,NULL,'2025-07-10 23:05:06','2025-07-10 23:05:06'),
('0197f583-a684-731b-bb07-b232ae3545b5','COD-116','SUELDO SRA DELIA',2300.00,NULL,'2025-07-10 23:05:35','2025-07-10 23:05:35'),
('01980a47-cedd-7251-b45f-fcc80920b71b','COD-117','SRA DELIA',1000.00,NULL,'2025-07-14 23:52:14','2025-07-14 23:52:14'),
('019819ba-a570-720e-abe2-7c3b72f81ef7','COD-118','MATERIAL',200.00,NULL,'2025-07-17 23:51:59','2025-07-17 23:51:59'),
('019819bb-5257-73d1-a74d-e3b6b238e092','COD-119','SUELDO SRA DELIA',2200.00,'','2025-07-17 23:52:43','2025-07-17 23:52:43'),
('019819bb-9a72-7157-9e9f-22a8ddb22e2c','COD-120','SUELDO BENITO',2000.00,NULL,'2025-07-17 23:53:01','2025-07-17 23:53:01'),
('01983db5-c4ba-72b8-87ea-d342c4e7f52b','COD-121','QUINCENA FERNADA ',3800.00,NULL,'2025-07-24 23:32:59','2025-07-24 23:32:59'),
('01983db6-a3d3-728f-9da2-2683d21a8d03','COD-122','SUELDO BENITO',4000.00,'SE PAGA SEMANA TRABAJADA Y UNA SEMANA DE VACACIONES','2025-07-24 23:33:56','2025-07-24 23:33:56'),
('01983db6-fd4b-70d1-af30-5e49c558f5eb','COD-123','SUELDO SRA DELIA',2200.00,NULL,'2025-07-24 23:34:19','2025-07-24 23:34:19'),
('01987665-8456-73b4-aa99-b4d67a9de664','COD-124','MATERIAL MISS KAREN',130.00,NULL,'2025-08-04 23:43:41','2025-08-04 23:43:41'),
('01988a77-e689-7123-8db0-b91afdaa82e3','COD-125','SUELDO SRA DELIA',4500.00,'UNA SEMANA DE VACACIONES ','2025-08-08 21:16:10','2025-08-08 21:16:10'),
('01988a78-33bf-7166-bd80-15aa15a00af1','COD-126','SUELDO BENITO',2000.00,NULL,'2025-08-08 21:16:30','2025-08-08 21:16:30'),
('0198a4b4-8212-7212-8f66-82e4856791ca','COD-127','SUELDO BENITO',2000.00,NULL,'2025-08-13 23:32:29','2025-08-13 23:32:29'),
('0198a4b4-f3ed-7281-9c6f-58bfc8f2fe26','COD-128','QUINCENA FERNADA ',3800.00,NULL,'2025-08-13 23:32:59','2025-08-13 23:32:59'),
('0198a9ae-6a83-73d7-b714-098d3fee3b87','COD-129','QUINCENA PROFE EVER',4600.00,NULL,'2025-08-14 22:43:56','2025-08-14 22:43:56'),
('0198d305-3480-733f-82f6-444148f16047','COD-130','PROFE CARLOS',100.00,NULL,'2025-08-22 23:23:10','2025-08-22 23:23:10'),
('0198d305-7a2a-72cd-a6ab-3b42f19fb879','COD-131','SUELDO BENITO',2000.00,NULL,'2025-08-22 23:23:28','2025-08-22 23:23:28'),
('0198d305-b560-71cb-beec-e85de515c489','COD-132','SUELDO SRA DELIA',2300.00,NULL,'2025-08-22 23:23:43','2025-08-22 23:23:43'),
('0198e255-886c-7177-86c2-e484162622a2','COD-133','12 GARRAFONES DE AGUA',290.00,NULL,'2025-08-25 22:45:13','2025-08-25 22:45:13'),
('0198ecde-5c87-70e0-9c12-816364708ab1','COD-134','SUPER DE LA SEMANA ',2000.00,NULL,'2025-08-27 23:50:52','2025-08-27 23:50:52'),
('0198ece1-c301-71bf-a95d-c14357f6d31d','COD-135','PLOMERO',800.00,NULL,'2025-08-27 23:54:35','2025-08-27 23:54:35'),
('0198f1f6-6182-724f-8630-1e04f66a99d1','COD-136','SUELDO BENITO',2000.00,NULL,'2025-08-28 23:35:12','2025-08-28 23:35:12'),
('0198f1f7-9018-73b3-9906-91cffbce9023','COD-137','SUELDO SRA DELIA',2100.00,'','2025-08-28 23:36:30','2025-08-28 23:36:30'),
('01991aed-ce40-71ed-8f0e-95a9ca518794','COD-138','SUELDO BENITO',2000.00,NULL,'2025-09-05 22:30:16','2025-09-05 22:30:16'),
('01991aee-19d1-7392-9f5b-025bbff4adaa','COD-139','SUELDO SRA DELIA',2200.00,NULL,'2025-09-05 22:30:35','2025-09-05 22:30:35'),
('01991aef-8d84-71fe-ba9b-df85e7061155','COD-140','SUPER DE LA SEMANA ',1500.00,NULL,'2025-09-05 22:32:11','2025-09-05 22:32:11'),
('01991afe-140d-700b-aa82-78e5171ac9dd','COD-141','8 GARRAFONES DE AGUA',200.00,NULL,'2025-09-05 22:48:02','2025-09-05 22:48:02'),
('01993e70-29d1-700a-b5c0-1144c6373976','COD-142','SUELDO BENITO',2000.00,NULL,'2025-09-12 14:59:22','2025-09-12 14:59:22'),
('01993e71-4cef-707a-a35a-c41d63bc85a7','COD-143','SUELDO SRA DELIA',2200.00,NULL,'2025-09-12 15:00:36','2025-09-12 15:00:36'),
('01993e73-9165-73a2-a792-a8493205cf01','COD-144','SUPER DE LA SEMANA ',1500.00,NULL,'2025-09-12 15:03:05','2025-09-12 15:03:05');

--
-- Table structure for table `grados`
--

CREATE TABLE `grados` (
  `id` uuid NOT NULL,
  `nombre` varchar(50) NOT NULL,
  `notas_adicionales` text DEFAULT NULL,
  `created_at` timestamp NULL DEFAULT NULL,
  `updated_at` timestamp NULL DEFAULT NULL,
  PRIMARY KEY (`id`)
) ENGINE=InnoDB DEFAULT CHARSET=utf8mb4 COLLATE=utf8mb4_unicode_ci;

--
-- Dumping data for table `grados`
--

INSERT INTO `grados` VALUES
('9cb681c3-3cc2-49f5-a1e0-0b6524779562','KINDER 2',NULL,'2024-08-08 16:25:50','2024-08-08 16:25:50'),
('9cb681aa-9aa8-452f-a505-2b2d94017e0f','KINDER 1',NULL,'2024-08-08 16:25:34','2024-08-08 16:25:34'),
('9cb681cf-dec9-4e10-9f84-37a7a061464d','KINDER 3',NULL,'2024-08-08 16:25:58','2024-08-08 16:25:58'),
('9cb68186-5f66-4814-9b85-d1ebe11ad787','MATERNAL',NULL,'2024-08-08 16:25:10','2024-08-08 16:25:42');

--
-- Table structure for table `grupo_materia`
--

CREATE TABLE `grupo_materia` (
  `id` uuid NOT NULL,
  `grupo_id` uuid NOT NULL,
  `personal_id` uuid NOT NULL,
  `materia_id` uuid NOT NULL,
  `created_at` timestamp NULL DEFAULT NULL,
  `updated_at` timestamp NULL DEFAULT NULL,
  PRIMARY KEY (`id`),
  KEY `grupo_materia_grupo_id_foreign` (`grupo_id`),
  KEY `grupo_materia_personal_id_foreign` (`personal_id`),
  KEY `grupo_materia_materia_id_foreign` (`materia_id`),
  CONSTRAINT `grupo_materia_grupo_id_foreign` FOREIGN KEY (`grupo_id`) REFERENCES `grupos` (`id`) ON DELETE CASCADE,
  CONSTRAINT `grupo_materia_materia_id_foreign` FOREIGN KEY (`materia_id`) REFERENCES `materias` (`id`) ON DELETE CASCADE,
  CONSTRAINT `grupo_materia_personal_id_foreign` FOREIGN KEY (`personal_id`) REFERENCES `personal` (`id`) ON DELETE CASCADE
) ENGINE=InnoDB DEFAULT CHARSET=utf8mb4 COLLATE=utf8mb4_unicode_ci;

--
-- Dumping data for table `grupo_materia`
--


--
-- Table structure for table `grupo_materia_horarios`
--

CREATE TABLE `grupo_materia_horarios` (
  `id` uuid NOT NULL,
  `grupo_materia_id` uuid NOT NULL,
  `dia` tinyint(3) unsigned NOT NULL,
  `hora_inicio` time NOT NULL,
  `hora_fin` time NOT NULL,
  `aula_id` uuid DEFAULT NULL,
  `notas` text DEFAULT NULL,
  `created_at` timestamp NULL DEFAULT NULL,
  `updated_at` timestamp NULL DEFAULT NULL,
  PRIMARY KEY (`id`),
  KEY `grupo_materia_horarios_grupo_materia_id_foreign` (`grupo_materia_id`),
  KEY `grupo_materia_horarios_aula_id_foreign` (`aula_id`),
  CONSTRAINT `grupo_materia_horarios_aula_id_foreign` FOREIGN KEY (`aula_id`) REFERENCES `aulas` (`id`) ON DELETE SET NULL,
  CONSTRAINT `grupo_materia_horarios_grupo_materia_id_foreign` FOREIGN KEY (`grupo_materia_id`) REFERENCES `grupo_materia` (`id`) ON DELETE CASCADE
) ENGINE=InnoDB DEFAULT CHARSET=utf8mb4 COLLATE=utf8mb4_unicode_ci;

--
-- Dumping data for table `grupo_materia_horarios`
--


--
-- Table structure for table `grupos`
--

CREATE TABLE `grupos` (
  `id` uuid NOT NULL,
  `personal_id` uuid DEFAULT NULL,
  `nombre` varchar(50) NOT NULL,
  `grado_id` uuid NOT NULL,
  `notas_adicionales` text DEFAULT NULL,
  `created_at` timestamp NULL DEFAULT NULL,
  `updated_at` timestamp NULL DEFAULT NULL,
  PRIMARY KEY (`id`),
  KEY `grupos_grado_id_foreign` (`grado_id`),
  KEY `grupos_personal_id_foreign` (`personal_id`),
  CONSTRAINT `grupos_grado_id_foreign` FOREIGN KEY (`grado_id`) REFERENCES `grados` (`id`) ON DELETE CASCADE,
  CONSTRAINT `grupos_personal_id_foreign` FOREIGN KEY (`personal_id`) REFERENCES `personal` (`id`) ON DELETE CASCADE
) ENGINE=InnoDB DEFAULT CHARSET=utf8mb4 COLLATE=utf8mb4_unicode_ci;

--
-- Dumping data for table `grupos`
--

INSERT INTO `grupos` VALUES
('203b2905-2895-11f0-9566-ea73812d5e4f',NULL,'A','9cb68186-5f66-4814-9b85-d1ebe11ad787',NULL,'2025-05-04 03:09:00','2025-05-04 03:09:00'),
('203b2b7f-2895-11f0-9566-ea73812d5e4f',NULL,'B','9cb68186-5f66-4814-9b85-d1ebe11ad787',NULL,'2025-05-04 03:09:00','2025-05-04 03:09:00'),
('203b2bd4-2895-11f0-9566-ea73812d5e4f',NULL,'Pendiente','9cb68186-5f66-4814-9b85-d1ebe11ad787',NULL,'2025-05-04 03:09:00','2025-05-04 03:09:00'),
('203b2c1d-2895-11f0-9566-ea73812d5e4f',NULL,'A','9cb681aa-9aa8-452f-a505-2b2d94017e0f',NULL,'2025-05-04 03:09:00','2025-05-04 03:09:00'),
('203b2c5b-2895-11f0-9566-ea73812d5e4f',NULL,'B','9cb681aa-9aa8-452f-a505-2b2d94017e0f',NULL,'2025-05-04 03:09:00','2025-05-04 03:09:00'),
('203b2cc1-2895-11f0-9566-ea73812d5e4f',NULL,'Pendiente','9cb681aa-9aa8-452f-a505-2b2d94017e0f',NULL,'2025-05-04 03:09:00','2025-05-04 03:09:00'),
('203b2dfe-2895-11f0-9566-ea73812d5e4f',NULL,'A','9cb681c3-3cc2-49f5-a1e0-0b6524779562',NULL,'2025-05-04 03:09:00','2025-05-04 03:09:00'),
('203b2e39-2895-11f0-9566-ea73812d5e4f',NULL,'Pendiente','9cb681c3-3cc2-49f5-a1e0-0b6524779562',NULL,'2025-05-04 03:09:00','2025-05-04 03:09:00'),
('203b2e7e-2895-11f0-9566-ea73812d5e4f',NULL,'B','9cb681c3-3cc2-49f5-a1e0-0b6524779562',NULL,'2025-05-04 03:09:00','2025-05-04 03:09:00'),
('203b2ebb-2895-11f0-9566-ea73812d5e4f',NULL,'A','9cb681cf-dec9-4e10-9f84-37a7a061464d',NULL,'2025-05-04 03:09:00','2025-05-04 03:09:00'),
('203b2ef6-2895-11f0-9566-ea73812d5e4f',NULL,'Pendiente','9cb681cf-dec9-4e10-9f84-37a7a061464d',NULL,'2025-05-04 03:09:00','2025-05-04 03:09:00'),
('203b2f33-2895-11f0-9566-ea73812d5e4f',NULL,'B','9cb681cf-dec9-4e10-9f84-37a7a061464d',NULL,'2025-05-04 03:09:00','2025-05-04 03:09:00');

--
-- Table structure for table `inventario_movimientos`
--

CREATE TABLE `inventario_movimientos` (
  `id` uuid NOT NULL,
  `item_id` uuid NOT NULL,
  `tipo_movimiento` enum('compra','venta','ajuste') NOT NULL,
  `cantidad_movida` bigint(20) NOT NULL,
  `stock_resultante` bigint(20) NOT NULL,
  `motivo_ajuste` text DEFAULT NULL,
  `referencia_id` uuid DEFAULT NULL,
  `fecha_movimiento` timestamp NOT NULL DEFAULT current_timestamp(),
  `created_at` timestamp NULL DEFAULT NULL,
  `updated_at` timestamp NULL DEFAULT NULL,
  PRIMARY KEY (`id`),
  KEY `inventario_movimientos_item_id_foreign` (`item_id`),
  CONSTRAINT `inventario_movimientos_item_id_foreign` FOREIGN KEY (`item_id`) REFERENCES `items` (`id`) ON DELETE CASCADE
) ENGINE=InnoDB DEFAULT CHARSET=utf8mb4 COLLATE=utf8mb4_unicode_ci;

--
-- Dumping data for table `inventario_movimientos`
--

INSERT INTO `inventario_movimientos` VALUES
('0de14bf4-883a-4423-af45-018c7f4cfcf4','9ce0270e-4a74-4c56-b958-4a70217df32d','ajuste',20,20,NULL,'b8a90a98-85be-4f47-a917-7f6c7f28ca07','2025-02-26 08:46:22','2025-02-26 08:46:22','2025-02-26 08:46:22'),
('0196ca01-7059-73d5-8b4f-a209a1d24511','9cdde14f-be93-4f09-bb0c-c67c25e4278f','venta',8,8,NULL,'0196ca01-7051-7164-a84c-bd8652e9e567','2025-05-13 14:16:54','2025-05-13 09:16:54','2025-05-13 09:16:54'),
('0196ca01-705e-71c9-a338-e73aa38b33ff','9ce020bb-7c3c-49e9-9aa6-4523a4c249d5','venta',7,7,NULL,'0196ca01-7051-7164-a84c-bd8652e9e567','2025-05-13 14:16:54','2025-05-13 09:16:54','2025-05-13 09:16:54'),
('0196ca01-7063-7394-9362-beb39fd446af','9ce0270e-4a74-4c56-b958-4a70217df32d','venta',16,16,NULL,'0196ca01-7051-7164-a84c-bd8652e9e567','2025-05-13 14:16:54','2025-05-13 09:16:54','2025-05-13 09:16:54'),
('0196ca01-7066-7343-bc2b-bb2fe350ab8c','9ce02888-49cb-45a0-8308-43553cca5396','venta',17,17,NULL,'0196ca01-7051-7164-a84c-bd8652e9e567','2025-05-13 14:16:54','2025-05-13 09:16:54','2025-05-13 09:16:54'),
('0196ca01-7068-713a-af4b-c487492aaa0a','9ce02abb-8307-4431-9d7f-62330d61a488','venta',3,3,NULL,'0196ca01-7051-7164-a84c-bd8652e9e567','2025-05-13 14:16:54','2025-05-13 09:16:54','2025-05-13 09:16:54'),
('0196e8a5-de1d-73c6-901d-890b7f588151','9ce02da9-d078-4225-a018-88dc2894fb70','venta',6,6,NULL,'0196e8a5-de19-71a3-bb3a-a64baad138af','2025-05-19 13:05:06','2025-05-19 13:05:06','2025-05-19 13:05:06'),
('0196ee0c-02d9-73b6-8a6f-81b52e21d07c','9ce02da9-d078-4225-a018-88dc2894fb70','venta',-1,5,NULL,'0196ee0c-02d4-725a-a3e3-c5177f836d35','2025-05-20 14:14:46','2025-05-20 14:14:46','2025-05-20 14:14:46'),
('0196ee23-40fc-7005-aa2f-e9a1d4494a66','9ce02da9-d078-4225-a018-88dc2894fb70','venta',-1,4,NULL,'0196ee23-40f8-7286-a228-4d63efb367d6','2025-05-20 14:40:09','2025-05-20 14:40:09','2025-05-20 14:40:09'),
('01970e4c-7957-7074-9f55-6655636c2a3f','9ce0275c-ae79-43b3-af8b-5a3ca7524fa0','venta',14,14,NULL,'01970e4c-7952-7334-8d05-e20c5547ab70','2025-05-26 20:33:02','2025-05-26 20:33:02','2025-05-26 20:33:02'),
('019730cb-2559-73b3-b582-be768baed1f3','9ce0275c-ae79-43b3-af8b-5a3ca7524fa0','venta',-1,13,NULL,'019730cb-2554-708d-ad7d-27ac73470c80','2025-06-02 13:18:29','2025-06-02 13:18:29','2025-06-02 13:18:29'),
('01973149-0aaa-7354-ae8a-c7853f2f9030','9cdde190-caf5-4dd0-b3ea-765ccf0418af','venta',12,12,NULL,'01973149-0aa7-71dc-9fdf-f3065fafae39','2025-06-02 15:35:59','2025-06-02 15:35:59','2025-06-02 15:35:59'),
('01973149-0aac-72c6-a74c-353450264fec','9ce02114-b77d-4b4d-a7ba-acae935ce439','venta',7,7,NULL,'01973149-0aa7-71dc-9fdf-f3065fafae39','2025-06-02 15:35:59','2025-06-02 15:35:59','2025-06-02 15:35:59'),
('01973149-0aae-7101-8f6a-b491068e7736','9ce024ad-08ba-4d12-a1cd-eaf675ba3ced','venta',12,12,NULL,'01973149-0aa7-71dc-9fdf-f3065fafae39','2025-06-02 15:35:59','2025-06-02 15:35:59','2025-06-02 15:35:59'),
('01973149-0ab1-71d4-98d3-89f6c25ba521','9ce022e1-6601-4a7d-88a6-51d4239c7a60','venta',16,16,NULL,'01973149-0aa7-71dc-9fdf-f3065fafae39','2025-06-02 15:35:59','2025-06-02 15:35:59','2025-06-02 15:35:59'),
('01973149-0ab5-70b7-b745-13515f06fbd7','9ce02da9-d078-4225-a018-88dc2894fb70','venta',3,3,NULL,'01973149-0aa7-71dc-9fdf-f3065fafae39','2025-06-02 15:35:59','2025-06-02 15:35:59','2025-06-02 15:35:59'),
('01973bd6-c23f-7385-9ec2-ff1eccf6957f','9ce02da9-d078-4225-a018-88dc2894fb70','venta',-1,2,NULL,'01973bd6-c23b-70f3-bb9d-1756bf997164','2025-06-04 16:46:59','2025-06-04 16:46:59','2025-06-04 16:46:59'),
('019754d2-e4da-7105-8b76-e13453418601','9ce020bb-7c3c-49e9-9aa6-4523a4c249d5','venta',6,6,NULL,'019754d2-e4d4-7013-abff-e494b47f0fe6','2025-06-09 13:13:16','2025-06-09 13:13:16','2025-06-09 13:13:16'),
('0197565e-cfb9-703f-9cd6-b34e93364c96','9ce02da9-d078-4225-a018-88dc2894fb70','venta',1,1,NULL,'0197565e-cfb6-71a0-942e-8f4c85d0daed','2025-06-09 20:25:43','2025-06-09 20:25:43','2025-06-09 20:25:43'),
('01975afa-7db0-70eb-9ea3-bc8e67b7c782','9ce02da9-d078-4225-a018-88dc2894fb70','venta',-1,0,NULL,'01975afa-7dad-70f0-aeaf-cad50e499736','2025-06-10 17:54:15','2025-06-10 17:54:15','2025-06-10 17:54:15'),
('01975b77-604d-728a-9ac8-ae2d75ccb2da','9cdde190-caf5-4dd0-b3ea-765ccf0418af','venta',11,11,NULL,'01975b77-6045-7192-afad-467e9299606f','2025-06-10 20:10:39','2025-06-10 20:10:39','2025-06-10 20:10:39'),
('01975ff3-e48d-71e7-8f65-271abbc51026','9ce02004-381d-4760-917f-031559ffebc5','venta',9,9,NULL,'01975ff3-e489-7075-aff2-aeff766dd790','2025-06-11 17:05:08','2025-06-11 17:05:08','2025-06-11 17:05:08'),
('01975ff3-e493-728c-bd8d-c094f3dad519','9ce02173-d296-4783-bed9-1a490b303e7c','venta',7,7,NULL,'01975ff3-e489-7075-aff2-aeff766dd790','2025-06-11 17:05:08','2025-06-11 17:05:08','2025-06-11 17:05:08'),
('01975ff3-e496-7260-ae97-d354a0a634f8','9ce029ad-687c-44a4-9976-f1520dbed9e9','venta',3,3,NULL,'01975ff3-e489-7075-aff2-aeff766dd790','2025-06-11 17:05:08','2025-06-11 17:05:08','2025-06-11 17:05:08'),
('01975ff3-e499-704a-9c20-45c47a9ac2e7','9ce027ac-2cbb-4f60-9e1d-460884b0345a','venta',8,8,NULL,'01975ff3-e489-7075-aff2-aeff766dd790','2025-06-11 17:05:08','2025-06-11 17:05:08','2025-06-11 17:05:08'),
('01977a9b-e02d-7042-ac88-035de6eb877e','9cdde14f-be93-4f09-bb0c-c67c25e4278f','venta',6,6,NULL,'01977a9b-e028-7156-b391-2facbe79f8c1','2025-06-16 21:18:45','2025-06-16 21:18:45','2025-06-16 21:18:45'),
('01977a9b-e030-7042-9717-7aecef612db5','9ce020bb-7c3c-49e9-9aa6-4523a4c249d5','venta',5,5,NULL,'01977a9b-e028-7156-b391-2facbe79f8c1','2025-06-16 21:18:45','2025-06-16 21:18:45','2025-06-16 21:18:45'),
('01977a9b-e032-7307-9cd2-bb7fe1003771','9ce0270e-4a74-4c56-b958-4a70217df32d','venta',14,14,NULL,'01977a9b-e028-7156-b391-2facbe79f8c1','2025-06-16 21:18:45','2025-06-16 21:18:45','2025-06-16 21:18:45'),
('01977a9b-e034-73f1-9cba-7c31684bb4fe','9ce02888-49cb-45a0-8308-43553cca5396','venta',16,16,NULL,'01977a9b-e028-7156-b391-2facbe79f8c1','2025-06-16 21:18:45','2025-06-16 21:18:45','2025-06-16 21:18:45'),
('01977a9b-e036-701b-a31a-30d86833a651','9ce02abb-8307-4431-9d7f-62330d61a488','venta',2,2,NULL,'01977a9b-e028-7156-b391-2facbe79f8c1','2025-06-16 21:18:45','2025-06-16 21:18:45','2025-06-16 21:18:45'),
('01979de3-8304-738e-874b-d36b4e56998b','9ce02114-b77d-4b4d-a7ba-acae935ce439','venta',5,5,NULL,'01979de3-82fa-7069-ab2f-e98899fdf1f2','2025-06-23 17:43:42','2025-06-23 17:43:42','2025-06-23 17:43:42'),
('01979de3-830f-72fe-a6fd-cbc33e8c872e','9cdde190-caf5-4dd0-b3ea-765ccf0418af','venta',9,9,NULL,'01979de3-82fa-7069-ab2f-e98899fdf1f2','2025-06-23 17:43:42','2025-06-23 17:43:42','2025-06-23 17:43:42'),
('01979df5-422b-739b-a687-ea1cf2e74ec2','9cdde14f-be93-4f09-bb0c-c67c25e4278f','venta',5,5,NULL,'01979df5-4224-7128-ac72-708dbfec4826','2025-06-23 18:03:05','2025-06-23 18:03:05','2025-06-23 18:03:05'),
('01979df5-4231-70b1-81df-19ecee86941e','9ce020bb-7c3c-49e9-9aa6-4523a4c249d5','venta',4,4,NULL,'01979df5-4224-7128-ac72-708dbfec4826','2025-06-23 18:03:05','2025-06-23 18:03:05','2025-06-23 18:03:05'),
('01979df5-4239-7393-a9e0-5aebc878c8d7','9ce02478-5294-41ca-abb5-ddb50c92a283','venta',12,12,NULL,'01979df5-4224-7128-ac72-708dbfec4826','2025-06-23 18:03:05','2025-06-23 18:03:05','2025-06-23 18:03:05'),
('01979df5-423e-704a-a0f3-6d17d3ca2ea6','9ce022e1-6601-4a7d-88a6-51d4239c7a60','venta',15,15,NULL,'01979df5-4224-7128-ac72-708dbfec4826','2025-06-23 18:03:05','2025-06-23 18:03:05','2025-06-23 18:03:05'),
('01979e68-beb4-7052-a9ee-404723b035c3','9cdde14f-be93-4f09-bb0c-c67c25e4278f','venta',3,3,NULL,'01979e68-beae-7298-bff3-f34bc6163f9a','2025-06-23 20:09:14','2025-06-23 20:09:14','2025-06-23 20:09:14'),
('01979e68-beb9-7274-955e-0bb3cfe8e1a6','9ce020bb-7c3c-49e9-9aa6-4523a4c249d5','venta',3,3,NULL,'01979e68-beae-7298-bff3-f34bc6163f9a','2025-06-23 20:09:14','2025-06-23 20:09:14','2025-06-23 20:09:14'),
('01979e68-bebe-700d-b03a-28a6f1c6e204','9ce0270e-4a74-4c56-b958-4a70217df32d','venta',12,12,NULL,'01979e68-beae-7298-bff3-f34bc6163f9a','2025-06-23 20:09:14','2025-06-23 20:09:14','2025-06-23 20:09:14'),
('01979e68-beca-7323-817d-9e05af06c682','9ce02888-49cb-45a0-8308-43553cca5396','venta',15,15,NULL,'01979e68-beae-7298-bff3-f34bc6163f9a','2025-06-23 20:09:14','2025-06-23 20:09:14','2025-06-23 20:09:14'),
('01979e7a-3b6e-70d6-ab7b-b5db3c2a3a47','9cdde190-caf5-4dd0-b3ea-765ccf0418af','venta',8,8,NULL,'01979e7a-3b69-73dd-b864-7d18e19c7393','2025-06-23 20:28:20','2025-06-23 20:28:20','2025-06-23 20:28:20'),
('01979edd-bd63-7172-80c8-3b75e522c9f6','9cdde190-caf5-4dd0-b3ea-765ccf0418af','venta',-2,6,NULL,'01979edd-bd5c-73c2-be16-38e1f7928f5c','2025-06-23 22:17:01','2025-06-23 22:17:01','2025-06-23 22:17:01'),
('01979edd-bd6a-7311-9d81-df31eb864f4a','9ce02114-b77d-4b4d-a7ba-acae935ce439','venta',4,4,NULL,'01979edd-bd5c-73c2-be16-38e1f7928f5c','2025-06-23 22:17:01','2025-06-23 22:17:01','2025-06-23 22:17:01'),
('01979edd-bd70-7124-ab05-5a7ab9dcac6f','9ce02342-69a4-4c81-bf29-bc5b89de577d','venta',4,4,NULL,'01979edd-bd5c-73c2-be16-38e1f7928f5c','2025-06-23 22:17:01','2025-06-23 22:17:01','2025-06-23 22:17:01'),
('01979edd-bd77-706f-a715-5c2cb9ba715e','9ce025ec-86c2-4983-9147-b3814a4a3cba','venta',1,1,NULL,'01979edd-bd5c-73c2-be16-38e1f7928f5c','2025-06-23 22:17:01','2025-06-23 22:17:01','2025-06-23 22:17:01'),
('0197a262-3b97-7381-b125-164b63b2b505','9cdde190-caf5-4dd0-b3ea-765ccf0418af','venta',5,5,NULL,'0197a262-3b8e-73b9-a4e1-185359b12003','2025-06-24 14:40:36','2025-06-24 14:40:36','2025-06-24 14:40:36'),
('0197a394-7948-7059-b4e8-b2ca1d941b5c','9cdde14f-be93-4f09-bb0c-c67c25e4278f','venta',1,1,NULL,'0197a394-7929-73bc-b631-1fbc6af8dd35','2025-06-24 20:15:06','2025-06-24 20:15:06','2025-06-24 20:15:06'),
('0197a394-794f-738a-b280-5b6b6281acc0','9ce02114-b77d-4b4d-a7ba-acae935ce439','venta',3,3,NULL,'0197a394-7929-73bc-b631-1fbc6af8dd35','2025-06-24 20:15:06','2025-06-24 20:15:06','2025-06-24 20:15:06'),
('0197a394-7954-7252-a407-ac07c4fafbbd','9ce0270e-4a74-4c56-b958-4a70217df32d','venta',10,10,NULL,'0197a394-7929-73bc-b631-1fbc6af8dd35','2025-06-24 20:15:06','2025-06-24 20:15:06','2025-06-24 20:15:06'),
('0197a394-795a-72b6-b0e6-a22b5ddc8e07','9ce02888-49cb-45a0-8308-43553cca5396','venta',14,14,NULL,'0197a394-7929-73bc-b631-1fbc6af8dd35','2025-06-24 20:15:06','2025-06-24 20:15:06','2025-06-24 20:15:06'),
('0197a74b-744d-7064-9588-cd22b5af521d','9ce02004-381d-4760-917f-031559ffebc5','venta',8,8,NULL,'0197a74b-73ce-71bc-8b04-b69c6dca433c','2025-06-25 13:33:49','2025-06-25 13:33:49','2025-06-25 13:33:49'),
('0197a74b-7462-71ec-9ae6-ce4616d79822','9ce02173-d296-4783-bed9-1a490b303e7c','venta',6,6,NULL,'0197a74b-73ce-71bc-8b04-b69c6dca433c','2025-06-25 13:33:49','2025-06-25 13:33:49','2025-06-25 13:33:49'),
('0197a74b-7466-713b-ab4f-87d74b37604d','9ce02379-1f64-441e-9c2f-913cdda3af71','venta',7,7,NULL,'0197a74b-73ce-71bc-8b04-b69c6dca433c','2025-06-25 13:33:49','2025-06-25 13:33:49','2025-06-25 13:33:49'),
('0197a74b-746f-736e-8e95-5a43546824ee','9ce02622-bebe-4378-b49a-83cdd767eaee','venta',3,3,NULL,'0197a74b-73ce-71bc-8b04-b69c6dca433c','2025-06-25 13:33:49','2025-06-25 13:33:49','2025-06-25 13:33:49'),
('0197a7cc-dce0-7117-9db6-1b256b1a05c6','9ce020bb-7c3c-49e9-9aa6-4523a4c249d5','venta',1,1,NULL,'0197a7cc-dcd8-7122-acc0-506a3ea8fccf','2025-06-25 15:55:10','2025-06-25 15:55:10','2025-06-25 15:55:10'),
('0197a7cc-dce6-7330-8c24-1989e9da575a','9ce024ad-08ba-4d12-a1cd-eaf675ba3ced','venta',11,11,NULL,'0197a7cc-dcd8-7122-acc0-506a3ea8fccf','2025-06-25 15:55:10','2025-06-25 15:55:10','2025-06-25 15:55:10'),
('0197a7cc-dcec-72c6-a56a-89faec4eba68','9ce022e1-6601-4a7d-88a6-51d4239c7a60','venta',14,14,NULL,'0197a7cc-dcd8-7122-acc0-506a3ea8fccf','2025-06-25 15:55:10','2025-06-25 15:55:10','2025-06-25 15:55:10'),
('0197a7ea-a5b8-7371-a630-42b7b733ffc6','9ce0205b-c6f0-4d14-8222-37ea960a0311','venta',8,8,NULL,'0197a7ea-a5b2-72d7-bd20-8d9ad226477a','2025-06-25 16:27:42','2025-06-25 16:27:42','2025-06-25 16:27:42'),
('0197a7ea-a5bc-7005-87bf-cb97ba09bf6a','9cdddf75-2994-4ad7-90e3-139854e98180','venta',5,5,NULL,'0197a7ea-a5b2-72d7-bd20-8d9ad226477a','2025-06-25 16:27:42','2025-06-25 16:27:42','2025-06-25 16:27:42'),
('0197a7ea-a5c1-7170-a969-e3b850ebf016','9ce022a0-4a37-460a-8b9b-841f75191c85','venta',18,18,NULL,'0197a7ea-a5b2-72d7-bd20-8d9ad226477a','2025-06-25 16:27:42','2025-06-25 16:27:42','2025-06-25 16:27:42'),
('0197a7fb-47c7-7191-b760-0d0ce8aacf26','9ce0275c-ae79-43b3-af8b-5a3ca7524fa0','venta',10,10,NULL,'0197a7fb-47bd-7080-8d33-45d69eca01fb','2025-06-25 16:45:52','2025-06-25 16:45:52','2025-06-25 16:45:52'),
('0197a7fb-47cb-71c5-a0df-0489901b6310','9ce02914-e5ba-4c28-aac7-c3571886cf78','venta',10,10,NULL,'0197a7fb-47bd-7080-8d33-45d69eca01fb','2025-06-25 16:45:52','2025-06-25 16:45:52','2025-06-25 16:45:52'),
('0197ac8f-acde-70b5-b98b-51fde14cd27d','9cdde190-caf5-4dd0-b3ea-765ccf0418af','venta',4,4,NULL,'0197ac8f-acd4-71c5-8789-71680912b387','2025-06-26 14:06:26','2025-06-26 14:06:26','2025-06-26 14:06:26'),
('0197ac8f-ace4-71e1-b06f-619edc4c4724','9ce02914-e5ba-4c28-aac7-c3571886cf78','venta',9,9,NULL,'0197ac8f-acd4-71c5-8789-71680912b387','2025-06-26 14:06:26','2025-06-26 14:06:26','2025-06-26 14:06:26'),
('0197ac8f-ace7-7165-bfb7-00c99a9f2d65','9ce0275c-ae79-43b3-af8b-5a3ca7524fa0','venta',9,9,NULL,'0197ac8f-acd4-71c5-8789-71680912b387','2025-06-26 14:06:26','2025-06-26 14:06:26','2025-06-26 14:06:26'),
('0197ad33-76a3-7164-b4de-aee87c4a133f','9ce02004-381d-4760-917f-031559ffebc5','venta',5,5,NULL,'0197ad33-76a0-72c9-9aa7-8d81aef68706','2025-06-26 17:05:20','2025-06-26 17:05:20','2025-06-26 17:05:20'),
('0197ad33-76a5-7359-87f9-72ecb9ca6531','9ce02173-d296-4783-bed9-1a490b303e7c','venta',4,4,NULL,'0197ad33-76a0-72c9-9aa7-8d81aef68706','2025-06-26 17:05:20','2025-06-26 17:05:20','2025-06-26 17:05:20'),
('0197ad33-76a7-7352-b663-98010bd03132','9ce029ad-687c-44a4-9976-f1520dbed9e9','venta',1,1,NULL,'0197ad33-76a0-72c9-9aa7-8d81aef68706','2025-06-26 17:05:20','2025-06-26 17:05:20','2025-06-26 17:05:20'),
('0197ad33-76aa-7185-b092-25dda53c0a19','9ce027ac-2cbb-4f60-9e1d-460884b0345a','venta',5,5,NULL,'0197ad33-76a0-72c9-9aa7-8d81aef68706','2025-06-26 17:05:20','2025-06-26 17:05:20','2025-06-26 17:05:20'),
('0197ad52-ce90-71c5-88f1-857bc5b71ffb','9ce02914-e5ba-4c28-aac7-c3571886cf78','venta',8,8,NULL,'0197ad52-ce8b-7159-9838-ad3f5e64b6ab','2025-06-26 17:39:34','2025-06-26 17:39:34','2025-06-26 17:39:34'),
('0197ad52-ce93-70c8-85ce-e23dd026cb45','9ce0275c-ae79-43b3-af8b-5a3ca7524fa0','venta',8,8,NULL,'0197ad52-ce8b-7159-9838-ad3f5e64b6ab','2025-06-26 17:39:34','2025-06-26 17:39:34','2025-06-26 17:39:34'),
('0197ad62-8756-7339-8d86-d50393c6b663','9ce02478-5294-41ca-abb5-ddb50c92a283','venta',10,10,NULL,'0197ad62-8751-70bc-91a1-152be8bdd8d3','2025-06-26 17:56:45','2025-06-26 17:56:45','2025-06-26 17:56:45'),
('0197ad62-8758-705f-bff1-98c618b2cb50','9ce022a0-4a37-460a-8b9b-841f75191c85','venta',16,16,NULL,'0197ad62-8751-70bc-91a1-152be8bdd8d3','2025-06-26 17:56:45','2025-06-26 17:56:45','2025-06-26 17:56:45'),
('0197ad6a-90f1-7185-ae2d-bf1eee3afa2f','9cdde190-caf5-4dd0-b3ea-765ccf0418af','venta',3,3,NULL,'0197ad6a-90ee-70f3-a64f-cf2e6e19afc4','2025-06-26 18:05:31','2025-06-26 18:05:31','2025-06-26 18:05:31'),
('0197ad6a-90f3-72ef-8bd3-6054f87e1b76','9ce02114-b77d-4b4d-a7ba-acae935ce439','venta',2,2,NULL,'0197ad6a-90ee-70f3-a64f-cf2e6e19afc4','2025-06-26 18:05:31','2025-06-26 18:05:31','2025-06-26 18:05:31'),
('0197ad6a-90f6-70e7-b607-d2d4ff393962','9ce024ad-08ba-4d12-a1cd-eaf675ba3ced','venta',10,10,NULL,'0197ad6a-90ee-70f3-a64f-cf2e6e19afc4','2025-06-26 18:05:31','2025-06-26 18:05:31','2025-06-26 18:05:31'),
('0197ad6a-90f8-72bb-8706-c775fc24df9a','9ce022e1-6601-4a7d-88a6-51d4239c7a60','venta',13,13,NULL,'0197ad6a-90ee-70f3-a64f-cf2e6e19afc4','2025-06-26 18:05:31','2025-06-26 18:05:31','2025-06-26 18:05:31'),
('0197adfc-10fc-72fd-9a39-478e31e1ffac','9cdde190-caf5-4dd0-b3ea-765ccf0418af','venta',2,2,NULL,'0197adfc-10f9-7330-8109-69e8af559a72','2025-06-26 20:44:27','2025-06-26 20:44:27','2025-06-26 20:44:27'),
('0197adfc-10fe-7053-9d61-d3c97775e8fe','9ce02114-b77d-4b4d-a7ba-acae935ce439','venta',1,1,NULL,'0197adfc-10f9-7330-8109-69e8af559a72','2025-06-26 20:44:27','2025-06-26 20:44:27','2025-06-26 20:44:27'),
('0197adfc-1101-71b9-bef6-32f7361a6806','9ce02949-758d-4029-a4f2-d62d5c2048e1','venta',11,11,NULL,'0197adfc-10f9-7330-8109-69e8af559a72','2025-06-26 20:44:27','2025-06-26 20:44:27','2025-06-26 20:44:27'),
('0197adfc-1103-70ef-8bfd-b5e6c02456e3','9ce02784-1ddf-439c-9971-40f3831842e6','venta',12,12,NULL,'0197adfc-10f9-7330-8109-69e8af559a72','2025-06-26 20:44:27','2025-06-26 20:44:27','2025-06-26 20:44:27'),
('0197adff-e573-7380-85f1-d8d6ca657928','9ce02173-d296-4783-bed9-1a490b303e7c','venta',3,3,NULL,'0197adff-e570-70b4-82df-903a1657204b','2025-06-26 20:48:38','2025-06-26 20:48:38','2025-06-26 20:48:38'),
('0197adff-e575-7075-b542-3e9b0b844465','9ce02004-381d-4760-917f-031559ffebc5','venta',4,4,NULL,'0197adff-e570-70b4-82df-903a1657204b','2025-06-26 20:48:38','2025-06-26 20:48:38','2025-06-26 20:48:38'),
('0197adff-e578-7298-894b-41689b85d977','9ce029f3-75bc-4388-b87f-cd4062302adf','venta',4,4,NULL,'0197adff-e570-70b4-82df-903a1657204b','2025-06-26 20:48:38','2025-06-26 20:48:38','2025-06-26 20:48:38'),
('0197adff-e57f-726b-b2c3-3cbcd189a518','9ce027fa-48ee-4a17-a90e-41d315296e3f','venta',2,2,NULL,'0197adff-e570-70b4-82df-903a1657204b','2025-06-26 20:48:38','2025-06-26 20:48:38','2025-06-26 20:48:38'),
('0197c14d-9663-739d-9e5c-5dc68a6c56fe','9ce02004-381d-4760-917f-031559ffebc5','venta',3,3,NULL,'0197c14d-9658-7154-9cbd-ddf2e0ac278f','2025-06-30 14:46:16','2025-06-30 14:46:16','2025-06-30 14:46:16'),
('0197c14d-9667-71da-9189-fcbb6e035a89','9ce02173-d296-4783-bed9-1a490b303e7c','venta',2,2,NULL,'0197c14d-9658-7154-9cbd-ddf2e0ac278f','2025-06-30 14:46:16','2025-06-30 14:46:16','2025-06-30 14:46:16'),
('0197c14d-9669-7073-b99d-17dbc3722442','9ce027ac-2cbb-4f60-9e1d-460884b0345a','venta',4,4,NULL,'0197c14d-9658-7154-9cbd-ddf2e0ac278f','2025-06-30 14:46:16','2025-06-30 14:46:16','2025-06-30 14:46:16'),
('0197c14d-966d-722a-9051-1eb5c2d593c4','9ce029ad-687c-44a4-9976-f1520dbed9e9','venta',0,0,NULL,'0197c14d-9658-7154-9cbd-ddf2e0ac278f','2025-06-30 14:46:16','2025-06-30 14:46:16','2025-06-30 14:46:16'),
('0197c1c7-7130-702c-83d8-775975d43c16','9ce022e1-6601-4a7d-88a6-51d4239c7a60','venta',11,11,NULL,'0197c1c7-712c-7338-87ff-f025ebd4fbe2','2025-06-30 16:59:22','2025-06-30 16:59:22','2025-06-30 16:59:22'),
('0197c1c7-7132-73c7-bbb1-7e222d481c69','9ce02478-5294-41ca-abb5-ddb50c92a283','venta',9,9,NULL,'0197c1c7-712c-7338-87ff-f025ebd4fbe2','2025-06-30 16:59:22','2025-06-30 16:59:22','2025-06-30 16:59:22'),
('0197c1c7-7134-713e-a173-26e316d36a31','9ce024ad-08ba-4d12-a1cd-eaf675ba3ced','venta',9,9,NULL,'0197c1c7-712c-7338-87ff-f025ebd4fbe2','2025-06-30 16:59:22','2025-06-30 16:59:22','2025-06-30 16:59:22'),
('0197c207-e1eb-717b-ac88-07703e4217fd','9ce022e1-6601-4a7d-88a6-51d4239c7a60','venta',9,9,NULL,'0197c207-e1e5-7030-ba10-618c64cb0992','2025-06-30 18:09:45','2025-06-30 18:09:45','2025-06-30 18:09:45'),
('0197c207-e1ed-73e5-8004-a41b787b1d34','9ce02478-5294-41ca-abb5-ddb50c92a283','venta',7,7,NULL,'0197c207-e1e5-7030-ba10-618c64cb0992','2025-06-30 18:09:45','2025-06-30 18:09:45','2025-06-30 18:09:45'),
('0197c215-aebc-7213-b5e5-6f59b629d6bc','9ce022e1-6601-4a7d-88a6-51d4239c7a60','venta',7,7,NULL,'0197c215-aeb8-70f1-841f-651f3e3368b4','2025-06-30 18:24:50','2025-06-30 18:24:50','2025-06-30 18:24:50'),
('0197c215-aebf-7232-9de5-1b4c3fe6e29e','9ce02478-5294-41ca-abb5-ddb50c92a283','venta',6,6,NULL,'0197c215-aeb8-70f1-841f-651f3e3368b4','2025-06-30 18:24:50','2025-06-30 18:24:50','2025-06-30 18:24:50'),
('0197c230-dced-715e-92f9-b1f36e6df1c9','9ce02114-b77d-4b4d-a7ba-acae935ce439','venta',0,0,NULL,'0197c230-dcea-736f-a392-751f5ca5c817','2025-06-30 18:54:31','2025-06-30 18:54:31','2025-06-30 18:54:31'),
('0197c233-2016-719a-bdec-92102b2a6b13','9cdddf75-2994-4ad7-90e3-139854e98180','venta',4,4,NULL,'0197c233-2010-70bf-aad9-071d5a51eeea','2025-06-30 18:56:59','2025-06-30 18:56:59','2025-06-30 18:56:59'),
('0197c233-2019-70f8-9b41-84fe17ab839c','9ce0205b-c6f0-4d14-8222-37ea960a0311','venta',7,7,NULL,'0197c233-2010-70bf-aad9-071d5a51eeea','2025-06-30 18:56:59','2025-06-30 18:56:59','2025-06-30 18:56:59'),
('0197c233-201b-70cb-a28b-0b84667252ba','9ce0270e-4a74-4c56-b958-4a70217df32d','venta',9,9,NULL,'0197c233-2010-70bf-aad9-071d5a51eeea','2025-06-30 18:56:59','2025-06-30 18:56:59','2025-06-30 18:56:59'),
('0197c233-201d-7111-a1a1-97dc929d2671','9ce02888-49cb-45a0-8308-43553cca5396','venta',13,13,NULL,'0197c233-2010-70bf-aad9-071d5a51eeea','2025-06-30 18:56:59','2025-06-30 18:56:59','2025-06-30 18:56:59'),
('0197c27b-ff72-7301-a7ab-264e3612c2e5','9cdde190-caf5-4dd0-b3ea-765ccf0418af','venta',1,1,NULL,'0197c27b-ff6e-7268-a547-e436ca85f0e3','2025-06-30 20:16:35','2025-06-30 20:16:35','2025-06-30 20:16:35'),
('0197c27b-ff75-739f-867a-32f1848a5b62','9ce022e1-6601-4a7d-88a6-51d4239c7a60','venta',6,6,NULL,'0197c27b-ff6e-7268-a547-e436ca85f0e3','2025-06-30 20:16:35','2025-06-30 20:16:35','2025-06-30 20:16:35'),
('0197c27b-ff77-708b-b96d-a145983c709c','9ce024ad-08ba-4d12-a1cd-eaf675ba3ced','venta',8,8,NULL,'0197c27b-ff6e-7268-a547-e436ca85f0e3','2025-06-30 20:16:35','2025-06-30 20:16:35','2025-06-30 20:16:35'),
('0197c2cb-ae4c-732e-86a9-e2d7708b34af','9cdde190-caf5-4dd0-b3ea-765ccf0418af','venta',0,0,NULL,'0197c2cb-ae49-725a-9fa5-257df38e307c','2025-06-30 21:43:37','2025-06-30 21:43:37','2025-06-30 21:43:37'),
('0197c2cb-ae4f-734a-b827-7303aa5b6b6a','9ce0275c-ae79-43b3-af8b-5a3ca7524fa0','venta',7,7,NULL,'0197c2cb-ae49-725a-9fa5-257df38e307c','2025-06-30 21:43:37','2025-06-30 21:43:37','2025-06-30 21:43:37'),
('0197c2cb-ae51-7191-9f54-ffac917bbb2e','9ce02914-e5ba-4c28-aac7-c3571886cf78','venta',7,7,NULL,'0197c2cb-ae49-725a-9fa5-257df38e307c','2025-06-30 21:43:37','2025-06-30 21:43:37','2025-06-30 21:43:37'),
('0197c61a-1977-71bd-bf8e-8e8397169f9f','9cdde3cb-3a93-471e-81f8-ddd7eed3a29f','venta',7,7,NULL,'0197c61a-196d-7397-b22c-2c6ea4eba54a','2025-07-01 13:08:08','2025-07-01 13:08:08','2025-07-01 13:08:08'),
('0197c61a-197c-714e-a59f-fe94b2026274','9ce02146-9fab-4663-8939-3c720212ce18','venta',11,11,NULL,'0197c61a-196d-7397-b22c-2c6ea4eba54a','2025-07-01 13:08:08','2025-07-01 13:08:08','2025-07-01 13:08:08'),
('0197c61a-197e-7268-b302-cc7b1e6e4661','9ce02342-69a4-4c81-bf29-bc5b89de577d','venta',3,3,NULL,'0197c61a-196d-7397-b22c-2c6ea4eba54a','2025-07-01 13:08:08','2025-07-01 13:08:08','2025-07-01 13:08:08'),
('0197c61a-1983-7375-afd5-e37fe96d2b8a','9ce025ec-86c2-4983-9147-b3814a4a3cba','venta',0,0,NULL,'0197c61a-196d-7397-b22c-2c6ea4eba54a','2025-07-01 13:08:08','2025-07-01 13:08:08','2025-07-01 13:08:08'),
('0197c63d-96b0-705d-8fae-94a85055d42e','9cdde3cb-3a93-471e-81f8-ddd7eed3a29f','venta',6,6,NULL,'0197c63d-96ac-7320-9fb2-f0bf19718e8c','2025-07-01 13:46:54','2025-07-01 13:46:54','2025-07-01 13:46:54'),
('0197c63d-96b2-7101-acf5-8f48ddc8c52c','9ce02342-69a4-4c81-bf29-bc5b89de577d','venta',2,2,NULL,'0197c63d-96ac-7320-9fb2-f0bf19718e8c','2025-07-01 13:46:54','2025-07-01 13:46:54','2025-07-01 13:46:54'),
('0197c649-29dd-73cb-b7c2-47951fd7b61b','9ce02784-1ddf-439c-9971-40f3831842e6','venta',11,11,NULL,'0197c649-29d8-708f-9b05-386d6678ef94','2025-07-01 13:59:33','2025-07-01 13:59:33','2025-07-01 13:59:33'),
('0197c649-29e0-73cd-bfc0-9bbd4f565f10','9ce02949-758d-4029-a4f2-d62d5c2048e1','venta',10,10,NULL,'0197c649-29d8-708f-9b05-386d6678ef94','2025-07-01 13:59:33','2025-07-01 13:59:33','2025-07-01 13:59:33'),
('0197c7b6-7cf6-71c6-b4f2-af7bb68d2e5e','9ce0275c-ae79-43b3-af8b-5a3ca7524fa0','venta',6,6,NULL,'0197c7b6-7cf0-71f5-ac9f-a302367c0d53','2025-07-01 20:38:34','2025-07-01 20:38:34','2025-07-01 20:38:34'),
('0197c7b6-7cf9-737b-86b3-8dc947ac77b2','9ce02914-e5ba-4c28-aac7-c3571886cf78','venta',6,6,NULL,'0197c7b6-7cf0-71f5-ac9f-a302367c0d53','2025-07-01 20:38:35','2025-07-01 20:38:35','2025-07-01 20:38:35'),
('0197cc4a-6a3e-7069-a2a1-08729685b5d7','9cdde3cb-3a93-471e-81f8-ddd7eed3a29f','venta',4,4,NULL,'0197cc4a-6a3a-7100-884f-5ad763edda4f','2025-07-02 17:58:38','2025-07-02 17:58:38','2025-07-02 17:58:38'),
('0197cc4a-6a43-71d1-8aca-6c3da9bacea2','9ce02146-9fab-4663-8939-3c720212ce18','venta',9,9,NULL,'0197cc4a-6a3a-7100-884f-5ad763edda4f','2025-07-02 17:58:38','2025-07-02 17:58:38','2025-07-02 17:58:38'),
('0197cc4a-6a46-7330-aee2-d6e96623d160','9ce02784-1ddf-439c-9971-40f3831842e6','venta',9,9,NULL,'0197cc4a-6a3a-7100-884f-5ad763edda4f','2025-07-02 17:58:38','2025-07-02 17:58:38','2025-07-02 17:58:38'),
('0197cc4a-6a4a-72df-92dc-43344f31a8fa','9ce02949-758d-4029-a4f2-d62d5c2048e1','venta',8,8,NULL,'0197cc4a-6a3a-7100-884f-5ad763edda4f','2025-07-02 17:58:38','2025-07-02 17:58:38','2025-07-02 17:58:38'),
('0197ccea-ac75-7153-bac7-4e77a171f3b9','9cdde3cb-3a93-471e-81f8-ddd7eed3a29f','venta',3,3,NULL,'0197ccea-ac71-7119-9e8f-8a9d4f070206','2025-07-02 20:53:41','2025-07-02 20:53:41','2025-07-02 20:53:41'),
('0197ccea-ac78-7294-89d8-d99c75772733','9ce02784-1ddf-439c-9971-40f3831842e6','venta',7,7,NULL,'0197ccea-ac71-7119-9e8f-8a9d4f070206','2025-07-02 20:53:41','2025-07-02 20:53:41','2025-07-02 20:53:41'),
('0197ccea-ac7b-7062-ad71-e44df29f76e4','9ce02949-758d-4029-a4f2-d62d5c2048e1','venta',6,6,NULL,'0197ccea-ac71-7119-9e8f-8a9d4f070206','2025-07-02 20:53:41','2025-07-02 20:53:41','2025-07-02 20:53:41'),
('0197d648-2d4e-70b4-919b-bed6ad3e5b90','9cdde3cb-3a93-471e-81f8-ddd7eed3a29f','venta',2,2,NULL,'0197d648-2d4a-71a2-8c28-a9636fd9736f','2025-07-04 16:32:23','2025-07-04 16:32:23','2025-07-04 16:32:23'),
('0197d73a-9015-7167-8c20-8a9c7a725f3b','9ce0275c-ae79-43b3-af8b-5a3ca7524fa0','venta',4,4,NULL,'0197d73a-9010-70b1-a7ed-6f9080ab0e63','2025-07-04 20:57:08','2025-07-04 20:57:08','2025-07-04 20:57:08'),
('0197d73a-9018-703a-bbe6-dafc1669ad9e','9ce02914-e5ba-4c28-aac7-c3571886cf78','venta',5,5,NULL,'0197d73a-9010-70b1-a7ed-6f9080ab0e63','2025-07-04 20:57:08','2025-07-04 20:57:08','2025-07-04 20:57:08'),
('0197e6d0-a760-71ad-9c53-9f3464e28fc0','9ce02173-d296-4783-bed9-1a490b303e7c','venta',1,1,NULL,'0197e6d0-a75b-713a-987c-ca35d3563107','2025-07-07 21:35:23','2025-07-07 21:35:23','2025-07-07 21:35:23'),
('0197e6d0-a765-7055-b546-2bd1fe6a466c','9ce02004-381d-4760-917f-031559ffebc5','venta',2,2,NULL,'0197e6d0-a75b-713a-987c-ca35d3563107','2025-07-07 21:35:23','2025-07-07 21:35:23','2025-07-07 21:35:23'),
('0197e6e0-81d4-701c-9c98-a465e3845a36','9ce02914-e5ba-4c28-aac7-c3571886cf78','venta',4,4,NULL,'0197e6e0-81d1-720c-890a-af0a85db08b3','2025-07-07 21:52:42','2025-07-07 21:52:42','2025-07-07 21:52:42'),
('0197ea26-05ad-7283-9fda-d961766feb5f','9ce02146-9fab-4663-8939-3c720212ce18','venta',8,8,NULL,'0197ea26-05a2-7280-8918-7ef2c4193646','2025-07-08 13:07:29','2025-07-08 13:07:29','2025-07-08 13:07:29'),
('0197ea26-05b3-7043-89fa-727bdbecd2b7','9cdde3cb-3a93-471e-81f8-ddd7eed3a29f','venta',1,1,NULL,'0197ea26-05a2-7280-8918-7ef2c4193646','2025-07-08 13:07:29','2025-07-08 13:07:29','2025-07-08 13:07:29'),
('0197ea26-05b6-7056-85c3-1f9688b4df22','9ce02949-758d-4029-a4f2-d62d5c2048e1','venta',5,5,NULL,'0197ea26-05a2-7280-8918-7ef2c4193646','2025-07-08 13:07:29','2025-07-08 13:07:29','2025-07-08 13:07:29'),
('0197ea26-05b9-70c1-852e-eedb909fea18','9ce02784-1ddf-439c-9971-40f3831842e6','venta',6,6,NULL,'0197ea26-05a2-7280-8918-7ef2c4193646','2025-07-08 13:07:29','2025-07-08 13:07:29','2025-07-08 13:07:29'),
('0197ea6e-d8eb-72a1-a794-36a67d424525','9ce02146-9fab-4663-8939-3c720212ce18','venta',7,7,NULL,'0197ea6e-d8e4-72f0-8222-0e2025dd7f62','2025-07-08 14:27:02','2025-07-08 14:27:02','2025-07-08 14:27:02'),
('0197ea6e-d8ef-7315-96bd-87779c8c205b','9ce02342-69a4-4c81-bf29-bc5b89de577d','venta',0,0,NULL,'0197ea6e-d8e4-72f0-8222-0e2025dd7f62','2025-07-08 14:27:02','2025-07-08 14:27:02','2025-07-08 14:27:02'),
('0197eace-1362-71fc-80ee-82b7d66846c0','9ce0275c-ae79-43b3-af8b-5a3ca7524fa0','venta',3,3,NULL,'0197eace-135c-703d-ae12-ac99270b3ed8','2025-07-08 16:11:03','2025-07-08 16:11:03','2025-07-08 16:11:03'),
('0197eace-1367-717d-baa7-00b6c9609f28','9ce02914-e5ba-4c28-aac7-c3571886cf78','venta',3,3,NULL,'0197eace-135c-703d-ae12-ac99270b3ed8','2025-07-08 16:11:03','2025-07-08 16:11:03','2025-07-08 16:11:03'),
('0197efea-060e-73e6-a14f-99e4f390ea99','9ce0275c-ae79-43b3-af8b-5a3ca7524fa0','venta',1,1,NULL,'0197efea-0608-7169-83a2-c4ce2ffb73a1','2025-07-09 15:59:41','2025-07-09 15:59:41','2025-07-09 15:59:41'),
('0197efea-0613-73f8-b5b7-0d83dde70133','9ce02914-e5ba-4c28-aac7-c3571886cf78','venta',2,2,NULL,'0197efea-0608-7169-83a2-c4ce2ffb73a1','2025-07-09 15:59:41','2025-07-09 15:59:41','2025-07-09 15:59:41'),
('0197f041-c9fb-70e7-a7fa-c9ca65c9adca','9ce024ad-08ba-4d12-a1cd-eaf675ba3ced','venta',7,7,NULL,'0197f041-c9f5-708b-84e6-caf0c1ea3ad7','2025-07-09 17:35:32','2025-07-09 17:35:32','2025-07-09 17:35:32'),
('0197f590-5287-70d5-91a6-f98553c00775','9ce02949-758d-4029-a4f2-d62d5c2048e1','venta',4,4,NULL,'0197f590-5283-729c-8f93-20ec02c04dbe','2025-07-10 18:19:25','2025-07-10 18:19:25','2025-07-10 18:19:25'),
('019819b4-7d00-7134-949a-f08859d3919a','9ce02914-e5ba-4c28-aac7-c3571886cf78','venta',1,1,NULL,'019819b4-7cf5-73e2-b747-6f8fe183b916','2025-07-17 18:45:15','2025-07-17 18:45:15','2025-07-17 18:45:15'),
('019819b4-7d04-706e-b077-045d7efafe01','9ce0275c-ae79-43b3-af8b-5a3ca7524fa0','venta',0,0,NULL,'019819b4-7cf5-73e2-b747-6f8fe183b916','2025-07-17 18:45:15','2025-07-17 18:45:15','2025-07-17 18:45:15'),
('01982dcb-d522-72a3-9fff-e266bc040d52','9ce024ad-08ba-4d12-a1cd-eaf675ba3ced','venta',6,6,NULL,'01982dcb-d50d-73c3-86f3-7f12f9f1ad56','2025-07-21 16:23:09','2025-07-21 16:23:09','2025-07-21 16:23:09'),
('01983d81-2f48-714a-99a6-5cd28bc2f63f','9ce02784-1ddf-439c-9971-40f3831842e6','venta',4,4,NULL,'01983d81-2f3b-7059-b44f-a11309bcf3d2','2025-07-24 17:35:33','2025-07-24 17:35:33','2025-07-24 17:35:33'),
('01983d81-2f4b-7121-bf30-d7c78388da63','9ce02914-e5ba-4c28-aac7-c3571886cf78','venta',0,0,NULL,'01983d81-2f3b-7059-b44f-a11309bcf3d2','2025-07-24 17:35:33','2025-07-24 17:35:33','2025-07-24 17:35:33'),
('0198c7dd-74e8-727f-9d24-2476de5852cd','9ce022a0-4a37-460a-8b9b-841f75191c85','venta',15,15,NULL,'0198c7dd-74da-70c4-8ade-93aef29b5f61','2025-08-20 14:23:56','2025-08-20 14:23:56','2025-08-20 14:23:56'),
('0198c7dd-74ee-718d-a270-2c476f6a8f36','9ce02478-5294-41ca-abb5-ddb50c92a283','venta',5,5,NULL,'0198c7dd-74da-70c4-8ade-93aef29b5f61','2025-08-20 14:23:56','2025-08-20 14:23:56','2025-08-20 14:23:56'),
('0198c8d4-a95e-735c-b9be-7725c8d82e13','9ce02146-9fab-4663-8939-3c720212ce18','venta',6,6,NULL,'0198c8d4-a95a-704a-be5a-8b5e914c0dc5','2025-08-20 18:53:56','2025-08-20 18:53:56','2025-08-20 18:53:56'),
('0198c8d4-a961-715a-9eb0-67901b5a5b3c','9ce027ac-2cbb-4f60-9e1d-460884b0345a','venta',3,3,NULL,'0198c8d4-a95a-704a-be5a-8b5e914c0dc5','2025-08-20 18:53:56','2025-08-20 18:53:56','2025-08-20 18:53:56'),
('0198ce04-40af-714e-9617-352de368cd62','9ce022a0-4a37-460a-8b9b-841f75191c85','venta',14,14,NULL,'0198ce04-40a3-710a-b03a-b3eb3f13c689','2025-08-21 19:04:01','2025-08-21 19:04:01','2025-08-21 19:04:01'),
('0198ce04-40b3-739d-93fb-89c4092abfd8','9ce02478-5294-41ca-abb5-ddb50c92a283','venta',4,4,NULL,'0198ce04-40a3-710a-b03a-b3eb3f13c689','2025-08-21 19:04:01','2025-08-21 19:04:01','2025-08-21 19:04:01'),
('0198e2ae-9696-7342-9401-f9caa4aacb80','9ce0270e-4a74-4c56-b958-4a70217df32d','venta',8,8,NULL,'0198e2ae-9689-729f-8da3-c4b48d422795','2025-08-25 19:22:29','2025-08-25 19:22:29','2025-08-25 19:22:29'),
('0198e2ae-9699-7332-b8f1-ad830f943f5b','9ce02888-49cb-45a0-8308-43553cca5396','venta',12,12,NULL,'0198e2ae-9689-729f-8da3-c4b48d422795','2025-08-25 19:22:29','2025-08-25 19:22:29','2025-08-25 19:22:29'),
('0198e7aa-f688-73a8-8e4c-c1d247446dd9','9ce024ad-08ba-4d12-a1cd-eaf675ba3ced','venta',5,5,NULL,'0198e7aa-f67f-70b7-b107-59485a5dc43f','2025-08-26 18:36:37','2025-08-26 18:36:37','2025-08-26 18:36:37'),
('0198f6d3-8267-70c8-b59d-a4eb79577534','9ce0270e-4a74-4c56-b958-4a70217df32d','venta',7,7,NULL,'0198f6d3-825e-72ef-928b-7437be620f41','2025-08-29 17:15:13','2025-08-29 17:15:13','2025-08-29 17:15:13'),
('0198f6d3-826a-7058-b443-dcc0996412c5','9ce02888-49cb-45a0-8308-43553cca5396','venta',11,11,NULL,'0198f6d3-825e-72ef-928b-7437be620f41','2025-08-29 17:15:13','2025-08-29 17:15:13','2025-08-29 17:15:13'),
('019905fc-ae12-7225-9c4b-ab4fae4ac91e','9ce022e1-6601-4a7d-88a6-51d4239c7a60','venta',5,5,NULL,'019905fc-ae04-70fa-8c2c-222761023f4a','2025-09-01 15:54:29','2025-09-01 15:54:29','2025-09-01 15:54:29'),
('019914e3-0a64-70e6-ae1c-9a34f57ab4b1','9ce02146-9fab-4663-8939-3c720212ce18','venta',5,5,NULL,'019914e3-0a5d-7359-ad07-6e988bcedd32','2025-09-04 13:20:47','2025-09-04 13:20:47','2025-09-04 13:20:47'),
('019916a9-aa47-721b-9d5b-960366f5eb34','9ce022a0-4a37-460a-8b9b-841f75191c85','venta',13,13,NULL,'019916a9-aa3b-734d-ab5b-8a41aeabfd0a','2025-09-04 21:37:21','2025-09-04 21:37:21','2025-09-04 21:37:21'),
('019916a9-aa4b-718b-8dad-e529fff7fa30','9ce02478-5294-41ca-abb5-ddb50c92a283','venta',3,3,NULL,'019916a9-aa3b-734d-ab5b-8a41aeabfd0a','2025-09-04 21:37:21','2025-09-04 21:37:21','2025-09-04 21:37:21'),
('019916aa-aa0e-72dd-80eb-2f58a1148b07','9ce022a0-4a37-460a-8b9b-841f75191c85','venta',12,12,NULL,'019916aa-aa08-720c-a9d9-fb235a057133','2025-09-04 21:38:27','2025-09-04 21:38:27','2025-09-04 21:38:27'),
('019916aa-aa11-73ef-a35f-4a5082a60459','9ce02478-5294-41ca-abb5-ddb50c92a283','venta',2,2,NULL,'019916aa-aa08-720c-a9d9-fb235a057133','2025-09-04 21:38:27','2025-09-04 21:38:27','2025-09-04 21:38:27'),
('01991ba9-b872-706b-8fff-f54d22ddffbd','9ce02949-758d-4029-a4f2-d62d5c2048e1','venta',3,3,NULL,'01991ba9-b86a-71d2-857c-36e833100cba','2025-09-05 20:55:31','2025-09-05 20:55:31','2025-09-05 20:55:31'),
('019933d0-1492-707a-a940-b8bc415bd368','9ce02146-9fab-4663-8939-3c720212ce18','ajuste',8,8,'Conteo Físico',NULL,'2025-09-10 13:28:18','2025-09-10 13:28:18','2025-09-10 13:28:18'),
('019933d1-0802-73f2-974a-9ec181380f6a','9ce02146-9fab-4663-8939-3c720212ce18','venta',-1,7,NULL,'019933d1-07fc-714a-9d13-c1df038b9298','2025-09-10 13:29:21','2025-09-10 13:29:21','2025-09-10 13:29:21'),
('019933d9-7a9d-73a9-ae89-5f5fc241337e','9cdddf75-2994-4ad7-90e3-139854e98180','ajuste',9,9,'Conteo Físico',NULL,'2025-09-10 13:38:34','2025-09-10 13:38:34','2025-09-10 13:38:34'),
('019933da-3d18-7387-8b8c-89fa633f937a','9cdde14f-be93-4f09-bb0c-c67c25e4278f','ajuste',11,11,'Conteo Físico',NULL,'2025-09-10 13:39:24','2025-09-10 13:39:24','2025-09-10 13:39:24'),
('019933dd-8c36-701b-b036-4b08e4547eb1','9cdde190-caf5-4dd0-b3ea-765ccf0418af','ajuste',8,8,'Conteo Físico',NULL,'2025-09-10 13:43:01','2025-09-10 13:43:01','2025-09-10 13:43:01'),
('019933de-efac-729e-9f03-1c4859da1007','9ce02004-381d-4760-917f-031559ffebc5','ajuste',7,7,'Conteo Físico',NULL,'2025-09-10 13:44:32','2025-09-10 13:44:32','2025-09-10 13:44:32'),
('019933e0-d805-71fc-8963-3f2f8a2ff37f','9cdde3cb-3a93-471e-81f8-ddd7eed3a29f','ajuste',7,7,'Conteo Físico',NULL,'2025-09-10 13:46:37','2025-09-10 13:46:37','2025-09-10 13:46:37'),
('019933e2-094a-7383-aa50-a8517fefc3ef','9ce0202e-e05d-4a4b-b932-e89b747bd7cc','ajuste',2,2,'Conteo Físico',NULL,'2025-09-10 13:47:55','2025-09-10 13:47:55','2025-09-10 13:47:55'),
('01993423-b654-7272-ada1-863ca0b1ee74','9ce0205b-c6f0-4d14-8222-37ea960a0311','ajuste',13,13,'Conteo Físico',NULL,'2025-09-10 14:59:39','2025-09-10 14:59:39','2025-09-10 14:59:39'),
('01993425-53c2-71bf-b7b5-6080a97830f7','9ce020bb-7c3c-49e9-9aa6-4523a4c249d5','ajuste',9,9,'Conteo Físico',NULL,'2025-09-10 15:01:25','2025-09-10 15:01:25','2025-09-10 15:01:25'),
('01993427-abbb-724b-989b-68524f9a8d85','9ce02114-b77d-4b4d-a7ba-acae935ce439','ajuste',7,7,'Conteo Físico',NULL,'2025-09-10 15:03:59','2025-09-10 15:03:59','2025-09-10 15:03:59'),
('01993428-d927-73a0-bd0d-7b7d95f6ccaa','9ce02173-d296-4783-bed9-1a490b303e7c','ajuste',8,8,'Conteo Físico',NULL,'2025-09-10 15:05:16','2025-09-10 15:05:16','2025-09-10 15:05:16'),
('01993429-c7a4-71b3-bf28-8b55c50024fc','9ce021b2-a670-4867-84d1-549f3797901d','ajuste',4,4,'Conteo Físico',NULL,'2025-09-10 15:06:17','2025-09-10 15:06:17','2025-09-10 15:06:17'),
('0199342a-50dd-7179-bd56-a7bc8f193522','9ce026d6-9aa1-4394-9ba4-9fdbe5aab87d','ajuste',9,9,'Conteo Físico',NULL,'2025-09-10 15:06:52','2025-09-10 15:06:52','2025-09-10 15:06:52'),
('0199342b-05d9-7361-a0fd-7766083227d4','9ce0270e-4a74-4c56-b958-4a70217df32d','ajuste',19,19,'Conteo Físico',NULL,'2025-09-10 15:07:38','2025-09-10 15:07:38','2025-09-10 15:07:38'),
('0199342b-f4ee-7115-858a-505d63873cd6','9ce0275c-ae79-43b3-af8b-5a3ca7524fa0','ajuste',4,4,'Conteo Físico',NULL,'2025-09-10 15:08:40','2025-09-10 15:08:40','2025-09-10 15:08:40'),
('0199342c-a214-71cb-a2d1-93f754765af1','9ce02784-1ddf-439c-9971-40f3831842e6','ajuste',13,13,'Conteo Físico',NULL,'2025-09-10 15:09:24','2025-09-10 15:09:24','2025-09-10 15:09:24'),
('0199342d-26b0-70ad-a2d0-7c4eef775ec4','9ce027ac-2cbb-4f60-9e1d-460884b0345a','ajuste',2,2,'Conteo físico',NULL,'2025-09-10 15:09:58','2025-09-10 15:09:58','2025-09-10 15:09:58'),
('01993431-8282-720f-b575-d5707f8a9e0b','9ce0285a-7329-4d84-be38-576987e7bf57','ajuste',2,2,'Conteo Físico',NULL,'2025-09-10 15:14:43','2025-09-10 15:14:43','2025-09-10 15:14:43'),
('01993431-fb7c-7044-9ba9-2658460ca1b9','9ce02888-49cb-45a0-8308-43553cca5396','ajuste',17,17,'Conteo Físico',NULL,'2025-09-10 15:15:14','2025-09-10 15:15:14','2025-09-10 15:15:14'),
('01993434-9ab3-711f-8683-359caf680241','9ce02914-e5ba-4c28-aac7-c3571886cf78','ajuste',6,6,'Conteo Físico',NULL,'2025-09-10 15:18:06','2025-09-10 15:18:06','2025-09-10 15:18:06'),
('01993435-21b6-72d6-a5f4-3fc6fb6b1287','9ce02949-758d-4029-a4f2-d62d5c2048e1','ajuste',10,10,'Conteo Físico',NULL,'2025-09-10 15:18:41','2025-09-10 15:18:41','2025-09-10 15:18:41'),
('01993435-ea38-73c2-91e6-27d18b9f31c9','9ce029f3-75bc-4388-b87f-cd4062302adf','ajuste',3,3,'Conteo Físico',NULL,'2025-09-10 15:19:32','2025-09-10 15:19:32','2025-09-10 15:19:32'),
('01993437-1135-719e-a5d3-32bff6bc468d','9ce0225f-9018-4384-9048-de5cc887362d','ajuste',6,6,'Conteo Físico',NULL,'2025-09-10 15:20:48','2025-09-10 15:20:48','2025-09-10 15:20:48'),
('01993437-ba7d-7070-afa8-d91c26d2c4ff','9ce022a0-4a37-460a-8b9b-841f75191c85','ajuste',13,13,'Conteo Físico',NULL,'2025-09-10 15:21:31','2025-09-10 15:21:31','2025-09-10 15:21:31'),
('01993438-7cd3-73b2-8331-ba33a6531dd7','9ce022e1-6601-4a7d-88a6-51d4239c7a60','ajuste',8,8,'Conteo Físico',NULL,'2025-09-10 15:22:21','2025-09-10 15:22:21','2025-09-10 15:22:21'),
('0199343a-a688-7137-befc-38f760a70a0a','9ce02342-69a4-4c81-bf29-bc5b89de577d','ajuste',2,2,'Conteo Físico',NULL,'2025-09-10 15:24:43','2025-09-10 15:24:43','2025-09-10 15:24:43'),
('0199343e-44b3-70ac-b037-7c9434e3cd88','9ce02379-1f64-441e-9c2f-913cdda3af71','ajuste',7,7,'Conteo Físico',NULL,'2025-09-10 15:28:40','2025-09-10 15:28:40','2025-09-10 15:28:40'),
('0199343e-bb5f-733d-8ad7-291480b4f057','9ce023c4-7019-450b-83b5-24c426b4faa9','ajuste',3,3,'Conteo Físico',NULL,'2025-09-10 15:29:10','2025-09-10 15:29:10','2025-09-10 15:29:10'),
('0199343f-bc03-72b9-8171-d60074bff3d8','9ce0243f-e494-48ec-a099-67552ac28f19','ajuste',9,9,'Conteo Físico',NULL,'2025-09-10 15:30:16','2025-09-10 15:30:16','2025-09-10 15:30:16'),
('01993440-4461-72ae-9e32-30b8ba6e28a7','9ce02478-5294-41ca-abb5-ddb50c92a283','ajuste',5,5,'Conteo Físico',NULL,'2025-09-10 15:30:51','2025-09-10 15:30:51','2025-09-10 15:30:51'),
('01993441-1f78-7087-81a0-bf60712510d1','9ce024ad-08ba-4d12-a1cd-eaf675ba3ced','ajuste',1,1,'Conteo Físico',NULL,'2025-09-10 15:31:47','2025-09-10 15:31:47','2025-09-10 15:31:47'),
('01993441-ed4d-71b3-82b5-3c05403ad29b','9ce025ec-86c2-4983-9147-b3814a4a3cba','ajuste',6,6,'Conteo Físico',NULL,'2025-09-10 15:32:39','2025-09-10 15:32:39','2025-09-10 15:32:39'),
('01993442-6e5c-7124-b366-79d40944365c','9ce02622-bebe-4378-b49a-83cdd767eaee','ajuste',10,10,'Conteo Físico',NULL,'2025-09-10 15:33:12','2025-09-10 15:33:12','2025-09-10 15:33:12'),
('0199344f-cb83-725b-87d2-2ce17e48cf69','9ce02a75-fc07-44ca-bcb6-b9d939469054','ajuste',2,2,'Conteo Físico',NULL,'2025-09-10 15:47:48','2025-09-10 15:47:48','2025-09-10 15:47:48'),
('01993450-4a0a-7250-bf47-486a6d5552c9','9ce02abb-8307-4431-9d7f-62330d61a488','ajuste',4,4,'Conteo Físico',NULL,'2025-09-10 15:48:21','2025-09-10 15:48:21','2025-09-10 15:48:21'),
('0199345d-7922-73b7-be43-67a4b62cbb37','9ce02abb-8307-4431-9d7f-62330d61a488','ajuste',4,8,'Conteo Físico',NULL,'2025-09-10 16:02:45','2025-09-10 16:02:45','2025-09-10 16:02:45'),
('0199345f-ca24-7054-8b7c-6d535c8a46b3','9ce02b0c-e978-4dc9-901d-c5a18500b20b','ajuste',5,5,'Conteo Físico',NULL,'2025-09-10 16:05:16','2025-09-10 16:05:16','2025-09-10 16:05:16'),
('01993460-c646-72ea-9935-5667c80bec1a','9ce02b5a-9826-403b-bbd7-9d50e6c41d9d','ajuste',2,2,'Conteo Físico',NULL,'2025-09-10 16:06:21','2025-09-10 16:06:21','2025-09-10 16:06:21'),
('01993460-c8dc-7363-9a36-a666bf30f4c5','9ce02b5a-9826-403b-bbd7-9d50e6c41d9d','ajuste',2,4,'Conteo Físico',NULL,'2025-09-10 16:06:22','2025-09-10 16:06:22','2025-09-10 16:06:22'),
('01993461-7f3c-73a9-8ca0-41e4681beccc','9e8675bb-4109-44ad-9935-e9a5f175c89c','ajuste',2,2,'Conteo Físico',NULL,'2025-09-10 16:07:08','2025-09-10 16:07:08','2025-09-10 16:07:08'),
('01993462-c6cc-72ed-860f-c9c28d9185bc','9ce02c39-1f09-4360-851d-8e349e5ee136','ajuste',1,1,'Conteo Físico',NULL,'2025-09-10 16:08:32','2025-09-10 16:08:32','2025-09-10 16:08:32'),
('019934a3-4a42-7362-8f72-0d961c791439','9cdde14f-be93-4f09-bb0c-c67c25e4278f','venta',-1,10,NULL,'019934a3-4a3a-72b7-a438-075366adacf5','2025-09-10 17:19:00','2025-09-10 17:19:00','2025-09-10 17:19:00'),
('019934a3-4a46-7149-b596-6128963ff600','9ce020bb-7c3c-49e9-9aa6-4523a4c249d5','venta',-1,8,NULL,'019934a3-4a3a-72b7-a438-075366adacf5','2025-09-10 17:19:00','2025-09-10 17:19:00','2025-09-10 17:19:00'),
('019934a3-4a48-726a-a5a9-9d930b1d14c8','9ce0270e-4a74-4c56-b958-4a70217df32d','venta',-1,18,NULL,'019934a3-4a3a-72b7-a438-075366adacf5','2025-09-10 17:19:00','2025-09-10 17:19:00','2025-09-10 17:19:00'),
('019934a3-4a4b-735d-b9dd-f87b52707079','9ce02888-49cb-45a0-8308-43553cca5396','venta',-1,16,NULL,'019934a3-4a3a-72b7-a438-075366adacf5','2025-09-10 17:19:00','2025-09-10 17:19:00','2025-09-10 17:19:00'),
('0199390c-dd2b-718f-9d18-6865b3f754ee','9ce02784-1ddf-439c-9971-40f3831842e6','venta',-1,12,NULL,'0199390c-dd24-70d5-bd6a-fbba6a886549','2025-09-11 13:52:48','2025-09-11 13:52:48','2025-09-11 13:52:48'),
('01993a78-a031-7089-9c6c-18dbe2026fc9','9ce02b0c-e978-4dc9-901d-c5a18500b20b','venta',-1,4,NULL,'01993a78-a02c-7013-bea2-a4b59cc6b06e','2025-09-11 20:30:07','2025-09-11 20:30:07','2025-09-11 20:30:07'),
('ea8ad6c9-fb2f-4d66-a661-02c052c56856','9cdddf75-2994-4ad7-90e3-139854e98180','ajuste',13,13,NULL,'b3feb25d-679a-401f-86ce-656d00d98742','2025-01-10 11:09:59','2025-01-10 11:09:59','2025-01-10 11:09:59'),
('2a53a994-1822-4012-8a63-0480c7a61beb','9ce0225f-9018-4384-9048-de5cc887362d','ajuste',7,7,NULL,'9c3e4a3b-d1bd-4e25-97de-35198a053495','2025-01-10 11:20:52','2025-01-10 11:20:52','2025-01-10 11:20:52'),
('9e7ae439-033f-4401-a5b2-0609ea764281','9ce02da9-d078-4225-a018-88dc2894fb70','venta',8,8,NULL,'9e7ae438-f96e-4e1e-b51c-582448e212a5','2025-03-20 21:35:21','2025-03-20 16:35:21','2025-03-20 16:35:21'),
('65a3145f-ca19-45d2-b46a-0b38f7b19b16','9ce02da9-d078-4225-a018-88dc2894fb70','ajuste',16,16,NULL,'0c059a6a-bc54-4dc4-b7d9-53d8d5dd7daa','2025-01-15 15:47:47','2025-01-15 15:47:47','2025-01-15 15:47:47'),
('371a2ce4-56e8-4328-92c8-0b3e80a6927e','9ce023c4-7019-450b-83b5-24c426b4faa9','ajuste',3,3,NULL,'8ab41e21-f366-42fc-933f-cdb5ac763846','2025-02-26 08:37:32','2025-02-26 08:37:32','2025-02-26 08:37:32'),
('ba1fa5aa-cd41-4275-9399-0cb74a07c43e','9ce02478-5294-41ca-abb5-ddb50c92a283','ajuste',3,3,'ERROR DE CONTEO','61273be1-2ba7-425c-a0bd-79daf8b5b362','2025-02-25 16:51:15','2025-02-25 16:51:15','2025-02-25 16:51:15'),
('dfdc828e-c19d-47fc-bd94-0d759c052a8e','9ce027fa-48ee-4a17-a90e-41d315296e3f','ajuste',4,4,NULL,'ae112273-9882-49b9-8f6d-c04d34b59ac0','2025-01-10 11:18:46','2025-01-10 11:18:46','2025-01-10 11:18:46'),
('9ecf18c9-2aa4-4d89-85f0-0d8f78a5afa0','9cdde14f-be93-4f09-bb0c-c67c25e4278f','venta',10,10,NULL,'9ecf18c9-2769-49ef-8b7e-1886a9030cc9','2025-05-01 18:11:52','2025-05-01 13:11:52','2025-05-01 13:11:52'),
('9e96661f-8545-4449-a286-0e44c06edbd8','9ce027fa-48ee-4a17-a90e-41d315296e3f','venta',3,3,NULL,'9e96661f-80f1-480e-9eae-28f20790d0c9','2025-04-03 13:45:56','2025-04-03 08:45:56','2025-04-03 08:45:56'),
('0f5ed363-3c61-4d60-93c0-14a0ed7c1f03','9ce025ec-86c2-4983-9147-b3814a4a3cba','ajuste',2,2,NULL,'f121f365-e712-4e79-a413-b534ffb495d7','2025-01-10 11:44:46','2025-01-10 11:44:46','2025-01-10 11:44:46'),
('9e0a055b-0188-4b67-8f81-18e5cd5ab300','9ce02da9-d078-4225-a018-88dc2894fb70','venta',15,15,NULL,'9e0a055a-fbd7-4221-8959-a693d8584a38','2025-01-23 18:59:27','2025-01-23 12:59:27','2025-01-23 12:59:27'),
('a63ceb4e-b787-4c6a-9af2-198617ca8995','9ce029f3-75bc-4388-b87f-cd4062302adf','ajuste',5,5,NULL,'9416e8a3-b303-46a9-ac51-16d519efb974','2025-01-10 11:20:30','2025-01-10 11:20:30','2025-01-10 11:20:30'),
('9e5882f7-d87b-4b4c-92ec-19f621d691cf','9ce020bb-7c3c-49e9-9aa6-4523a4c249d5','venta',11,11,NULL,'9e5882f7-ba07-4bae-ac3f-7531923649c5','2025-03-03 19:25:15','2025-03-03 13:25:15','2025-03-03 13:25:15'),
('bfa0f6eb-d636-4bf2-b143-1eaa8d43fdbe','9ce02888-49cb-45a0-8308-43553cca5396','ajuste',18,18,NULL,'3eb55669-0a1d-4e96-ae76-7cd67931ab5c','2025-03-20 09:50:22','2025-03-20 09:50:22','2025-03-20 09:50:22'),
('9ec8ecbb-c2dd-434b-a473-1fd1ffab5fe6','9ce020bb-7c3c-49e9-9aa6-4523a4c249d5','venta',10,10,NULL,'9ec8ecbb-bc67-4332-96da-b7c21e26b74e','2025-04-28 16:33:43','2025-04-28 11:33:43','2025-04-28 11:33:43'),
('9e7ae438-fd78-4039-b94a-26377794809b','9ce0205b-c6f0-4d14-8222-37ea960a0311','venta',9,9,NULL,'9e7ae438-f96e-4e1e-b51c-582448e212a5','2025-03-20 21:35:21','2025-03-20 16:35:21','2025-03-20 16:35:21'),
('9e92bca6-8c74-44ac-921e-2791871280ff','9ce0270e-4a74-4c56-b958-4a70217df32d','venta',18,18,NULL,'9e92bca6-874c-4e96-958f-1088d07e71e7','2025-04-01 18:04:34','2025-04-01 13:04:34','2025-04-01 13:04:34'),
('9df5efe7-d2b9-4727-a7c1-27bbf531c645','9ce02114-b77d-4b4d-a7ba-acae935ce439','venta',11,11,NULL,'9df5efe7-d0ae-41ae-92a4-11c2d9172f03','2025-01-13 19:22:54','2025-01-13 13:22:54','2025-01-13 13:22:54'),
('9e23ef69-e16e-4ae2-b0cf-2910f32144f8','9ce02114-b77d-4b4d-a7ba-acae935ce439','venta',10,10,NULL,'9e23ef69-dc8a-46ca-91de-57e7dd05f752','2025-02-05 16:09:37','2025-02-05 10:09:37','2025-02-05 10:09:37'),
('9e82419e-1ba8-4fb1-bc3d-2b2fec420c7d','9ce027fa-48ee-4a17-a90e-41d315296e3f','venta',3,3,NULL,'9e82419e-196a-4cf9-829f-6969d059f618','2025-03-24 13:27:18','2025-03-24 08:27:18','2025-03-24 08:27:18'),
('0ae6da5a-3841-4a6f-bd6f-2b3e942f96ea','9ce02478-5294-41ca-abb5-ddb50c92a283','ajuste',1,1,NULL,'b47d7793-5a89-437e-809d-567891b94fd4','2025-02-25 16:52:23','2025-02-25 16:52:23','2025-02-25 16:52:23'),
('7abfc785-9d60-467b-8381-2b706c4d6257','9cdddf75-2994-4ad7-90e3-139854e98180','ajuste',4,4,NULL,'a601e9a9-df3e-4595-9723-aa9f6c2f38f7','2025-01-10 11:09:12','2025-01-10 11:09:12','2025-01-10 11:09:12'),
('c6e7b149-a9da-4a81-9be6-2cf401f6d72d','9ce02949-758d-4029-a4f2-d62d5c2048e1','ajuste',5,5,NULL,'43e5d21c-4261-4fa1-b807-a775b7a02523','2025-01-10 11:19:53','2025-01-10 11:19:53','2025-01-10 11:19:53'),
('9e6c21b1-436d-471f-9660-2e6225dbfeb2','9ce02da9-d078-4225-a018-88dc2894fb70','venta',-1,11,NULL,'9e6c21b1-3ff6-49ff-9c8a-5484fbba01a6','2025-03-13 13:29:49','2025-03-13 08:29:49','2025-03-13 08:29:49'),
('9e6ad5c9-56fd-49fb-8b9d-3444ad4d618c','9ce02da9-d078-4225-a018-88dc2894fb70','venta',12,12,NULL,'9e6ad5c9-53ed-4cbd-9847-c0946445984a','2025-03-12 22:01:44','2025-03-12 17:01:44','2025-03-12 17:01:44'),
('9e90f9dd-c229-4bf3-bad8-3497d20e6480','9ce024ad-08ba-4d12-a1cd-eaf675ba3ced','venta',13,13,NULL,'9e90f9dd-b960-4b01-a7a6-6ba155695231','2025-03-31 21:04:05','2025-03-31 16:04:05','2025-03-31 16:04:05'),
('9e3e47f3-8c29-4104-8100-35740845ddca','9ce02342-69a4-4c81-bf29-bc5b89de577d','venta',5,5,NULL,'9e3e47f3-8970-4c4e-899d-8d3a0cf2e354','2025-02-18 18:28:43','2025-02-18 12:28:43','2025-02-18 12:28:43'),
('9e90f9dd-becf-4dc5-97c9-385388f39b5e','9ce02114-b77d-4b4d-a7ba-acae935ce439','venta',9,9,NULL,'9e90f9dd-b960-4b01-a7a6-6ba155695231','2025-03-31 21:04:05','2025-03-31 16:04:05','2025-03-31 16:04:05'),
('8e23d2e2-180c-4483-aa22-3873b6d0833b','9ce02114-b77d-4b4d-a7ba-acae935ce439','ajuste',12,12,NULL,'000d2568-cb03-4448-8146-767eefe27fdc','2025-01-10 11:15:07','2025-01-10 11:15:07','2025-01-10 11:15:07'),
('e6ed6075-4c65-43fd-acde-38b830aaf6b4','9ce02478-5294-41ca-abb5-ddb50c92a283','ajuste',-10,4,NULL,'6f028af6-43dc-4dbd-bfd6-cfb96ff93d85','2025-01-10 11:44:09','2025-01-10 11:44:09','2025-01-10 11:44:09'),
('9e86f123-54c0-4aad-bfc4-3957b32aa83b','9ce02da9-d078-4225-a018-88dc2894fb70','venta',7,7,NULL,'9e86f123-51c4-4c55-9b3a-7e0660d0c5c4','2025-03-26 21:21:24','2025-03-26 16:21:24','2025-03-26 16:21:24'),
('9e96661f-838f-45e7-bef5-3b52cea6e402','9ce02173-d296-4783-bed9-1a490b303e7c','venta',9,9,NULL,'9e96661f-80f1-480e-9eae-28f20790d0c9','2025-04-03 13:45:56','2025-04-03 08:45:56','2025-04-03 08:45:56'),
('f8b02e55-b9e0-4d5d-85d8-3cef345da2c1','9ce02abb-8307-4431-9d7f-62330d61a488','ajuste',7,7,NULL,'5e6e589f-5faf-4d21-92f1-85d78fab6ed0','2025-01-10 11:45:59','2025-01-10 11:45:59','2025-01-10 11:45:59'),
('9e5882f7-da39-4d5f-9cb7-3eedfcdb1c41','9ce02888-49cb-45a0-8308-43553cca5396','venta',3,3,NULL,'9e5882f7-ba07-4bae-ac3f-7531923649c5','2025-03-03 19:25:15','2025-03-03 13:25:15','2025-03-03 13:25:15'),
('9ec8ecbb-bed7-434d-99a1-424fd13dd6e2','9cdde14f-be93-4f09-bb0c-c67c25e4278f','venta',12,12,NULL,'9ec8ecbb-bc67-4332-96da-b7c21e26b74e','2025-04-28 16:33:43','2025-04-28 11:33:43','2025-04-28 11:33:43'),
('9e7ae438-fbe3-440f-bc65-491eafee9344','9cdddf75-2994-4ad7-90e3-139854e98180','venta',6,6,NULL,'9e7ae438-f96e-4e1e-b51c-582448e212a5','2025-03-20 21:35:21','2025-03-20 16:35:21','2025-03-20 16:35:21'),
('9e58a9f3-ca88-4b9a-a4a3-4a6eaeee46f9','9ce02478-5294-41ca-abb5-ddb50c92a283','venta',0,0,NULL,'9e58a9f3-c3fc-49fe-bfc3-cafc90d64a0f','2025-03-03 21:14:16','2025-03-03 15:14:16','2025-03-03 15:14:16'),
('9e783c97-c743-4a8b-9bc6-4def065508b6','9ce024ad-08ba-4d12-a1cd-eaf675ba3ced','venta',4,4,NULL,'9e783c97-c07a-4392-902f-e67092c3c166','2025-03-19 13:54:58','2025-03-19 08:54:58','2025-03-19 08:54:58'),
('9e58a9f3-c76a-476d-a01d-4e4b55773f1e','9cdddf75-2994-4ad7-90e3-139854e98180','venta',7,7,NULL,'9e58a9f3-c3fc-49fe-bfc3-cafc90d64a0f','2025-03-03 21:14:16','2025-03-03 15:14:16','2025-03-03 15:14:16'),
('6117141d-a3d1-4f2d-8869-4e737c0679a7','9ce02914-e5ba-4c28-aac7-c3571886cf78','ajuste',15,15,NULL,'e06ab5d6-4742-4390-948c-e190b47d1ce8','2025-03-20 09:50:38','2025-03-20 09:50:38','2025-03-20 09:50:38'),
('9ecf18c9-2ea3-4509-a5d7-4f0e699bb9b2','9ce02914-e5ba-4c28-aac7-c3571886cf78','venta',12,12,NULL,'9ecf18c9-2769-49ef-8b7e-1886a9030cc9','2025-05-01 18:11:52','2025-05-01 13:11:52','2025-05-01 13:11:52'),
('7ed272ad-56b3-446f-9584-53c969fefc0a','9ce0243f-e494-48ec-a099-67552ac28f19','ajuste',10,10,NULL,'240f5927-c04b-427f-aa68-d546c48e3c40','2025-03-20 09:44:00','2025-03-20 09:44:00','2025-03-20 09:44:00'),
('9e823d0c-d0b4-4a6f-99e4-5566cda8520a','9ce022e1-6601-4a7d-88a6-51d4239c7a60','venta',18,18,NULL,'9e823d0c-cdaa-432f-90e8-2e9dde41b437','2025-03-24 13:14:31','2025-03-24 08:14:31','2025-03-24 08:14:31'),
('4759059c-e096-48df-b1fa-573714335af8','9ce02784-1ddf-439c-9971-40f3831842e6','ajuste',13,13,NULL,'5300199d-4697-4cc9-9a9e-fddde63df7fc','2025-02-26 08:48:16','2025-02-26 08:48:16','2025-02-26 08:48:16'),
('e9d7edbc-cade-4db1-bd3a-5990af951abf','9ce02146-9fab-4663-8939-3c720212ce18','ajuste',12,12,NULL,'64195520-3297-4bef-80c1-e51ec00bbe23','2025-01-10 11:15:24','2025-01-10 11:15:24','2025-01-10 11:15:24'),
('d8c1f35c-73de-498a-8e0e-5ac0d485a77c','9ce024ad-08ba-4d12-a1cd-eaf675ba3ced','ajuste',14,14,NULL,'bda1168b-f9dd-43e5-a0be-2d2e58f38fbf','2025-03-20 09:47:16','2025-03-20 09:47:16','2025-03-20 09:47:16'),
('45d13f05-07e1-456e-b95a-5ac69909c640','9ce02173-d296-4783-bed9-1a490b303e7c','ajuste',10,10,NULL,'2e1e4f40-3b81-4e33-93a8-a0775986ac96','2025-01-10 11:15:40','2025-01-10 11:15:40','2025-01-10 11:15:40'),
('9e76e1df-efd9-4eb4-9489-5af1c34efbc4','9ce022e1-6601-4a7d-88a6-51d4239c7a60','venta',20,20,NULL,'9e76e1df-ed93-4e08-935d-3f8288bfd12c','2025-03-18 21:45:28','2025-03-18 16:45:28','2025-03-18 16:45:28'),
('9e824236-12ac-4291-b1b1-5bc5629760d9','9ce027fa-48ee-4a17-a90e-41d315296e3f','venta',0,3,NULL,'9e824236-108f-4118-85b6-c5253fb2f10a','2025-03-24 13:28:57','2025-03-24 08:28:57','2025-03-24 08:28:57'),
('9e92bca6-8a1a-4611-ac9f-60a19add51f5','9cdde14f-be93-4f09-bb0c-c67c25e4278f','venta',13,13,NULL,'9e92bca6-874c-4e96-958f-1088d07e71e7','2025-04-01 18:04:34','2025-04-01 13:04:34','2025-04-01 13:04:34'),
('e2980da8-95d3-4ef5-8f5b-62e0be07accb','9ce02478-5294-41ca-abb5-ddb50c92a283','ajuste',14,14,NULL,'a572d401-94eb-4471-b282-260102f171ed','2025-03-20 12:09:55','2025-03-20 12:09:55','2025-03-20 12:09:55'),
('43d86abd-d1d3-4ecb-bbbb-64bd7a120d4a','9ce024ad-08ba-4d12-a1cd-eaf675ba3ced','ajuste',5,5,NULL,'5bf42caa-dbba-48df-a0fb-bd3f7594bb1e','2025-02-26 08:38:15','2025-02-26 08:38:15','2025-02-26 08:38:15'),
('9e23ef69-deb1-4804-ad96-6ce1961467b3','9cdde190-caf5-4dd0-b3ea-765ccf0418af','venta',7,7,NULL,'9e23ef69-dc8a-46ca-91de-57e7dd05f752','2025-02-05 16:09:37','2025-02-05 10:09:37','2025-02-05 10:09:37'),
('9e90f9dd-bc78-4f6c-8da3-73a1054a60a0','9cdde190-caf5-4dd0-b3ea-765ccf0418af','venta',14,14,NULL,'9e90f9dd-b960-4b01-a7a6-6ba155695231','2025-03-31 21:04:05','2025-03-31 16:04:05','2025-03-31 16:04:05'),
('9e58a9f3-c90c-403c-911a-752f7659b6bf','9ce0205b-c6f0-4d14-8222-37ea960a0311','venta',10,10,NULL,'9e58a9f3-c3fc-49fe-bfc3-cafc90d64a0f','2025-03-03 21:14:16','2025-03-03 15:14:16','2025-03-03 15:14:16'),
('9ec8ecbb-c78e-48c8-bf79-790e8dcedd1d','9ce02abb-8307-4431-9d7f-62330d61a488','venta',4,4,NULL,'9ec8ecbb-bc67-4332-96da-b7c21e26b74e','2025-04-28 16:33:43','2025-04-28 11:33:43','2025-04-28 11:33:43'),
('910c79b4-301e-495a-a026-796e6728f1e5','9ce029ad-687c-44a4-9976-f1520dbed9e9','ajuste',5,5,NULL,'6a8fdf13-a371-4761-8e82-d5390079bff2','2025-01-10 11:20:14','2025-01-10 11:20:14','2025-01-10 11:20:14'),
('9e7ae439-00bb-44e2-a304-7a0c5ff45544','9ce02478-5294-41ca-abb5-ddb50c92a283','venta',13,13,NULL,'9e7ae438-f96e-4e1e-b51c-582448e212a5','2025-03-20 21:35:21','2025-03-20 16:35:21','2025-03-20 16:35:21'),
('9e90f9dd-c070-4394-a81b-7dc6236ac2af','9ce022e1-6601-4a7d-88a6-51d4239c7a60','venta',17,17,NULL,'9e90f9dd-b960-4b01-a7a6-6ba155695231','2025-03-31 21:04:05','2025-03-31 16:04:05','2025-03-31 16:04:05'),
('153bb8dd-d7cb-4999-bc91-7ee55b15806c','9ce02342-69a4-4c81-bf29-bc5b89de577d','ajuste',6,6,NULL,'7499be3c-9aa5-483a-bce6-af0e4780ad66','2025-02-26 08:37:07','2025-02-26 08:37:07','2025-02-26 08:37:07'),
('7a02da74-a29b-4c79-9b1e-80617bc3fa69','9ce027fa-48ee-4a17-a90e-41d315296e3f','ajuste',4,4,NULL,'7ed95cd3-3b7d-439e-81ef-5d3c52cd4dfe','2025-03-24 08:28:23','2025-03-24 08:28:23','2025-03-24 08:28:23'),
('ce4078e3-ee7e-4872-998e-80e0d2dc0221','9ce0270e-4a74-4c56-b958-4a70217df32d','ajuste',21,21,NULL,'2849c2b0-a1c1-487b-b49c-4790dba40de4','2025-01-10 11:17:10','2025-01-10 11:17:10','2025-01-10 11:17:10'),
('5d1fd7b7-9607-4e8c-8448-80f021263b52','9ce0243f-e494-48ec-a099-67552ac28f19','ajuste',2,2,NULL,'93b30de0-c995-42fc-878b-5ba39cdffc29','2025-01-10 11:43:51','2025-01-10 11:43:51','2025-01-10 11:43:51'),
('9e22445c-2f7d-4670-b869-86594f6059ab','9cdde14f-be93-4f09-bb0c-c67c25e4278f','venta',5,5,NULL,'9e22445c-2d14-4042-bda9-7a488ac8b993','2025-02-04 20:15:29','2025-02-04 14:15:29','2025-02-04 14:15:29'),
('0b9e17eb-0393-466a-baa2-89f5d6b76222','9ce02622-bebe-4378-b49a-83cdd767eaee','ajuste',4,4,NULL,'ce275874-8e76-48ed-82ca-61b28b138ba0','2025-02-26 08:39:07','2025-02-26 08:39:07','2025-02-26 08:39:07'),
('9e2dfb4b-e706-4595-905a-8a62e4e36e24','9ce02342-69a4-4c81-bf29-bc5b89de577d','venta',6,6,NULL,'9e2dfb4b-e427-4f5e-9d02-a0dbf2bf3515','2025-02-10 16:01:07','2025-02-10 10:01:07','2025-02-10 10:01:07'),
('25c76306-7e74-441f-afa9-8d3ee09d471f','9cdde14f-be93-4f09-bb0c-c67c25e4278f','ajuste',7,7,NULL,'75d59e9a-9d85-423e-b9a7-af1b8e4311fb','2025-01-10 11:11:41','2025-01-10 11:11:41','2025-01-10 11:11:41'),
('53f4431b-36d7-4ce7-a618-8da16a633273','9ce02342-69a4-4c81-bf29-bc5b89de577d','ajuste',7,7,NULL,'cad70385-a9a3-4a18-a908-bea2a94fb97e','2025-01-10 11:21:44','2025-01-10 11:21:44','2025-01-10 11:21:44'),
('9e22445c-32d5-415c-94df-8e3aeb797358','9ce0270e-4a74-4c56-b958-4a70217df32d','venta',19,19,NULL,'9e22445c-2d14-4042-bda9-7a488ac8b993','2025-02-04 20:15:29','2025-02-04 14:15:29','2025-02-04 14:15:29'),
('9e5882f7-dd5f-4e98-ac78-8e857240e655','9ce02abb-8307-4431-9d7f-62330d61a488','venta',5,5,NULL,'9e5882f7-ba07-4bae-ac3f-7531923649c5','2025-03-03 19:25:15','2025-03-03 13:25:15','2025-03-03 13:25:15'),
('9e22445c-318c-4af0-9f8b-9095e4c91a2e','9ce020bb-7c3c-49e9-9aa6-4523a4c249d5','venta',12,12,NULL,'9e22445c-2d14-4042-bda9-7a488ac8b993','2025-02-04 20:15:29','2025-02-04 14:15:29','2025-02-04 14:15:29'),
('9e4e4685-6885-432b-9e00-923d61502a3c','9cdde3cb-3a93-471e-81f8-ddd7eed3a29f','venta',8,8,NULL,'9e4e4685-6612-41f9-83d6-be12665b4a88','2025-02-26 17:17:57','2025-02-26 11:17:57','2025-02-26 11:17:57'),
('9e783c97-c35b-44cf-a0e5-9346a9984afa','9ce022e1-6601-4a7d-88a6-51d4239c7a60','venta',-1,19,NULL,'9e783c97-c07a-4392-902f-e67092c3c166','2025-03-19 13:54:58','2025-03-19 08:54:58','2025-03-19 08:54:58'),
('9e90773f-cda1-45cd-8bd5-93d3f2dbcdbd','9ce02914-e5ba-4c28-aac7-c3571886cf78','venta',14,14,NULL,'9e90773f-ca6b-467f-95db-7e19a106430d','2025-03-31 14:58:51','2025-03-31 09:58:51','2025-03-31 09:58:51'),
('93885612-3670-4d91-a1b7-94a160b8ee67','9ce02784-1ddf-439c-9971-40f3831842e6','ajuste',14,14,NULL,'41f2b7e5-7f68-44a5-a863-9202c22da7de','2025-01-10 11:18:10','2025-01-10 11:18:10','2025-01-10 11:18:10'),
('c6bc24d3-8cbd-41c5-8716-955c42e3632d','9ce027ac-2cbb-4f60-9e1d-460884b0345a','ajuste',11,11,NULL,'fed8310e-d913-4582-8702-b3d18181219d','2025-01-10 11:18:29','2025-01-10 11:18:29','2025-01-10 11:18:29'),
('54c0e632-db24-44b3-8982-96c84a20e82d','9ce023c4-7019-450b-83b5-24c426b4faa9','ajuste',4,4,NULL,'4657759e-bc6d-44e1-8f22-88470b15c61f','2025-01-10 11:22:23','2025-01-10 11:22:23','2025-01-10 11:22:23'),
('9e7ae438-ff12-48b0-97d8-9821c738feb7','9ce022a0-4a37-460a-8b9b-841f75191c85','venta',19,19,NULL,'9e7ae438-f96e-4e1e-b51c-582448e212a5','2025-03-20 21:35:21','2025-03-20 16:35:21','2025-03-20 16:35:21'),
('9ecf18c9-2cfa-4fd8-948e-9936a4e031a3','9ce020bb-7c3c-49e9-9aa6-4523a4c249d5','venta',9,9,NULL,'9ecf18c9-2769-49ef-8b7e-1886a9030cc9','2025-05-01 18:11:52','2025-05-01 13:11:52','2025-05-01 13:11:52'),
('8c34b629-a70d-4bec-ab48-99467f980ccb','9cdde190-caf5-4dd0-b3ea-765ccf0418af','ajuste',15,15,NULL,'812b5ae1-8dd3-488e-ac27-857d4275abc0','2025-03-20 09:41:47','2025-03-20 09:41:47','2025-03-20 09:41:47'),
('9e23ef69-e4cf-4185-99fb-9d0c00901c65','9ce02b5a-9826-403b-bbd7-9d50e6c41d9d','venta',0,0,NULL,'9e23ef69-dc8a-46ca-91de-57e7dd05f752','2025-02-05 16:09:37','2025-02-05 10:09:37','2025-02-05 10:09:37'),
('df485c62-9a88-4238-bb28-9dd359083d4f','9ce02004-381d-4760-917f-031559ffebc5','ajuste',12,12,NULL,'87d0b64c-6967-422e-b0b3-ff2ad82c69f0','2025-01-10 11:13:28','2025-01-10 11:13:28','2025-01-10 11:13:28'),
('ec676a78-660a-44ee-8081-a0444ea99422','9ce02888-49cb-45a0-8308-43553cca5396','ajuste',5,5,NULL,'7c22e51e-fefe-4b54-ac75-ac612aecf091','2025-01-10 11:19:39','2025-01-10 11:19:39','2025-01-10 11:19:39'),
('9e22445c-36cf-491a-bda9-a071c45d5581','9ce02abb-8307-4431-9d7f-62330d61a488','venta',6,6,NULL,'9e22445c-2d14-4042-bda9-7a488ac8b993','2025-02-04 20:15:29','2025-02-04 14:15:29','2025-02-04 14:15:29'),
('9ec8ecbb-c4a5-4c9d-9f50-a0e463923536','9ce0270e-4a74-4c56-b958-4a70217df32d','venta',17,17,NULL,'9ec8ecbb-bc67-4332-96da-b7c21e26b74e','2025-04-28 16:33:43','2025-04-28 11:33:43','2025-04-28 11:33:43'),
('9e5882f7-dbef-4008-a29e-a3bcb9c1850d','9ce0270e-4a74-4c56-b958-4a70217df32d','venta',19,19,NULL,'9e5882f7-ba07-4bae-ac3f-7531923649c5','2025-03-03 19:25:15','2025-03-03 13:25:15','2025-03-03 13:25:15'),
('9e76cc46-8466-48ab-a09c-a806faa21d1c','9ce02da9-d078-4225-a018-88dc2894fb70','venta',-1,10,NULL,'9e76cc46-7b15-49f3-9e22-52997bee2039','2025-03-18 20:45:05','2025-03-18 15:45:05','2025-03-18 15:45:05'),
('95bdcc65-b73d-4ab5-8627-ac07dd327913','9ce0205b-c6f0-4d14-8222-37ea960a0311','ajuste',12,12,NULL,'78d2d0ef-d671-465d-ae5b-d0605db69b1d','2025-01-10 11:14:19','2025-01-10 11:14:19','2025-01-10 11:14:19'),
('77bbbfb4-3845-4364-9db6-ac847762d5ad','9ce02949-758d-4029-a4f2-d62d5c2048e1','ajuste',12,12,NULL,'e9a8eeac-880e-4fdf-b211-f900c15d0f64','2025-03-20 09:51:01','2025-03-20 09:51:01','2025-03-20 09:51:01'),
('9e2e7a02-f71d-4bf1-8408-b09f3ddc365e','9ce022e1-6601-4a7d-88a6-51d4239c7a60','venta',21,21,NULL,'9e2e7a02-f537-4ab2-895b-7d4506111d9d','2025-02-10 21:55:26','2025-02-10 15:55:26','2025-02-10 15:55:26'),
('d6db03d5-4ce8-4a0e-b896-b47d4e7f437f','9ce02379-1f64-441e-9c2f-913cdda3af71','ajuste',8,8,NULL,'9055831f-c963-48c9-8477-1e0c3df3b27c','2025-01-10 11:22:06','2025-01-10 11:22:06','2025-01-10 11:22:06'),
('6c1862aa-f3ef-4d9c-88aa-ba172c2cd732','9ce024ad-08ba-4d12-a1cd-eaf675ba3ced','ajuste',3,3,NULL,'9cc97b26-5198-4c44-abb8-a70d4c18967c','2025-01-10 11:44:26','2025-01-10 11:44:26','2025-01-10 11:44:26'),
('b4d1f831-918f-444a-a8fa-bb607ba7618f','9ce024ad-08ba-4d12-a1cd-eaf675ba3ced','ajuste',18,18,NULL,'da0ed731-f205-4a0d-841c-906ca72fc8eb','2025-03-20 09:46:15','2025-03-20 09:46:15','2025-03-20 09:46:15'),
('60890045-19dc-4294-b053-bb7625f912bf','9ce0202e-e05d-4a4b-b932-e89b747bd7cc','ajuste',1,1,NULL,'6079859b-a534-4531-ac89-8ae87210b1df','2025-01-10 11:13:41','2025-01-10 11:13:41','2025-01-10 11:13:41'),
('74efa51d-5728-48b6-be3c-be8fe99c3033','9ce026d6-9aa1-4394-9ba4-9fdbe5aab87d','ajuste',10,10,NULL,'e66141c3-5e6a-41f8-937f-a321f3b0584a','2025-02-26 08:45:54','2025-02-26 08:45:54','2025-02-26 08:45:54'),
('9e22445c-3463-4c31-8ef3-bf0c48bb136f','9ce02888-49cb-45a0-8308-43553cca5396','venta',4,4,NULL,'9e22445c-2d14-4042-bda9-7a488ac8b993','2025-02-04 20:15:29','2025-02-04 14:15:29','2025-02-04 14:15:29'),
('9ec8ecbb-c641-467d-8a96-c0fc88e55c5d','9ce02914-e5ba-4c28-aac7-c3571886cf78','venta',13,13,NULL,'9ec8ecbb-bc67-4332-96da-b7c21e26b74e','2025-04-28 16:33:43','2025-04-28 11:33:43','2025-04-28 11:33:43'),
('9e5882f7-d649-42fb-8537-c2d6a70aa4bb','9cdde14f-be93-4f09-bb0c-c67c25e4278f','venta',2,2,NULL,'9e5882f7-ba07-4bae-ac3f-7531923649c5','2025-03-03 19:25:15','2025-03-03 13:25:15','2025-03-03 13:25:15'),
('9e783c97-c57a-4b91-ac30-c2e90fa5204a','9ce02da9-d078-4225-a018-88dc2894fb70','venta',9,9,NULL,'9e783c97-c07a-4392-902f-e67092c3c166','2025-03-19 13:54:58','2025-03-19 08:54:58','2025-03-19 08:54:58'),
('9e2e815b-6220-45f8-a722-c6f33a046d6a','9ce02da9-d078-4225-a018-88dc2894fb70','venta',13,13,NULL,'9e2e815b-6036-477d-bfff-ca0d38bceb7d','2025-02-10 22:15:59','2025-02-10 16:15:59','2025-02-10 16:15:59'),
('62993247-16d8-4fd9-841a-c70cdf1dcb08','9ce02b5a-9826-403b-bbd7-9d50e6c41d9d','ajuste',1,1,NULL,'e1ff26db-cc7e-4088-b6e3-0ed6581b9b78','2025-01-10 11:46:12','2025-01-10 11:46:12','2025-01-10 11:46:12'),
('9e2e72a3-aa81-4d8f-b12d-ca1d6b71a5aa','9cdde14f-be93-4f09-bb0c-c67c25e4278f','venta',3,3,NULL,'9e2e72a3-a7f8-4a4f-abcc-096f8c540817','2025-02-10 21:34:50','2025-02-10 15:34:50','2025-02-10 15:34:50'),
('14f6134a-478e-4b82-964c-ca29eda9af14','9ce020bb-7c3c-49e9-9aa6-4523a4c249d5','ajuste',13,13,NULL,'c6e353f9-3121-4249-a2a3-f8927237c5e7','2025-01-10 11:14:42','2025-01-10 11:14:42','2025-01-10 11:14:42'),
('cd36d2d0-c7f8-4331-8986-cefcd4af4f5a','9ce02a75-fc07-44ca-bcb6-b9d939469054','ajuste',3,3,NULL,'de3679ca-30f4-4cb8-ad47-21a26267add3','2025-01-10 11:45:38','2025-01-10 11:45:38','2025-01-10 11:45:38'),
('93a15a5d-af31-4350-887b-e5bb5075713b','9ce0285a-7329-4d84-be38-576987e7bf57','ajuste',5,5,NULL,'1bcb74a3-d77d-439e-b526-f3d987309a15','2025-01-10 11:19:24','2025-01-10 11:19:24','2025-01-10 11:19:24'),
('f8841f7a-3f88-42ed-9844-e676927703cb','9ce021b2-a670-4867-84d1-549f3797901d','ajuste',4,4,NULL,'7365102a-10a0-4f0c-a774-90e63e41a08f','2025-01-10 11:16:01','2025-01-10 11:16:01','2025-01-10 11:16:01'),
('9ea476ed-1de1-425f-9b6e-e9bb71cdd286','9ce02342-69a4-4c81-bf29-bc5b89de577d','venta',5,5,NULL,'9ea476ed-1937-4f44-9365-48eeaa1d87bd','2025-04-10 13:34:30','2025-04-10 08:34:30','2025-04-10 08:34:30'),
('a3dbfce9-3634-4253-92da-ea1197a5b001','9ce022a0-4a37-460a-8b9b-841f75191c85','ajuste',20,20,NULL,'af8bb7d2-d356-45ae-8fb5-476ec128c72c','2025-02-25 16:51:51','2025-02-25 16:51:51','2025-02-25 16:51:51'),
('a9ff29e0-4498-4233-89b3-eaa452a3d2d4','9ce0285a-7329-4d84-be38-576987e7bf57','ajuste',10,10,NULL,'ba3ccceb-08f3-462b-8c99-d06b0044adf2','2025-03-20 09:50:00','2025-03-20 09:50:00','2025-03-20 09:50:00'),
('15865d5d-4062-4ffc-add8-eb3c67b62faf','9ce022a0-4a37-460a-8b9b-841f75191c85','ajuste',19,19,NULL,'fc65c09e-c757-47c0-8fde-bee28e98a347','2025-01-10 11:21:06','2025-01-10 11:21:06','2025-01-10 11:21:06'),
('a6207c1a-53ee-487c-8761-ef69f2097fdb','9cdde14f-be93-4f09-bb0c-c67c25e4278f','ajuste',14,14,NULL,'a7a4dbf3-b532-4369-bedb-9e5fc999af77','2025-03-20 12:09:06','2025-03-20 12:09:06','2025-03-20 12:09:06'),
('9f48932e-02c7-406b-af49-f3175432a70a','9ce027fa-48ee-4a17-a90e-41d315296e3f','ajuste',4,4,NULL,'0d3b829e-a048-417e-8351-ebdbccfd3a75','2025-03-24 08:31:38','2025-03-24 08:31:38','2025-03-24 08:31:38'),
('9df5eed0-083a-4d54-867c-f35d8b814a45','9cdde190-caf5-4dd0-b3ea-765ccf0418af','venta',8,8,NULL,'9df5eed0-05a8-428d-8a5a-ed32281daa9e','2025-01-13 19:19:51','2025-01-13 13:19:51','2025-01-13 13:19:51'),
('742c5491-9634-4bbd-aee1-f5271e79b1fd','9cdde190-caf5-4dd0-b3ea-765ccf0418af','ajuste',9,9,NULL,'83114102-2b90-4e38-a6a2-4840409f3d76','2025-01-10 11:12:28','2025-01-10 11:12:28','2025-01-10 11:12:28'),
('9e23ef69-e32a-4457-a862-f6a4943ae25f','9ce02949-758d-4029-a4f2-d62d5c2048e1','venta',4,4,NULL,'9e23ef69-dc8a-46ca-91de-57e7dd05f752','2025-02-05 16:09:37','2025-02-05 10:09:37','2025-02-05 10:09:37'),
('9e27f344-7fc7-41d6-aa0d-f6d1ae327562','9ce02da9-d078-4225-a018-88dc2894fb70','venta',14,14,NULL,'9e27f344-7a2d-4204-8ece-88006fe5eeeb','2025-02-07 16:03:42','2025-02-07 10:03:42','2025-02-07 10:03:42'),
('653239f6-13bf-402e-b12c-f74c6a1fdfa0','9ce026d6-9aa1-4394-9ba4-9fdbe5aab87d','ajuste',11,11,NULL,'d786c298-44b4-44f1-9f14-6d35011c9495','2025-01-10 11:16:53','2025-01-10 11:16:53','2025-01-10 11:16:53'),
('765468fb-5918-4d2a-8779-f98c0187dde0','9cdddf75-2994-4ad7-90e3-139854e98180','ajuste',9,9,NULL,'830294ff-bc96-4efe-b718-7084d58322b8','2025-01-10 11:10:30','2025-01-10 11:10:30','2025-01-10 11:10:30'),
('b62645df-c74f-4c12-96d0-fb0dbc71fd9c','9cdde3cb-3a93-471e-81f8-ddd7eed3a29f','ajuste',9,9,NULL,'b3ea9531-e2da-4ae4-bfc3-0c2113ca21b8','2025-01-10 11:13:06','2025-01-10 11:13:06','2025-01-10 11:13:06'),
('518d4ee8-bb47-4ac7-9bd8-fb2baac29c88','9ce022e1-6601-4a7d-88a6-51d4239c7a60','ajuste',22,22,NULL,'38587f6a-9553-48d0-b0bf-68b0e23da6f8','2025-01-10 11:21:23','2025-01-10 11:21:23','2025-01-10 11:21:23'),
('e133cc9f-d5d4-4eab-8c76-fdfea03786b7','9ce0275c-ae79-43b3-af8b-5a3ca7524fa0','ajuste',15,15,NULL,'82a2a67b-e22f-4478-82d0-5fd53e1c3b3c','2025-03-20 09:49:06','2025-03-20 09:49:06','2025-03-20 09:49:06');

--
-- Table structure for table `inventarios`
--

CREATE TABLE `inventarios` (
  `id` uuid NOT NULL,
  `item_id` uuid NOT NULL,
  `stock_total` int(11) NOT NULL DEFAULT 0,
  `created_at` timestamp NULL DEFAULT NULL,
  `updated_at` timestamp NULL DEFAULT NULL,
  PRIMARY KEY (`id`),
  KEY `inventarios_item_id_foreign` (`item_id`),
  CONSTRAINT `inventarios_item_id_foreign` FOREIGN KEY (`item_id`) REFERENCES `items` (`id`) ON DELETE CASCADE
) ENGINE=InnoDB DEFAULT CHARSET=utf8mb4 COLLATE=utf8mb4_unicode_ci;

--
-- Dumping data for table `inventarios`
--

INSERT INTO `inventarios` VALUES
('019933cf-a1c4-7333-a53b-5d46a30a6029','9ce02146-9fab-4663-8939-3c720212ce18',7,'2025-09-10 13:27:49','2025-09-10 13:29:21'),
('019933d9-7a99-714e-8517-de060ef47725','9cdddf75-2994-4ad7-90e3-139854e98180',9,'2025-09-10 13:38:34','2025-09-10 13:38:34'),
('019933da-3d14-724c-9140-2ac575c05073','9cdde14f-be93-4f09-bb0c-c67c25e4278f',10,'2025-09-10 13:39:24','2025-09-10 17:19:00'),
('019933dd-8c2e-7227-a193-da53f900dbe7','9cdde190-caf5-4dd0-b3ea-765ccf0418af',8,'2025-09-10 13:43:01','2025-09-10 13:43:01'),
('019933de-efa9-7082-9097-b8fb43d02b29','9ce02004-381d-4760-917f-031559ffebc5',7,'2025-09-10 13:44:32','2025-09-10 13:44:32'),
('019933e0-d802-7302-bc60-75c30e6fc1a1','9cdde3cb-3a93-471e-81f8-ddd7eed3a29f',7,'2025-09-10 13:46:37','2025-09-10 13:46:37'),
('019933e2-0947-7154-87bd-393282a35924','9ce0202e-e05d-4a4b-b932-e89b747bd7cc',2,'2025-09-10 13:47:55','2025-09-10 13:47:55'),
('01993423-b651-7304-b14a-1545298d8978','9ce0205b-c6f0-4d14-8222-37ea960a0311',13,'2025-09-10 14:59:39','2025-09-10 14:59:39'),
('01993425-53bf-7044-a94d-7faee9ce3ef2','9ce020bb-7c3c-49e9-9aa6-4523a4c249d5',8,'2025-09-10 15:01:25','2025-09-10 17:19:00'),
('01993427-abb9-7020-9d1d-f0185ade0536','9ce02114-b77d-4b4d-a7ba-acae935ce439',7,'2025-09-10 15:03:59','2025-09-10 15:03:59'),
('01993428-d924-7035-858b-5eb167feb981','9ce02173-d296-4783-bed9-1a490b303e7c',8,'2025-09-10 15:05:16','2025-09-10 15:05:16'),
('01993429-c7a1-725e-8090-d20fb364674f','9ce021b2-a670-4867-84d1-549f3797901d',4,'2025-09-10 15:06:17','2025-09-10 15:06:17'),
('0199342a-50da-70c0-ae44-633ff1b27d40','9ce026d6-9aa1-4394-9ba4-9fdbe5aab87d',9,'2025-09-10 15:06:52','2025-09-10 15:06:52'),
('0199342b-05d7-7270-8fe9-b8230fe4b0fb','9ce0270e-4a74-4c56-b958-4a70217df32d',18,'2025-09-10 15:07:38','2025-09-10 17:19:00'),
('0199342b-f4eb-70fc-a512-cc1e1882264f','9ce0275c-ae79-43b3-af8b-5a3ca7524fa0',4,'2025-09-10 15:08:40','2025-09-10 15:08:40'),
('0199342c-a210-71f1-8d93-21906ca729df','9ce02784-1ddf-439c-9971-40f3831842e6',12,'2025-09-10 15:09:24','2025-09-11 13:52:48'),
('0199342d-26ad-7233-a9e5-e965366a2ecb','9ce027ac-2cbb-4f60-9e1d-460884b0345a',2,'2025-09-10 15:09:58','2025-09-10 15:09:58'),
('01993431-827f-7085-a58b-776bcc0a2fbc','9ce0285a-7329-4d84-be38-576987e7bf57',2,'2025-09-10 15:14:43','2025-09-10 15:14:43'),
('01993431-fb79-7049-9cb2-6b89080bce54','9ce02888-49cb-45a0-8308-43553cca5396',16,'2025-09-10 15:15:14','2025-09-10 17:19:00'),
('01993434-9ab1-7062-9aa6-6318a69ee000','9ce02914-e5ba-4c28-aac7-c3571886cf78',6,'2025-09-10 15:18:06','2025-09-10 15:18:06'),
('01993435-21b3-7206-abb6-8ea7dc3daae1','9ce02949-758d-4029-a4f2-d62d5c2048e1',10,'2025-09-10 15:18:41','2025-09-10 15:18:41'),
('01993435-ea34-7251-93ff-ba0b68b738eb','9ce029f3-75bc-4388-b87f-cd4062302adf',3,'2025-09-10 15:19:32','2025-09-10 15:19:32'),
('01993437-1130-73ea-88c8-3c7edec75c7b','9ce0225f-9018-4384-9048-de5cc887362d',6,'2025-09-10 15:20:48','2025-09-10 15:20:48'),
('01993437-ba7b-70b5-bc75-0da4423c8368','9ce022a0-4a37-460a-8b9b-841f75191c85',13,'2025-09-10 15:21:31','2025-09-10 15:21:31'),
('01993438-7cd0-708d-ad30-49ddb9141ec3','9ce022e1-6601-4a7d-88a6-51d4239c7a60',8,'2025-09-10 15:22:21','2025-09-10 15:22:21'),
('0199343a-a685-72e6-9ea1-3c9647d834a3','9ce02342-69a4-4c81-bf29-bc5b89de577d',2,'2025-09-10 15:24:43','2025-09-10 15:24:43'),
('0199343e-44b0-719c-a8df-1f435c594f06','9ce02379-1f64-441e-9c2f-913cdda3af71',7,'2025-09-10 15:28:40','2025-09-10 15:28:40'),
('0199343e-bb5c-71ed-a0ef-f2e36ec55cfc','9ce023c4-7019-450b-83b5-24c426b4faa9',3,'2025-09-10 15:29:10','2025-09-10 15:29:10'),
('0199343f-bbff-709d-85a2-826f3b98eb14','9ce0243f-e494-48ec-a099-67552ac28f19',9,'2025-09-10 15:30:16','2025-09-10 15:30:16'),
('01993440-445e-73fe-85ae-14744e6dd8dc','9ce02478-5294-41ca-abb5-ddb50c92a283',5,'2025-09-10 15:30:51','2025-09-10 15:30:51'),
('01993441-1f74-7059-8ac7-010eac5ad01d','9ce024ad-08ba-4d12-a1cd-eaf675ba3ced',1,'2025-09-10 15:31:47','2025-09-10 15:31:47'),
('01993441-ed4a-7373-878b-bf19c20f64b8','9ce025ec-86c2-4983-9147-b3814a4a3cba',6,'2025-09-10 15:32:39','2025-09-10 15:32:39'),
('01993442-6e59-7151-ab27-cc1f5e4415bc','9ce02622-bebe-4378-b49a-83cdd767eaee',10,'2025-09-10 15:33:12','2025-09-10 15:33:12'),
('0199344f-cb80-73c5-804f-f73fa616df24','9ce02a75-fc07-44ca-bcb6-b9d939469054',2,'2025-09-10 15:47:48','2025-09-10 15:47:48'),
('01993450-4a07-7279-bf90-4ccf09435085','9ce02abb-8307-4431-9d7f-62330d61a488',8,'2025-09-10 15:48:21','2025-09-10 16:02:45'),
('0199345f-ca22-714f-9ad0-19efd373069e','9ce02b0c-e978-4dc9-901d-c5a18500b20b',4,'2025-09-10 16:05:16','2025-09-11 20:30:07'),
('01993460-c644-71e7-96f6-9d70017e25b4','9ce02b5a-9826-403b-bbd7-9d50e6c41d9d',4,'2025-09-10 16:06:21','2025-09-10 16:06:22'),
('01993461-7f38-719e-a3a7-2913c2393b1c','9e8675bb-4109-44ad-9935-e9a5f175c89c',2,'2025-09-10 16:07:08','2025-09-10 16:07:08'),
('01993462-c6c9-729d-a7fa-9d7276362a91','9ce02c39-1f09-4360-851d-8e349e5ee136',1,'2025-09-10 16:08:32','2025-09-10 16:08:32');

--
-- Table structure for table `items`
--

CREATE TABLE `items` (
  `id` uuid NOT NULL,
  `fecha_emision` datetime DEFAULT NULL,
  `fecha_vencimiento` datetime DEFAULT NULL,
  `estado_pago` enum('pendiente','pagado','vencido','no aplica') NOT NULL DEFAULT 'no aplica',
  `pago_unico` tinyint(1) NOT NULL DEFAULT 0,
  `imagen` varchar(50) DEFAULT NULL,
  `tipo` tinyint(4) NOT NULL DEFAULT 0,
  `codigo_interno` varchar(15) NOT NULL,
  `codigo_barras` varchar(50) DEFAULT NULL,
  `nombre` varchar(50) NOT NULL,
  `categoria_id` uuid NOT NULL,
  `precio_unitario` decimal(10,2) NOT NULL,
  `alerta_stock` decimal(10,2) NOT NULL,
  `estado` tinyint(4) NOT NULL,
  `descripcion` text DEFAULT NULL,
  `created_at` timestamp NULL DEFAULT NULL,
  `updated_at` timestamp NULL DEFAULT NULL,
  PRIMARY KEY (`id`),
  KEY `items_categoria_id_foreign` (`categoria_id`),
  CONSTRAINT `items_categoria_id_foreign` FOREIGN KEY (`categoria_id`) REFERENCES `categorias` (`id`) ON DELETE CASCADE
) ENGINE=InnoDB DEFAULT CHARSET=utf8mb4 COLLATE=utf8mb4_unicode_ci;

--
-- Dumping data for table `items`
--

INSERT INTO `items` VALUES
('9cd42143-bdaa-4b55-ad66-00c4cd166afe','2025-08-01 00:00:00','2025-08-10 23:59:00','vencido',0,NULL,2,'PS-KW-008',NULL,'AGOSTO 2025','9cd20402-8f24-40e8-b162-d12aec39dbf0',2850.00,0.00,1,NULL,'2024-08-22 18:50:50','2025-09-08 02:29:49'),
('0198c7c9-aee1-70eb-b5a2-929026f7add1','2025-09-01 00:00:00','2025-09-10 23:59:00','pendiente',1,NULL,2,'PS-KW-081',NULL,'SEPTIEMBRE 2025','9cd20402-8f24-40e8-b162-d12aec39dbf0',2850.00,0.00,1,NULL,'2025-08-20 14:02:20','2025-09-10 18:00:10'),
('0198c801-2a70-73fa-b5f5-01bdd37f9191','2025-10-01 08:00:00','2025-10-10 23:59:00','pendiente',1,NULL,2,'PS-KW-082',NULL,'OCTUBRE 2025','9cd20402-8f24-40e8-b162-d12aec39dbf0',2850.00,0.00,1,NULL,'2025-08-20 15:02:56','2025-09-10 17:59:15'),
('0198c801-e628-7330-8fe7-8d715abedd62','2025-11-01 08:00:00','2025-11-10 23:59:00','pendiente',1,NULL,2,'PS-KW-083',NULL,'NOVIEMBRE 2025','9cd20402-8f24-40e8-b162-d12aec39dbf0',2850.00,0.00,1,NULL,'2025-08-20 15:03:44','2025-09-10 18:01:47'),
('0198c802-a3e6-73f5-9987-cc78761d4ed1','2025-12-01 08:00:00','2025-12-10 23:59:00','pendiente',1,NULL,2,'PS-KW-084',NULL,'DICIEMBRE 2025','9cd20402-8f24-40e8-b162-d12aec39dbf0',2850.00,0.00,1,NULL,'2025-08-20 15:04:32','2025-09-10 18:02:35'),
('0198c803-6931-71b2-9d29-0320e47f9e77','2026-01-01 08:00:00','2026-01-10 23:59:00','pendiente',1,NULL,2,'PS-KW-085',NULL,'ENERO 2026','9cd20402-8f24-40e8-b162-d12aec39dbf0',2850.00,0.00,1,NULL,'2025-08-20 15:05:23','2025-09-10 18:03:30'),
('0198c803-e749-70c7-94e6-03c1d79cb442','2026-02-01 08:00:00','2026-02-10 23:59:00','pendiente',1,NULL,2,'PS-KW-086',NULL,'FEBRERO 2026','9cd20402-8f24-40e8-b162-d12aec39dbf0',2850.00,0.00,1,NULL,'2025-08-20 15:05:55','2025-09-10 18:04:39'),
('0198c804-56d8-7372-a50e-e1e44a2ba6ba',NULL,NULL,'no aplica',0,NULL,2,'PS-KW-087',NULL,'MARZO 2026','9cd20402-8f24-40e8-b162-d12aec39dbf0',2850.00,0.00,1,NULL,'2025-08-20 15:06:24','2025-08-20 15:07:52'),
('0198c804-e48d-715c-bb26-cb77c6b21ae8',NULL,NULL,'no aplica',0,NULL,2,'PS-KW-088',NULL,'ABRIL 2026','9cd20402-8f24-40e8-b162-d12aec39dbf0',2850.00,0.00,1,NULL,'2025-08-20 15:07:00','2025-08-20 15:07:00'),
('0198c806-4a3f-7337-92ea-2015fcb43846',NULL,NULL,'no aplica',0,NULL,2,'PS-KW-089',NULL,'MAYO 2026','9cd20402-8f24-40e8-b162-d12aec39dbf0',2850.00,0.00,1,NULL,'2025-08-20 15:08:32','2025-08-20 15:08:32'),
('0198c806-bf87-72cc-aa21-c1f58b9f67d4',NULL,NULL,'no aplica',0,NULL,2,'PS-KW-090',NULL,'JUNIO 2026','9cd20402-8f24-40e8-b162-d12aec39dbf0',2850.00,0.00,1,NULL,'2025-08-20 15:09:02','2025-08-20 15:09:02'),
('0198c807-32eb-70f6-8905-0f6cb447e160',NULL,NULL,'no aplica',0,NULL,2,'PS-KW-091',NULL,'JULIO 2026','9cd20402-8f24-40e8-b162-d12aec39dbf0',2850.00,0.00,1,NULL,'2025-08-20 15:09:31','2025-08-20 15:09:31'),
('01990b7f-1ba2-70bd-889e-ef50e9331286',NULL,NULL,'no aplica',0,NULL,2,'GM-KW-081',NULL,'SEGURO ESCOLAR','9d26d42b-f65f-4f03-b1b0-dbef2382a3f7',300.00,0.00,1,NULL,'2025-09-02 17:35:03','2025-09-10 17:52:26'),
('0199208d-a9dd-702a-9fe1-c59fd63ecddf','2025-01-01 00:00:00','2025-10-20 23:59:00','pendiente',1,NULL,2,'000',NULL,'Coleg Prueba','9cd20402-8f24-40e8-b162-d12aec39dbf0',500.00,0.00,0,NULL,'2025-09-06 19:42:59','2025-09-08 02:38:09'),
('9cd43748-cc75-4bbb-8c10-01a82618913e',NULL,NULL,'no aplica',0,NULL,2,'AE-KW-013',NULL,'ESTANCIA 1','9cd43707-03d5-4f77-a9c5-54b96e408a8c',800.00,0.00,1,NULL,'2024-08-22 19:52:25','2024-08-22 19:52:25'),
('9ce02004-381d-4760-917f-031559ffebc5',NULL,NULL,'no aplica',0,NULL,1,'UN-KW-027',NULL,'PLAYERA ESCOLAR GRIS TALLA 10','9cd0e1ab-3038-429f-88f7-4675c2100996',310.00,5.00,1,NULL,'2024-08-28 17:57:17','2025-09-10 13:43:33'),
('9cd5e0b0-4fa1-474c-837e-0744e69b0212',NULL,NULL,'no aplica',0,NULL,2,'AE-KW-016',NULL,'ESTANCIA DIA','9cd43707-03d5-4f77-a9c5-54b96e408a8c',100.00,0.00,1,NULL,'2024-08-23 15:41:56','2024-08-23 15:41:56'),
('9cdddf75-2994-4ad7-90e3-139854e98180',NULL,NULL,'no aplica',0,NULL,1,'UN-KW-023',NULL,'PLAYERA ESCOLAR GRIS TALLA 2','9cd0e1ab-3038-429f-88f7-4675c2100996',310.00,5.00,1,NULL,'2024-08-27 15:05:07','2025-03-26 08:31:57'),
('9ce02bf6-ba03-462c-9312-1476a4da2b3d',NULL,NULL,'no aplica',0,NULL,1,'UN-KW-063',NULL,'PANTALÓN ESCOLAR TALLA 10','9cd0e1ab-3038-429f-88f7-4675c2100996',500.00,5.00,0,NULL,'2024-08-28 18:30:41','2025-09-10 15:47:05'),
('9ce02173-d296-4783-bed9-1a490b303e7c',NULL,NULL,'no aplica',0,NULL,1,'UN-KW-033',NULL,'PLAYERA DEPORTIVA GRIS TALLA 10','9cd0e1ab-3038-429f-88f7-4675c2100996',310.00,5.00,1,NULL,'2024-08-28 18:01:18','2025-09-10 15:04:38'),
('9cd43777-6414-4ba2-8abc-1a8fcd677b73',NULL,NULL,'no aplica',0,NULL,2,'AE-KW-014',NULL,'ESTANCIA 2','9cd43707-03d5-4f77-a9c5-54b96e408a8c',1000.00,0.00,1,NULL,'2024-08-22 19:52:55','2024-08-22 19:52:55'),
('9cfc4941-e810-42ce-9142-1c899a0af7ea',NULL,NULL,'no aplica',0,NULL,2,'IN-KW-078',NULL,'PANTALÓN INVIERNO TALLA 10','9cd0e1ab-3038-429f-88f7-4675c2100996',500.00,5.00,1,NULL,'2024-09-11 17:55:47','2025-09-10 16:09:41'),
('9cd5f4ba-2f0f-4db0-a483-1ec79fe63736',NULL,NULL,'no aplica',0,NULL,2,'RC-KW-022',NULL,'RECARGO','9cd5f473-55c9-4f63-a925-4ee421305e8c',230.00,0.00,1,NULL,'2024-08-23 16:37:58','2024-08-23 16:37:58'),
('9ce023c4-7019-450b-83b5-24c426b4faa9',NULL,NULL,'no aplica',0,NULL,1,'UN-KW-040',NULL,'FALDA ESCOLAR TALLA 12','9cd0e1ab-3038-429f-88f7-4675c2100996',450.00,5.00,1,NULL,'2024-08-28 18:07:46','2024-08-28 18:07:46'),
('9ce02cca-b684-4843-9139-25dcae41d510',NULL,NULL,'no aplica',0,NULL,2,'UN-KW-065',NULL,'MANDIL','9cd0e1ab-3038-429f-88f7-4675c2100996',300.00,5.00,1,NULL,'2024-08-28 18:33:00','2025-03-26 09:13:16'),
('9cd5e0ea-58b9-4be4-818e-2bcaf11f5796',NULL,NULL,'no aplica',0,NULL,2,'AE-KW-017',NULL,'VALE CAFETERÍA','9cd43707-03d5-4f77-a9c5-54b96e408a8c',50.00,0.00,1,NULL,'2024-08-23 15:42:34','2024-08-23 15:42:34'),
('9cd42c4a-f124-4608-98bc-3767498b47d8',NULL,NULL,'no aplica',1,NULL,2,'PS-KW-003',NULL,'MARZO','9cd20402-8f24-40e8-b162-d12aec39dbf0',2750.00,0.00,0,NULL,'2024-08-22 19:21:41','2025-09-10 17:50:20'),
('9ce0205b-c6f0-4d14-8222-37ea960a0311',NULL,NULL,'no aplica',0,NULL,1,'UN-KW-029',NULL,'PLAYERA DEPORTIVA GRIS TALLA 2','9cd0e1ab-3038-429f-88f7-4675c2100996',310.00,5.00,1,NULL,'2024-08-28 17:58:14','2025-03-26 08:34:15'),
('9ce02146-9fab-4663-8939-3c720212ce18',NULL,NULL,'no aplica',0,NULL,1,'UN-KW-032',NULL,'PLAYERA DEPORTIVA GRIS TALLA 8','9cd0e1ab-3038-429f-88f7-4675c2100996',310.00,5.00,1,NULL,'2024-08-28 18:00:48','2025-03-26 08:34:46'),
('9cd5e4c2-50c5-40d8-ab97-3e27a86a8fab',NULL,NULL,'no aplica',0,NULL,2,'LB-KW-020',NULL,'LIBROS K2','9cd5e181-0451-4a19-b10b-f8e91817ae2a',2450.00,5.00,0,NULL,'2024-08-23 15:53:19','2025-09-10 16:16:52'),
('9ce02784-1ddf-439c-9971-40f3831842e6',NULL,NULL,'no aplica',0,NULL,1,'UN-KW-050',NULL,'SHORT ESCOLAR TALLA 8','9cd0e1ab-3038-429f-88f7-4675c2100996',450.00,5.00,1,NULL,'2024-08-28 18:18:15','2024-08-28 18:18:15'),
('9ce027fa-48ee-4a17-a90e-41d315296e3f',NULL,NULL,'no aplica',0,NULL,1,'UN-KW-052',NULL,'SHORT ESCOLAR TALLA 12','9cd0e1ab-3038-429f-88f7-4675c2100996',450.00,5.00,1,NULL,'2024-08-28 18:19:33','2024-08-28 18:19:33'),
('9cfc48a3-7dca-4162-81d5-429e54df5bf9',NULL,NULL,'no aplica',0,NULL,2,'IN-KW-076',NULL,'PANTALÓN INVIERNO TALLA 6','9cd0e1ab-3038-429f-88f7-4675c2100996',450.00,5.00,1,NULL,'2024-09-11 17:54:03','2025-09-10 16:11:19'),
('9ce02888-49cb-45a0-8308-43553cca5396',NULL,NULL,'no aplica',0,NULL,1,'UN-KW-054',NULL,'SHORT DEPORTIVO TALLA 4','9cd0e1ab-3038-429f-88f7-4675c2100996',300.00,5.00,1,NULL,'2024-08-28 18:21:06','2025-03-26 08:42:26'),
('9cfc4727-7388-4b28-be20-43b94769713f',NULL,NULL,'no aplica',0,NULL,2,'IN-KW-072',NULL,'CHAMARRA TALLA 10','9cd0e1ab-3038-429f-88f7-4675c2100996',600.00,5.00,1,NULL,'2024-09-11 17:49:54','2025-09-10 17:47:16'),
('9d0e3503-7f4a-44e8-91ce-43e2c9fea124',NULL,NULL,'no aplica',1,NULL,2,'PS-KW-0080',NULL,'JULIO 2024','9cd20402-8f24-40e8-b162-d12aec39dbf0',2450.00,0.00,0,NULL,'2024-09-20 15:44:05','2025-09-10 17:49:38'),
('9ce020bb-7c3c-49e9-9aa6-4523a4c249d5',NULL,NULL,'no aplica',0,NULL,1,'UN-KW-030',NULL,'PLAYERA DEPORTIVA GRIS TALLA 4','9cd0e1ab-3038-429f-88f7-4675c2100996',310.00,5.00,1,NULL,'2024-08-28 17:59:17','2025-09-10 15:00:17'),
('9ce027ac-2cbb-4f60-9e1d-460884b0345a',NULL,NULL,'no aplica',0,NULL,1,'UN-KW-051',NULL,'SHORT ESCOLAR TALLA 10','9cd0e1ab-3038-429f-88f7-4675c2100996',450.00,5.00,1,NULL,'2024-08-28 18:18:42','2024-08-28 18:18:42'),
('9ce0270e-4a74-4c56-b958-4a70217df32d',NULL,NULL,'no aplica',0,NULL,1,'UN-KW-048',NULL,'SHORT ESCOLAR TALLA 4','9cd0e1ab-3038-429f-88f7-4675c2100996',410.00,5.00,1,NULL,'2024-08-28 18:16:58','2025-03-26 08:37:30'),
('9ce022e1-6601-4a7d-88a6-51d4239c7a60',NULL,NULL,'no aplica',0,NULL,1,'UN-KW-037',NULL,'FALDA ESCOLAR TALLA 6','9cd0e1ab-3038-429f-88f7-4675c2100996',410.00,5.00,1,NULL,'2024-08-28 18:05:18','2025-09-10 15:23:04'),
('9ce021b2-a670-4867-84d1-549f3797901d',NULL,NULL,'no aplica',0,NULL,1,'UN-KW-034',NULL,'PLAYERA DEPORTIVA GRIS TALLA 12','9cd0e1ab-3038-429f-88f7-4675c2100996',310.00,5.00,1,NULL,'2024-08-28 18:01:59','2025-03-26 08:36:10'),
('9ce0285a-7329-4d84-be38-576987e7bf57',NULL,NULL,'no aplica',0,NULL,1,'UN-KW-053',NULL,'SHORT DEPORTIVO TALLA 2','9cd0e1ab-3038-429f-88f7-4675c2100996',300.00,5.00,1,NULL,'2024-08-28 18:20:36','2025-03-26 08:42:01'),
('9ce0275c-ae79-43b3-af8b-5a3ca7524fa0',NULL,NULL,'no aplica',0,NULL,1,'UN-KW-049',NULL,'SHORT ESCOLAR TALLA 6','9cd0e1ab-3038-429f-88f7-4675c2100996',410.00,5.00,1,NULL,'2024-08-28 18:17:49','2025-09-10 15:08:08'),
('9cd42a91-b661-4d7a-a80f-5a914f557ee9',NULL,NULL,'no aplica',1,NULL,2,'PS-KW-012',NULL,'DICIEMBRE','9cd20402-8f24-40e8-b162-d12aec39dbf0',2750.00,0.00,0,NULL,'2024-08-22 19:16:51','2025-09-10 16:14:47'),
('9ce02abb-8307-4431-9d7f-62330d61a488',NULL,NULL,'no aplica',0,NULL,1,'UN-KW-060',NULL,'PANTALON ESCOLAR TALLA 4','9cd0e1ab-3038-429f-88f7-4675c2100996',450.00,5.00,1,NULL,'2024-08-28 18:27:15','2024-08-28 18:27:15'),
('9ecf0778-1bca-4823-b3a7-6290af87585a',NULL,NULL,'no aplica',0,NULL,2,'LB-KW-073',NULL,'LIBROS KINDER 3','9cd5e181-0451-4a19-b10b-f8e91817ae2a',2860.00,0.00,1,NULL,'2025-05-01 12:23:27','2025-05-01 12:23:27'),
('9cfc48dd-5559-4647-9f81-64a83835d225',NULL,NULL,'no aplica',0,NULL,2,'IN-KW-077',NULL,'PANTALÓN INVIERNO TALLA 8','9cd0e1ab-3038-429f-88f7-4675c2100996',500.00,5.00,1,NULL,'2024-09-11 17:54:41','2025-09-10 16:11:48'),
('9dbf4be2-ddad-448f-9ca5-655b63397e8c',NULL,NULL,'no aplica',0,NULL,2,'PA-KW-080',NULL,'CREDENCIAL DE ALUMNO','9cd5f695-b5ad-4792-a7ed-3184eaf3878d',100.00,5.00,1,NULL,'2024-12-17 15:29:34','2025-03-20 12:11:41'),
('9ce0243f-e494-48ec-a099-67552ac28f19',NULL,NULL,'no aplica',0,NULL,1,'UN-KW-041',NULL,'FALDA DEPORTIVA TALLA 2','9cd0e1ab-3038-429f-88f7-4675c2100996',310.00,5.00,1,NULL,'2024-08-28 18:09:07','2025-03-26 09:11:52'),
('9ecf0680-4c36-4a0d-8341-6c4ab764fbc0',NULL,NULL,'no aplica',0,NULL,2,'LB-KW-071',NULL,'LIBROS KINDER 1','9cd5e181-0451-4a19-b10b-f8e91817ae2a',3380.00,0.00,1,NULL,'2025-05-01 12:20:44','2025-05-01 12:22:21'),
('9cd60b08-b5fb-467e-a52f-6c63247542ca',NULL,NULL,'no aplica',0,NULL,2,'PA-KW-023',NULL,'MATERIAL','9cd5f695-b5ad-4792-a7ed-3184eaf3878d',3000.00,5.00,0,NULL,'2024-08-23 17:40:20','2025-09-10 17:50:30'),
('9cdde190-caf5-4dd0-b3ea-765ccf0418af',NULL,NULL,'no aplica',0,NULL,1,'UN-KW-025',NULL,'PLAYERA ESCOLAR GRIS TALLA 6','9cd0e1ab-3038-429f-88f7-4675c2100996',310.00,5.00,1,NULL,'2024-08-27 15:11:00','2025-09-10 13:41:46'),
('9ce02dde-babb-4fc1-bbdc-79fdef6d6725',NULL,NULL,'no aplica',0,NULL,2,'UN-KW-067',NULL,'PAR DE MOÑITOS','9cd0e1ab-3038-429f-88f7-4675c2100996',130.00,5.00,1,NULL,'2024-08-28 18:36:01','2025-06-02 15:30:29'),
('9ce02eeb-54f0-4b47-abe0-7fc8cbb7607d',NULL,NULL,'no aplica',0,NULL,2,'UN-KW-068',NULL,'CONSTANCIA DE ESTUDIOS','9cd5f695-b5ad-4792-a7ed-3184eaf3878d',100.00,5.00,1,NULL,'2024-08-28 18:38:57','2025-01-23 15:57:54'),
('9ce02622-bebe-4378-b49a-83cdd767eaee',NULL,NULL,'no aplica',0,NULL,1,'UN-KW-045',NULL,'FALDA DEPORTIVA TALLA 10','9cd0e1ab-3038-429f-88f7-4675c2100996',310.00,5.00,1,NULL,'2024-08-28 18:14:24','2025-03-26 09:12:50'),
('9ce022a0-4a37-460a-8b9b-841f75191c85',NULL,NULL,'no aplica',0,NULL,1,'UN-KW-036',NULL,'FALDA ESCOLAR TALLA 4','9cd0e1ab-3038-429f-88f7-4675c2100996',410.00,5.00,1,NULL,'2024-08-28 18:04:35','2025-03-26 09:11:09'),
('9ce02da9-d078-4225-a018-88dc2894fb70',NULL,NULL,'no aplica',0,NULL,2,'UN-KW-066',NULL,'MOÑO','9cd0e1ab-3038-429f-88f7-4675c2100996',150.00,5.00,1,NULL,'2024-08-28 18:35:27','2025-06-18 16:20:24'),
('9cd5e45f-a8a1-404c-b8d4-8c06efa23f9d',NULL,NULL,'no aplica',0,NULL,2,'LB-KW-018',NULL,'LIBROS M','9cd5e181-0451-4a19-b10b-f8e91817ae2a',1300.00,5.00,0,NULL,'2024-08-23 15:52:14','2025-09-10 16:17:17'),
('9cd43ad4-23ae-4d98-89f5-8ca0c97ff88e',NULL,NULL,'no aplica',0,NULL,2,'AE-KW-015',NULL,'ESTANCIA 3','9cd43707-03d5-4f77-a9c5-54b96e408a8c',1400.00,0.00,1,NULL,'2024-08-22 20:02:19','2024-08-22 20:02:19'),
('9ce02c39-1f09-4360-851d-8e349e5ee136',NULL,NULL,'no aplica',0,NULL,1,'UN-KW-064',NULL,'PANTALÓN ESCOLAR TALLA 12','9cd0e1ab-3038-429f-88f7-4675c2100996',500.00,5.00,1,NULL,'2024-08-28 18:31:25','2024-08-28 18:31:50'),
('9cd425d0-d698-410c-ba8d-9089f3743834',NULL,NULL,'no aplica',1,NULL,2,'PS-KW-009',NULL,'SEPTIEMBRE','9cd20402-8f24-40e8-b162-d12aec39dbf0',2750.00,0.00,0,NULL,'2024-08-22 19:03:34','2025-09-10 17:52:56'),
('9ce02379-1f64-441e-9c2f-913cdda3af71',NULL,NULL,'no aplica',0,NULL,1,'UN-KW-039',NULL,'FALDA ESCOLAR TALLA 10','9cd0e1ab-3038-429f-88f7-4675c2100996',450.00,5.00,1,NULL,'2024-08-28 18:06:57','2025-09-10 15:25:59'),
('9df989d7-1078-4ee9-bc5d-9b18e8d092b3',NULL,NULL,'no aplica',0,NULL,2,'PA-KW-070',NULL,'MATERIAL 2025 2026','9cd5f695-b5ad-4792-a7ed-3184eaf3878d',3000.00,0.00,1,NULL,'2025-01-15 08:20:49','2025-02-04 08:02:19'),
('9ce02b5a-9826-403b-bbd7-9d50e6c41d9d',NULL,NULL,'no aplica',0,NULL,1,'UN-KW-062',NULL,'PANTALON ESCOLAR TALLA 8','9cd0e1ab-3038-429f-88f7-4675c2100996',500.00,5.00,1,NULL,'2024-08-28 18:28:59','2025-09-10 16:05:40'),
('9ce026d6-9aa1-4394-9ba4-9fdbe5aab87d',NULL,NULL,'no aplica',0,NULL,1,'UN-KW-047',NULL,'SHORT ESCOLAR TALLA 2','9cd0e1ab-3038-429f-88f7-4675c2100996',410.00,5.00,1,NULL,'2024-08-28 18:16:22','2025-03-26 08:37:13'),
('9cfc477b-af6d-4def-a211-a029e00f05cf',NULL,NULL,'no aplica',0,NULL,2,'IN-KW-073',NULL,'CHAMARRA TALLA 12','9cd0e1ab-3038-429f-88f7-4675c2100996',600.00,5.00,1,NULL,'2024-09-11 17:50:49','2025-09-10 17:47:28'),
('9cfc467b-b92f-438a-8abe-a276115151b2',NULL,NULL,'no aplica',0,NULL,2,'IN-KW-069',NULL,'CHAMARRA TALLA 4','9cd0e1ab-3038-429f-88f7-4675c2100996',550.00,5.00,1,NULL,'2024-09-11 17:48:02','2025-09-10 17:48:05'),
('9ce02114-b77d-4b4d-a7ba-acae935ce439',NULL,NULL,'no aplica',0,NULL,1,'UN-KW-031',NULL,'PLAYERA DEPORTIVA GRIS TALLA 6','9cd0e1ab-3038-429f-88f7-4675c2100996',310.00,5.00,1,NULL,'2024-08-28 18:00:16','2025-09-10 15:02:03'),
('9ecf06e2-fc9f-42a1-ada6-acf3dfaf4347',NULL,NULL,'no aplica',0,NULL,2,'LB-KW-072',NULL,'LIBROS KINDER 2','9cd5e181-0451-4a19-b10b-f8e91817ae2a',3200.00,0.00,1,NULL,'2025-05-01 12:21:49','2025-05-01 12:25:00'),
('9cd42ee3-b050-4250-9abe-adf552942bc4',NULL,NULL,'no aplica',1,NULL,2,'PS-KW-005',NULL,'MAYO','9cd20402-8f24-40e8-b162-d12aec39dbf0',2750.00,0.00,0,NULL,'2024-08-22 19:28:56','2025-09-10 17:50:40'),
('9cd42c2a-5103-4f9c-be12-ae458bed8657',NULL,NULL,'no aplica',1,NULL,2,'PS-KW-002',NULL,'FEBRERO','9cd20402-8f24-40e8-b162-d12aec39dbf0',2750.00,0.00,0,NULL,'2024-08-22 19:21:19','2025-09-10 16:15:26'),
('9cfc46d3-d26b-4e80-a810-af3c05973baa',NULL,NULL,'no aplica',0,NULL,2,'IN-KW-071',NULL,'CHAMARRA TALLA 8','9cd0e1ab-3038-429f-88f7-4675c2100996',550.00,5.00,1,NULL,'2024-09-11 17:48:59','2025-09-10 17:48:38'),
('9cfc4824-4280-40c5-8f3e-b27dfdd07e0c',NULL,NULL,'no aplica',0,NULL,2,'IN-KW-074',NULL,'PANTALÓN INVIERNO TALLA 2','9cd0e1ab-3038-429f-88f7-4675c2100996',450.00,5.00,1,NULL,'2024-09-11 17:52:40','2025-09-10 16:09:16'),
('9ce025ec-86c2-4983-9147-b3814a4a3cba',NULL,NULL,'no aplica',0,NULL,1,'UN-KW-044',NULL,'FALDA DEPORTIVA TALLA 8','9cd0e1ab-3038-429f-88f7-4675c2100996',310.00,5.00,1,NULL,'2024-08-28 18:13:48','2025-09-10 15:32:08'),
('9cd42c78-87c8-4a28-a8f8-b76f15226103',NULL,NULL,'no aplica',1,NULL,2,'PS-KW-004',NULL,'ABRIL','9cd20402-8f24-40e8-b162-d12aec39dbf0',2750.00,0.00,0,NULL,'2024-08-22 19:22:10','2025-09-10 16:14:28'),
('9ce02a75-fc07-44ca-bcb6-b9d939469054',NULL,NULL,'no aplica',0,NULL,1,'UN-KW-059',NULL,'PANTALON ESCOLAR TALLA 2','9cd0e1ab-3038-429f-88f7-4675c2100996',450.00,5.00,1,NULL,'2024-08-28 18:26:29','2024-08-28 18:26:29'),
('9cd42f0b-a998-4cca-84ad-bab87472a789',NULL,NULL,'no aplica',1,NULL,2,'PS-KW-006',NULL,'JUNIO','9cd20402-8f24-40e8-b162-d12aec39dbf0',2750.00,0.00,0,NULL,'2024-08-22 19:29:22','2025-09-10 16:16:08'),
('9cfc46a9-e61f-43c0-9279-bbcca4ff6ae6',NULL,NULL,'no aplica',0,NULL,2,'IN-KW-070',NULL,'CHAMARRA TALLA 6','9cd0e1ab-3038-429f-88f7-4675c2100996',550.00,5.00,1,NULL,'2024-09-11 17:48:32','2025-09-10 17:48:19'),
('9ce02342-69a4-4c81-bf29-bc5b89de577d',NULL,NULL,'no aplica',0,NULL,1,'UN-KW-038',NULL,'FALDA ESCOLAR TALLA 8','9cd0e1ab-3038-429f-88f7-4675c2100996',450.00,5.00,1,NULL,'2024-08-28 18:06:21','2025-09-10 15:23:54'),
('9cee36dd-26c5-4a59-8817-bd1cba2e0bdb',NULL,NULL,'no aplica',1,NULL,2,'IS-KW-0068',NULL,'INSCRIPCIÓN','9cd20402-8f24-40e8-b162-d12aec39dbf0',3000.00,0.00,0,NULL,'2024-09-04 18:02:46','2025-09-10 16:15:38'),
('9df988a0-5692-4baa-9891-bd6a6db532b1',NULL,NULL,'no aplica',1,NULL,2,'IS-KW-0069',NULL,'INSCRIPCIÓN 2025 2026','9cd20402-8f24-40e8-b162-d12aec39dbf0',3000.00,0.00,1,NULL,'2025-01-15 08:17:26','2025-02-04 08:01:57'),
('9ecef4ff-eb01-45ad-82c4-c060c965f50a',NULL,NULL,'no aplica',0,NULL,2,'LB-KW-070',NULL,'LIBROS MATERNAL ','9cd5e181-0451-4a19-b10b-f8e91817ae2a',1700.00,0.00,1,NULL,'2025-05-01 11:31:48','2025-05-01 11:31:48'),
('9cd5e48f-d549-4c16-992a-c2bbf18cb681',NULL,NULL,'no aplica',0,NULL,2,'LB-KW-019',NULL,'LIBROS K1','9cd5e181-0451-4a19-b10b-f8e91817ae2a',2600.00,5.00,0,NULL,'2024-08-23 15:52:45','2025-09-10 16:16:44'),
('9ce02914-e5ba-4c28-aac7-c3571886cf78',NULL,NULL,'no aplica',0,NULL,1,'UN-KW-055',NULL,'SHORT DEPORTIVO TALLA 6','9cd0e1ab-3038-429f-88f7-4675c2100996',300.00,5.00,1,NULL,'2024-08-28 18:22:38','2025-09-10 15:15:43'),
('9ce02b0c-e978-4dc9-901d-c5a18500b20b',NULL,NULL,'no aplica',0,NULL,1,'UN-KW-061',NULL,'PANTALON ESCOLAR TALLA 6','9cd0e1ab-3038-429f-88f7-4675c2100996',450.00,5.00,1,NULL,'2024-08-28 18:28:08','2025-09-10 15:48:44'),
('9cdde14f-be93-4f09-bb0c-c67c25e4278f',NULL,NULL,'no aplica',0,NULL,1,'UN-KW-024',NULL,'PLAYERA ESCOLAR GRIS TALLA 4','9cd0e1ab-3038-429f-88f7-4675c2100996',310.00,5.00,1,NULL,'2024-08-27 15:10:18','2025-09-10 13:41:10'),
('9ce029f3-75bc-4388-b87f-cd4062302adf',NULL,NULL,'no aplica',0,NULL,1,'UN-KW-058',NULL,'SHORT DEPORTIVO TALLA 12','9cd0e1ab-3038-429f-88f7-4675c2100996',300.00,5.00,1,NULL,'2024-08-28 18:25:04','2025-03-26 09:06:19'),
('9ce0266d-c171-41f6-85f7-d11cd3b0513f',NULL,NULL,'no aplica',0,NULL,1,'UN-KW-046',NULL,'FALDA DEPORTIVA TALLA 12','9cd0e1ab-3038-429f-88f7-4675c2100996',310.00,5.00,1,NULL,'2024-08-28 18:15:13','2025-09-10 15:33:37'),
('9cd4265e-ba9f-49de-bfa1-d3e740309e54',NULL,NULL,'no aplica',1,NULL,2,'PS-KW-011',NULL,'NOVIEMBRE','9cd20402-8f24-40e8-b162-d12aec39dbf0',2750.00,0.00,0,NULL,'2024-08-22 19:05:07','2025-09-10 17:50:49'),
('9cd42f45-fd2f-44f4-a71e-d47de4901112',NULL,NULL,'no aplica',1,NULL,2,'PS-KW-007',NULL,'JULIO','9cd20402-8f24-40e8-b162-d12aec39dbf0',2750.00,0.00,1,NULL,'2024-08-22 19:30:01','2025-09-10 16:35:24'),
('9cfc4865-2a4a-443c-9a54-d52c92a20004',NULL,NULL,'no aplica',0,NULL,2,'IN-KW-075',NULL,'PANTALÓN INVIERNO TALLA 4','9cd0e1ab-3038-429f-88f7-4675c2100996',450.00,5.00,1,NULL,'2024-09-11 17:53:22','2025-09-10 16:10:53'),
('9ce02949-758d-4029-a4f2-d62d5c2048e1',NULL,NULL,'no aplica',0,NULL,1,'UN-KW-056',NULL,'SHORT DEPORTIVO TALLA 8','9cd0e1ab-3038-429f-88f7-4675c2100996',300.00,5.00,1,NULL,'2024-08-28 18:23:12','2025-03-26 09:01:05'),
('9cd42c04-acb6-4840-a3ca-d633dcd7deda',NULL,NULL,'no aplica',1,NULL,2,'PS-KW-001',NULL,'ENERO','9cd20402-8f24-40e8-b162-d12aec39dbf0',2750.00,0.00,0,NULL,'2024-08-22 19:20:55','2025-09-10 16:14:54'),
('9d26da23-fd96-43c8-8ce4-db940e3d20e9',NULL,NULL,'no aplica',0,NULL,2,'GM-KW-080',NULL,'SEGURO MEDICO','9d26d42b-f65f-4f03-b1b0-dbef2382a3f7',220.00,0.00,0,NULL,'2024-10-02 21:45:41','2025-09-08 02:32:11'),
('9ce02478-5294-41ca-abb5-ddb50c92a283',NULL,NULL,'no aplica',0,NULL,1,'UN-KW-042',NULL,'FALDA DEPORTIVA TALLA 4','9cd0e1ab-3038-429f-88f7-4675c2100996',310.00,5.00,1,NULL,'2024-08-28 18:09:44','2025-03-26 09:12:06'),
('9cdde3cb-3a93-471e-81f8-ddd7eed3a29f',NULL,NULL,'no aplica',0,NULL,1,'UN-KW-026',NULL,'PLAYERA ESCOLAR GRIS TALLA 8','9cd0e1ab-3038-429f-88f7-4675c2100996',310.00,5.00,1,NULL,'2024-08-27 15:17:14','2025-09-10 13:45:16'),
('9ce0225f-9018-4384-9048-de5cc887362d',NULL,NULL,'no aplica',0,NULL,1,'UN-KW-035',NULL,'FALDA ESCOLAR TALLA 2','9cd0e1ab-3038-429f-88f7-4675c2100996',410.00,5.00,1,NULL,'2024-08-28 18:03:52','2025-03-26 09:10:54'),
('9ce0202e-e05d-4a4b-b932-e89b747bd7cc',NULL,NULL,'no aplica',0,NULL,1,'UN-KW-028',NULL,'PLAYERA ESCOLAR GRIS TALLA 12','9cd0e1ab-3038-429f-88f7-4675c2100996',310.00,5.00,1,NULL,'2024-08-28 17:57:45','2025-03-26 08:33:26'),
('9e8675bb-4109-44ad-9935-e9a5f175c89c',NULL,NULL,'no aplica',0,NULL,1,'UN-KW-069',NULL,'PANTALON ESCOLAR TALLA 10','9cd0e1ab-3038-429f-88f7-4675c2100996',500.00,5.00,1,NULL,'2025-03-26 10:36:20','2025-03-26 10:36:20'),
('9cfc4645-4642-4b5c-9552-ea7c62e543b1',NULL,NULL,'no aplica',0,NULL,2,'IN-KW-068',NULL,'CHAMARRA TALLA 2','9cd0e1ab-3038-429f-88f7-4675c2100996',550.00,5.00,1,NULL,'2024-09-11 17:47:26','2025-09-10 17:47:43'),
('9ce024ad-08ba-4d12-a1cd-eaf675ba3ced',NULL,NULL,'no aplica',0,NULL,1,'UN-KW-043',NULL,'FALDA DEPORTIVA TALLA 6','9cd0e1ab-3038-429f-88f7-4675c2100996',310.00,5.00,1,NULL,'2024-08-28 18:10:19','2025-09-10 15:31:14'),
('9ce029ad-687c-44a4-9976-f1520dbed9e9',NULL,NULL,'no aplica',0,NULL,1,'UN-KW-057',NULL,'SHORT DEPORTIVO TALLA 10','9cd0e1ab-3038-429f-88f7-4675c2100996',300.00,5.00,1,NULL,'2024-08-28 18:24:18','2025-09-10 15:20:01'),
('9cd5e4eb-c0d5-424a-b141-fab086a77190',NULL,NULL,'no aplica',0,NULL,2,'LB-KW-021',NULL,'LIBROS K3','9cd5e181-0451-4a19-b10b-f8e91817ae2a',2200.00,5.00,0,NULL,'2024-08-23 15:53:46','2025-09-10 16:17:05'),
('9cfc499c-b65b-4f50-bd2b-fb5bf50cdee7',NULL,NULL,'no aplica',0,NULL,2,'IN-KW-079',NULL,'PANTALÓN INVIERNO TALLA 12','9cd0e1ab-3038-429f-88f7-4675c2100996',500.00,5.00,1,NULL,'2024-09-11 17:56:46','2025-09-10 16:10:15'),
('9cd42606-0874-4fdb-8927-fb8c2163992d',NULL,NULL,'no aplica',1,NULL,2,'PS-KW-010',NULL,'OCTUBRE','9cd20402-8f24-40e8-b162-d12aec39dbf0',2750.00,0.00,0,NULL,'2024-08-22 19:04:09','2025-09-10 17:51:01');

--
-- Table structure for table `items_dependencias`
--

CREATE TABLE `items_dependencias` (
  `id` uuid NOT NULL,
  `item_id` uuid NOT NULL,
  `depende_de_item_id` uuid NOT NULL,
  `created_at` timestamp NULL DEFAULT NULL,
  `updated_at` timestamp NULL DEFAULT NULL,
  PRIMARY KEY (`id`),
  KEY `items_dependencias_item_id_foreign` (`item_id`),
  KEY `items_dependencias_depende_de_item_id_foreign` (`depende_de_item_id`),
  CONSTRAINT `items_dependencias_depende_de_item_id_foreign` FOREIGN KEY (`depende_de_item_id`) REFERENCES `items` (`id`) ON DELETE CASCADE,
  CONSTRAINT `items_dependencias_item_id_foreign` FOREIGN KEY (`item_id`) REFERENCES `items` (`id`) ON DELETE CASCADE
) ENGINE=InnoDB DEFAULT CHARSET=utf8mb4 COLLATE=utf8mb4_unicode_ci;

--
-- Dumping data for table `items_dependencias`
--

INSERT INTO `items_dependencias` VALUES
('019934bc-be13-71a2-865b-deecb8a95e19','0198c801-2a70-73fa-b5f5-01bdd37f9191','0198c7c9-aee1-70eb-b5a2-929026f7add1','2025-09-10 17:46:48','2025-09-10 17:46:48'),
('019934bc-be14-72b7-b9a2-96da1262a2d8','0198c801-e628-7330-8fe7-8d715abedd62','0198c801-2a70-73fa-b5f5-01bdd37f9191','2025-09-10 17:46:48','2025-09-10 17:46:48'),
('019934bc-be16-7085-aa06-622f53a6907e','0198c802-a3e6-73f5-9987-cc78761d4ed1','0198c801-e628-7330-8fe7-8d715abedd62','2025-09-10 17:46:48','2025-09-10 17:46:48'),
('019934bc-be17-73d8-b3e0-a9360b1e56db','0198c803-6931-71b2-9d29-0320e47f9e77','0198c802-a3e6-73f5-9987-cc78761d4ed1','2025-09-10 17:46:48','2025-09-10 17:46:48'),
('019934bc-be18-724b-af78-9a13ad3bf04d','0198c803-e749-70c7-94e6-03c1d79cb442','0198c803-6931-71b2-9d29-0320e47f9e77','2025-09-10 17:46:48','2025-09-10 17:46:48'),
('019934bc-be1a-72d3-90e8-67859c989c64','0198c804-56d8-7372-a50e-e1e44a2ba6ba','0198c803-e749-70c7-94e6-03c1d79cb442','2025-09-10 17:46:48','2025-09-10 17:46:48'),
('019934bc-be1b-733d-963c-431f37fa7c3d','0198c804-e48d-715c-bb26-cb77c6b21ae8','0198c804-56d8-7372-a50e-e1e44a2ba6ba','2025-09-10 17:46:48','2025-09-10 17:46:48'),
('019934bc-be1c-71ea-b72e-145b780b8a06','0198c806-4a3f-7337-92ea-2015fcb43846','0198c804-e48d-715c-bb26-cb77c6b21ae8','2025-09-10 17:46:48','2025-09-10 17:46:48'),
('019934bc-be1d-7138-8788-53cd44f593a7','0198c806-bf87-72cc-aa21-c1f58b9f67d4','0198c806-4a3f-7337-92ea-2015fcb43846','2025-09-10 17:46:48','2025-09-10 17:46:48'),
('019934bc-be1e-7332-9df8-fb0ed82d0cba','0198c807-32eb-70f6-8905-0f6cb447e160','0198c806-bf87-72cc-aa21-c1f58b9f67d4','2025-09-10 17:46:48','2025-09-10 17:46:48');

--
-- Table structure for table `job_batches`
--

CREATE TABLE `job_batches` (
  `id` varchar(255) NOT NULL,
  `name` varchar(255) NOT NULL,
  `total_jobs` int(11) NOT NULL,
  `pending_jobs` int(11) NOT NULL,
  `failed_jobs` int(11) NOT NULL,
  `failed_job_ids` longtext NOT NULL,
  `options` mediumtext DEFAULT NULL,
  `cancelled_at` int(11) DEFAULT NULL,
  `created_at` int(11) NOT NULL,
  `finished_at` int(11) DEFAULT NULL,
  PRIMARY KEY (`id`)
) ENGINE=InnoDB DEFAULT CHARSET=utf8mb4 COLLATE=utf8mb4_unicode_ci;

--
-- Dumping data for table `job_batches`
--


--
-- Table structure for table `jobs`
--

CREATE TABLE `jobs` (
  `id` bigint(20) unsigned NOT NULL AUTO_INCREMENT,
  `queue` varchar(255) NOT NULL,
  `payload` longtext NOT NULL,
  `attempts` tinyint(3) unsigned NOT NULL,
  `reserved_at` int(10) unsigned DEFAULT NULL,
  `available_at` int(10) unsigned NOT NULL,
  `created_at` int(10) unsigned NOT NULL,
  PRIMARY KEY (`id`),
  KEY `jobs_queue_index` (`queue`)
) ENGINE=InnoDB DEFAULT CHARSET=utf8mb4 COLLATE=utf8mb4_unicode_ci;

--
-- Dumping data for table `jobs`
--


--
-- Table structure for table `materias`
--

CREATE TABLE `materias` (
  `id` uuid NOT NULL,
  `clave` varchar(10) NOT NULL,
  `nombre` varchar(50) NOT NULL,
  `color` varchar(7) NOT NULL,
  `notas_adicionales` varchar(250) DEFAULT NULL,
  `created_at` timestamp NULL DEFAULT NULL,
  `updated_at` timestamp NULL DEFAULT NULL,
  PRIMARY KEY (`id`),
  UNIQUE KEY `materias_clave_unique` (`clave`),
  KEY `materias_nombre_index` (`nombre`)
) ENGINE=InnoDB DEFAULT CHARSET=utf8mb4 COLLATE=utf8mb4_unicode_ci;

--
-- Dumping data for table `materias`
--


--
-- Table structure for table `matriculas`
--

CREATE TABLE `matriculas` (
  `id` uuid NOT NULL,
  `alumno_id` uuid NOT NULL,
  `grado_id` uuid NOT NULL,
  `grupo_id` uuid NOT NULL,
  `ciclo_escolar_id` uuid NOT NULL,
  `estado` tinyint(4) NOT NULL DEFAULT 1 COMMENT '1=Activa, 0=Cerrada, 2=Graduado, 9=Baja definitiva',
  `created_at` timestamp NULL DEFAULT NULL,
  `updated_at` timestamp NULL DEFAULT NULL,
  PRIMARY KEY (`id`),
  KEY `matriculas_alumno_id_foreign` (`alumno_id`),
  KEY `matriculas_grado_id_foreign` (`grado_id`),
  KEY `matriculas_grupo_id_foreign` (`grupo_id`),
  KEY `matriculas_ciclo_escolar_id_foreign` (`ciclo_escolar_id`),
  CONSTRAINT `matriculas_alumno_id_foreign` FOREIGN KEY (`alumno_id`) REFERENCES `alumnos_info_basica` (`id`) ON DELETE CASCADE,
  CONSTRAINT `matriculas_ciclo_escolar_id_foreign` FOREIGN KEY (`ciclo_escolar_id`) REFERENCES `ciclos_escolares` (`id`) ON DELETE CASCADE,
  CONSTRAINT `matriculas_grado_id_foreign` FOREIGN KEY (`grado_id`) REFERENCES `grados` (`id`) ON DELETE CASCADE,
  CONSTRAINT `matriculas_grupo_id_foreign` FOREIGN KEY (`grupo_id`) REFERENCES `grupos` (`id`) ON DELETE CASCADE
) ENGINE=InnoDB DEFAULT CHARSET=utf8mb4 COLLATE=utf8mb4_unicode_ci;

--
-- Dumping data for table `matriculas`
--

INSERT INTO `matriculas` VALUES
('0196edff-9b11-719e-9857-68dd6d2f7726','9e282c7d-594f-4121-94b0-250347e3b2c3','9cb681c3-3cc2-49f5-a1e0-0b6524779562','203b2e39-2895-11f0-9566-ea73812d5e4f','9cb68168-dd2c-4dfd-9c02-5157447ff404',1,'2025-05-20 14:01:13','2025-05-20 14:01:13'),
('0197ae0f-8bac-7010-9281-e2c56774cafb','9c9deafe-1c86-4dd3-9e53-7541a928d2d8','9cb681cf-dec9-4e10-9f84-37a7a061464d','203b2e7e-2895-11f0-9566-ea73812d5e4f','9cb68168-dd2c-4dfd-9c02-5157447ff404',0,'2025-06-26 21:05:43','2025-07-10 14:12:25'),
('0197ae10-5ad8-72e5-a80c-eb64b1bcad2d','9e282c7d-594f-4121-94b0-250347e3b2c3','9cb681aa-9aa8-452f-a505-2b2d94017e0f','203b2c1d-2895-11f0-9566-ea73812d5e4f','9cb68168-dd2c-4dfd-9c02-5157447ff404',1,'2025-06-26 21:06:36','2025-06-26 21:06:36'),
('0197efd8-2fd3-73d1-9058-950c32638f07','9c9deafe-1c86-4dd3-9e53-7541a928d2d8','9cb681cf-dec9-4e10-9f84-37a7a061464d','203b2f33-2895-11f0-9566-ea73812d5e4f','9cb68168-dd2c-4dfd-9c02-5157447ff404',0,'2025-07-09 15:40:12','2025-07-10 14:12:25'),
('794659e4-fb1c-4be4-96fd-0edab73fdd71','2bb65643-3b68-4569-afbb-aa3384f764bb','9cb681aa-9aa8-452f-a505-2b2d94017e0f','203b2905-2895-11f0-9566-ea73812d5e4f','9e0c5071-c22e-4628-bc8d-3fde320844b0',1,'2025-09-10 17:03:07','2025-09-10 17:03:07'),
('d77f1446-f322-43e8-af51-0f3be4ce8867','c1583bec-2306-4115-b78f-387d5a0e73b2','9cb681c3-3cc2-49f5-a1e0-0b6524779562','203b2e39-2895-11f0-9566-ea73812d5e4f','9e0c5071-c22e-4628-bc8d-3fde320844b0',1,'2025-05-13 08:51:48','2025-05-13 08:51:48'),
('33e76fa8-18ab-4d64-9be1-0fe714ac17bc','80ba7840-3929-42d7-ae51-ddf640e7ba52','9cb681cf-dec9-4e10-9f84-37a7a061464d','203b2bd4-2895-11f0-9566-ea73812d5e4f','9e0c5071-c22e-4628-bc8d-3fde320844b0',1,'2025-06-23 15:31:04','2025-06-23 15:31:04'),
('d4e769c9-71de-4b36-b5f9-3f5482d7567e','70e32b42-b751-448d-96b5-285b39c765d2','9cb681aa-9aa8-452f-a505-2b2d94017e0f','203b2bd4-2895-11f0-9566-ea73812d5e4f','9e0c5071-c22e-4628-bc8d-3fde320844b0',1,'2025-06-20 20:37:28','2025-06-20 20:37:28'),
('3d87c33a-133c-4996-918e-3f5f87fbd658','c75a3473-c9c7-48c9-9217-92238afa8ede','9cb681aa-9aa8-452f-a505-2b2d94017e0f','203b2cc1-2895-11f0-9566-ea73812d5e4f','9e0c5071-c22e-4628-bc8d-3fde320844b0',1,'2025-07-21 16:01:18','2025-07-21 16:01:18'),
('f49e4ae2-27b8-4112-a546-5203cbdd8967','1c9dc993-e5d6-4e65-b016-573825d0062f','9cb681aa-9aa8-452f-a505-2b2d94017e0f','203b2905-2895-11f0-9566-ea73812d5e4f','9e0c5071-c22e-4628-bc8d-3fde320844b0',1,'2025-08-25 19:12:07','2025-08-25 19:12:07'),
('90dbb0fd-9eb9-4422-88b6-61796a3fde68','e2e90815-c5c5-4326-8bcd-23e85a474964','9cb68186-5f66-4814-9b85-d1ebe11ad787','203b2bd4-2895-11f0-9566-ea73812d5e4f','9e0c5071-c22e-4628-bc8d-3fde320844b0',1,'2025-07-24 17:30:55','2025-07-24 17:30:55'),
('29f7b957-33f1-430c-a3dc-66af9e53ebe4','71e98b53-3642-4b6d-a05a-cae939e0bd20','9cb68186-5f66-4814-9b85-d1ebe11ad787','203b2905-2895-11f0-9566-ea73812d5e4f','9e0c5071-c22e-4628-bc8d-3fde320844b0',1,'2025-09-10 16:48:15','2025-09-10 16:48:15'),
('94ba96f5-e035-4ee0-8dd6-7742acd71be8','a33e6ad2-1725-45bd-872e-729c1977084b','9cb681c3-3cc2-49f5-a1e0-0b6524779562','203b2bd4-2895-11f0-9566-ea73812d5e4f','9e0c5071-c22e-4628-bc8d-3fde320844b0',1,'2025-07-17 18:36:30','2025-07-17 18:36:30'),
('a122a279-b8cf-4364-b08d-789cf084ef92','6b7fd0e6-2af5-48a6-9c78-01d15f788fa2','9cb681cf-dec9-4e10-9f84-37a7a061464d','203b2b7f-2895-11f0-9566-ea73812d5e4f','9e0c5071-c22e-4628-bc8d-3fde320844b0',1,'2025-08-27 19:08:54','2025-08-27 19:08:54'),
('8a76a2b9-c9ab-4b64-b480-7b4af34187f1','617c4c96-05f6-43ea-9bf6-d7296906fc4d','9cb68186-5f66-4814-9b85-d1ebe11ad787','203b2bd4-2895-11f0-9566-ea73812d5e4f','9e0c5071-c22e-4628-bc8d-3fde320844b0',1,'2025-06-23 16:48:26','2025-06-23 16:48:26'),
('bdc6a024-9013-4c81-a642-7dfbbfc1d1f8','fa0e52f4-455a-4262-bb52-70dc61a898d3','9cb681c3-3cc2-49f5-a1e0-0b6524779562','203b2e39-2895-11f0-9566-ea73812d5e4f','9e0c5071-c22e-4628-bc8d-3fde320844b0',1,'2025-06-23 21:51:30','2025-06-23 21:51:30'),
('5566bbcf-4f67-46a5-9c80-83f1d6854437','03586700-93fa-4af0-90cf-a4be894fa932','9cb681cf-dec9-4e10-9f84-37a7a061464d','203b2bd4-2895-11f0-9566-ea73812d5e4f','9e0c5071-c22e-4628-bc8d-3fde320844b0',1,'2025-07-24 18:06:34','2025-07-24 18:06:34'),
('7af238e0-c8b6-4e41-8dd5-9b9aa9dac278','859e2bdd-e389-4aac-ba54-191dbe1f95fb','9cb681c3-3cc2-49f5-a1e0-0b6524779562','203b2bd4-2895-11f0-9566-ea73812d5e4f','9e0c5071-c22e-4628-bc8d-3fde320844b0',1,'2025-06-30 18:53:06','2025-06-30 18:53:06'),
('c2e067be-6d78-4c6f-aeeb-9c4a4d02b733','a8e10570-4897-4313-b00f-ea15fea2560e','9cb681aa-9aa8-452f-a505-2b2d94017e0f','203b2cc1-2895-11f0-9566-ea73812d5e4f','9e0c5071-c22e-4628-bc8d-3fde320844b0',1,'2025-05-06 10:39:05','2025-05-06 10:39:05'),
('62afa373-f2b7-4e42-af55-cf93fff865d8','315496d9-c8bd-4aa1-b80d-bc91924c3766','9cb681cf-dec9-4e10-9f84-37a7a061464d','203b2ef6-2895-11f0-9566-ea73812d5e4f','9e0c5071-c22e-4628-bc8d-3fde320844b0',1,'2025-06-30 14:31:40','2025-06-30 14:31:40'),
('f04298b9-f2d9-40c1-a786-d931cb887a46','905dfd82-3a4f-4c61-89c9-75a307fdbf61','9cb681c3-3cc2-49f5-a1e0-0b6524779562','203b2dfe-2895-11f0-9566-ea73812d5e4f','9e0c5071-c22e-4628-bc8d-3fde320844b0',1,'2025-08-27 16:11:58','2025-08-27 16:11:58'),
('399ac7ab-2899-11f0-9566-ea73812d5e4f','9c9df3e1-51b7-4f52-939d-b19623a055c1','9cb681cf-dec9-4e10-9f84-37a7a061464d','203b2f33-2895-11f0-9566-ea73812d5e4f','9cb68168-dd2c-4dfd-9c02-5157447ff404',0,'2025-05-04 03:38:21','2025-07-10 14:12:25'),
('399aca77-2899-11f0-9566-ea73812d5e4f','9cd1fedd-bdeb-4a27-a51e-6875fea19e94','9cb681c3-3cc2-49f5-a1e0-0b6524779562','203b2dfe-2895-11f0-9566-ea73812d5e4f','9cb68168-dd2c-4dfd-9c02-5157447ff404',1,'2025-05-04 03:38:21','2025-05-04 03:38:21'),
('399acb6a-2899-11f0-9566-ea73812d5e4f','9cb3aefa-80c5-418a-b2b2-5b3a174429ad','9cb681cf-dec9-4e10-9f84-37a7a061464d','203b2ebb-2895-11f0-9566-ea73812d5e4f','9cb68168-dd2c-4dfd-9c02-5157447ff404',0,'2025-05-04 03:38:21','2025-07-10 14:11:49'),
('399acc2b-2899-11f0-9566-ea73812d5e4f','9c95ced4-b5c7-438e-80dd-92c382941624','9cb681aa-9aa8-452f-a505-2b2d94017e0f','203b2c1d-2895-11f0-9566-ea73812d5e4f','9cb68168-dd2c-4dfd-9c02-5157447ff404',1,'2025-05-04 03:38:21','2025-05-04 03:38:21'),
('399acd1f-2899-11f0-9566-ea73812d5e4f','9ce1e8d9-e482-4e75-8d25-a6b9648e22bc','9cb681c3-3cc2-49f5-a1e0-0b6524779562','203b2e7e-2895-11f0-9566-ea73812d5e4f','9cb68168-dd2c-4dfd-9c02-5157447ff404',1,'2025-05-04 03:38:21','2025-05-04 03:38:21'),
('399ace06-2899-11f0-9566-ea73812d5e4f','9c9b9eab-598f-44cb-b86c-572607752524','9cb681c3-3cc2-49f5-a1e0-0b6524779562','203b2e7e-2895-11f0-9566-ea73812d5e4f','9cb68168-dd2c-4dfd-9c02-5157447ff404',1,'2025-05-04 03:38:21','2025-05-04 03:38:21'),
('399ad094-2899-11f0-9566-ea73812d5e4f','9c9dc26e-9955-4779-a845-4a71e487cd90','9cb681c3-3cc2-49f5-a1e0-0b6524779562','203b2e7e-2895-11f0-9566-ea73812d5e4f','9cb68168-dd2c-4dfd-9c02-5157447ff404',1,'2025-05-04 03:38:21','2025-05-04 03:38:21'),
('399ad1af-2899-11f0-9566-ea73812d5e4f','9c9b9d7a-e225-4a6b-91f0-c54650dec630','9cb681c3-3cc2-49f5-a1e0-0b6524779562','203b2e7e-2895-11f0-9566-ea73812d5e4f','9cb68168-dd2c-4dfd-9c02-5157447ff404',1,'2025-05-04 03:38:21','2025-05-04 03:38:21'),
('399ad2aa-2899-11f0-9566-ea73812d5e4f','9c9b9764-302b-4e5a-b864-62d879d758e5','9cb681c3-3cc2-49f5-a1e0-0b6524779562','203b2e7e-2895-11f0-9566-ea73812d5e4f','9cb68168-dd2c-4dfd-9c02-5157447ff404',1,'2025-05-04 03:38:21','2025-05-04 03:38:21'),
('399ad394-2899-11f0-9566-ea73812d5e4f','9c89a7d8-7ad2-48ad-8612-bae81c0cfad5','9cb68186-5f66-4814-9b85-d1ebe11ad787','203b2905-2895-11f0-9566-ea73812d5e4f','9cb68168-dd2c-4dfd-9c02-5157447ff404',1,'2025-05-04 03:38:21','2025-05-04 03:38:21'),
('399ad458-2899-11f0-9566-ea73812d5e4f','9cb3ba2f-cfb0-418d-8883-774ca5beca19','9cb681cf-dec9-4e10-9f84-37a7a061464d','203b2ebb-2895-11f0-9566-ea73812d5e4f','9cb68168-dd2c-4dfd-9c02-5157447ff404',0,'2025-05-04 03:38:21','2025-07-10 14:11:49'),
('399ad548-2899-11f0-9566-ea73812d5e4f','9c9b8af8-5e1b-4542-bda9-d53b368a655c','9cb681c3-3cc2-49f5-a1e0-0b6524779562','203b2dfe-2895-11f0-9566-ea73812d5e4f','9cb68168-dd2c-4dfd-9c02-5157447ff404',1,'2025-05-04 03:38:21','2025-05-04 03:38:21'),
('399ad641-2899-11f0-9566-ea73812d5e4f','9c89b19b-6531-4d80-8dde-67657fc0499f','9cb68186-5f66-4814-9b85-d1ebe11ad787','203b2905-2895-11f0-9566-ea73812d5e4f','9cb68168-dd2c-4dfd-9c02-5157447ff404',1,'2025-05-04 03:38:21','2025-05-04 03:38:21'),
('399ad73c-2899-11f0-9566-ea73812d5e4f','9c97e5a4-bd39-44e3-912e-204c7d97edde','9cb681aa-9aa8-452f-a505-2b2d94017e0f','203b2c1d-2895-11f0-9566-ea73812d5e4f','9cb68168-dd2c-4dfd-9c02-5157447ff404',1,'2025-05-04 03:38:21','2025-05-04 03:38:21'),
('399ad83f-2899-11f0-9566-ea73812d5e4f','9cb5a3be-1a65-4220-9efa-00decea4e8b4','9cb68186-5f66-4814-9b85-d1ebe11ad787','203b2905-2895-11f0-9566-ea73812d5e4f','9cb68168-dd2c-4dfd-9c02-5157447ff404',1,'2025-05-04 03:38:21','2025-05-04 03:38:21'),
('399ad949-2899-11f0-9566-ea73812d5e4f','9c89a108-b630-4b07-8aa6-7a6b2d056bed','9cb68186-5f66-4814-9b85-d1ebe11ad787','203b2905-2895-11f0-9566-ea73812d5e4f','9cb68168-dd2c-4dfd-9c02-5157447ff404',1,'2025-05-04 03:38:21','2025-05-04 03:38:21'),
('399ada44-2899-11f0-9566-ea73812d5e4f','9ce1e230-b40d-42bb-8c37-21e5c9dadd3d','9cb681c3-3cc2-49f5-a1e0-0b6524779562','203b2e7e-2895-11f0-9566-ea73812d5e4f','9cb68168-dd2c-4dfd-9c02-5157447ff404',1,'2025-05-04 03:38:21','2025-05-04 03:38:21'),
('399adb6b-2899-11f0-9566-ea73812d5e4f','9cb3d6f9-1ee8-4aa7-8a19-f9968673563f','9cb681cf-dec9-4e10-9f84-37a7a061464d','203b2ebb-2895-11f0-9566-ea73812d5e4f','9cb68168-dd2c-4dfd-9c02-5157447ff404',0,'2025-05-04 03:38:21','2025-07-10 14:11:49'),
('399adc87-2899-11f0-9566-ea73812d5e4f','9c9bc4b0-f59c-480c-902e-e32005d3f086','9cb681c3-3cc2-49f5-a1e0-0b6524779562','203b2e7e-2895-11f0-9566-ea73812d5e4f','9cb68168-dd2c-4dfd-9c02-5157447ff404',1,'2025-05-04 03:38:21','2025-05-04 03:38:21'),
('399add90-2899-11f0-9566-ea73812d5e4f','9cb3bba7-3905-428e-a426-6bf1e852c43e','9cb681cf-dec9-4e10-9f84-37a7a061464d','203b2ebb-2895-11f0-9566-ea73812d5e4f','9cb68168-dd2c-4dfd-9c02-5157447ff404',0,'2025-05-04 03:38:21','2025-07-10 14:11:49'),
('399adeaf-2899-11f0-9566-ea73812d5e4f','9cb39fe2-d08d-4c1c-baf3-471c1b7c819e','9cb681cf-dec9-4e10-9f84-37a7a061464d','203b2f33-2895-11f0-9566-ea73812d5e4f','9cb68168-dd2c-4dfd-9c02-5157447ff404',0,'2025-05-04 03:38:21','2025-07-10 14:12:25'),
('399adfe0-2899-11f0-9566-ea73812d5e4f','9c9bc255-2ce8-4c11-acbc-0b20f19c2484','9cb681c3-3cc2-49f5-a1e0-0b6524779562','203b2e7e-2895-11f0-9566-ea73812d5e4f','9cb68168-dd2c-4dfd-9c02-5157447ff404',1,'2025-05-04 03:38:21','2025-05-04 03:38:21'),
('399ae0fc-2899-11f0-9566-ea73812d5e4f','9c9b8cb0-ad68-46e5-8852-13c0c29e1295','9cb681c3-3cc2-49f5-a1e0-0b6524779562','203b2dfe-2895-11f0-9566-ea73812d5e4f','9cb68168-dd2c-4dfd-9c02-5157447ff404',1,'2025-05-04 03:38:21','2025-05-04 03:38:21'),
('399ae219-2899-11f0-9566-ea73812d5e4f','9c9bbf22-4a94-452c-bf13-2f2a5a47a56a','9cb681c3-3cc2-49f5-a1e0-0b6524779562','203b2e7e-2895-11f0-9566-ea73812d5e4f','9cb68168-dd2c-4dfd-9c02-5157447ff404',1,'2025-05-04 03:38:21','2025-05-04 03:38:21'),
('399ae349-2899-11f0-9566-ea73812d5e4f','9cb3d8f4-7b2e-4a0d-9f04-b9f215d7963d','9cb681cf-dec9-4e10-9f84-37a7a061464d','203b2ebb-2895-11f0-9566-ea73812d5e4f','9cb68168-dd2c-4dfd-9c02-5157447ff404',0,'2025-05-04 03:38:21','2025-07-10 14:11:49'),
('399ae465-2899-11f0-9566-ea73812d5e4f','9c95d78a-8b8f-42b4-8f35-5c7dacc2dcd5','9cb681aa-9aa8-452f-a505-2b2d94017e0f','203b2c1d-2895-11f0-9566-ea73812d5e4f','9cb68168-dd2c-4dfd-9c02-5157447ff404',1,'2025-05-04 03:38:21','2025-05-04 03:38:21'),
('399ae559-2899-11f0-9566-ea73812d5e4f','9c9b991e-5d06-47d6-9e97-52154088ed4d','9cb681c3-3cc2-49f5-a1e0-0b6524779562','203b2e7e-2895-11f0-9566-ea73812d5e4f','9cb68168-dd2c-4dfd-9c02-5157447ff404',1,'2025-05-04 03:38:21','2025-05-04 03:38:21'),
('399ae679-2899-11f0-9566-ea73812d5e4f','9cb3b82f-35b7-45f7-85c6-5d1d45163992','9cb681cf-dec9-4e10-9f84-37a7a061464d','203b2ebb-2895-11f0-9566-ea73812d5e4f','9cb68168-dd2c-4dfd-9c02-5157447ff404',0,'2025-05-04 03:38:21','2025-07-10 14:11:49'),
('399ae7a1-2899-11f0-9566-ea73812d5e4f','9cee2fb4-f2c5-41f1-bd80-eda18bd6c2ae','9cb681aa-9aa8-452f-a505-2b2d94017e0f','203b2c1d-2895-11f0-9566-ea73812d5e4f','9cb68168-dd2c-4dfd-9c02-5157447ff404',1,'2025-05-04 03:38:21','2025-05-04 03:38:21'),
('399ae88e-2899-11f0-9566-ea73812d5e4f','9cb3b22d-3c51-41f8-b09f-8581d2799f9c','9cb681cf-dec9-4e10-9f84-37a7a061464d','203b2ebb-2895-11f0-9566-ea73812d5e4f','9cb68168-dd2c-4dfd-9c02-5157447ff404',0,'2025-05-04 03:38:21','2025-07-10 14:11:49'),
('399ae9b1-2899-11f0-9566-ea73812d5e4f','9d085e79-12d2-437d-bcb0-d28237bdf50e','9cb681aa-9aa8-452f-a505-2b2d94017e0f','203b2c1d-2895-11f0-9566-ea73812d5e4f','9cb68168-dd2c-4dfd-9c02-5157447ff404',1,'2025-05-04 03:38:21','2025-05-04 03:38:21'),
('399aeac0-2899-11f0-9566-ea73812d5e4f','9c95b7ea-04e3-4a3e-8034-7d5002d05686','9cb681aa-9aa8-452f-a505-2b2d94017e0f','203b2c1d-2895-11f0-9566-ea73812d5e4f','9cb68168-dd2c-4dfd-9c02-5157447ff404',1,'2025-05-04 03:38:21','2025-05-04 03:38:21'),
('399aebea-2899-11f0-9566-ea73812d5e4f','9c9def53-0017-47b2-b6fa-a68277eafe3d','9cb681cf-dec9-4e10-9f84-37a7a061464d','203b2ebb-2895-11f0-9566-ea73812d5e4f','9cb68168-dd2c-4dfd-9c02-5157447ff404',0,'2025-05-04 03:38:21','2025-07-10 14:11:49'),
('399aeca5-2899-11f0-9566-ea73812d5e4f','9c95d975-47fd-4dcc-b673-bd4a14093292','9cb681aa-9aa8-452f-a505-2b2d94017e0f','203b2c1d-2895-11f0-9566-ea73812d5e4f','9cb68168-dd2c-4dfd-9c02-5157447ff404',1,'2025-05-04 03:38:21','2025-05-04 03:38:21'),
('399aed39-2899-11f0-9566-ea73812d5e4f','9cb3d7f2-3100-48f4-9d60-78657c8db522','9cb681cf-dec9-4e10-9f84-37a7a061464d','203b2ebb-2895-11f0-9566-ea73812d5e4f','9cb68168-dd2c-4dfd-9c02-5157447ff404',0,'2025-05-04 03:38:21','2025-07-10 14:11:49'),
('399aeddb-2899-11f0-9566-ea73812d5e4f','9cb3b31f-baf5-4f02-9112-ccebe89a8efc','9cb681cf-dec9-4e10-9f84-37a7a061464d','203b2ebb-2895-11f0-9566-ea73812d5e4f','9cb68168-dd2c-4dfd-9c02-5157447ff404',0,'2025-05-04 03:38:21','2025-07-10 14:11:49'),
('399aee83-2899-11f0-9566-ea73812d5e4f','9c95bc9d-85a4-478d-9ca6-3ff78fc78e89','9cb681aa-9aa8-452f-a505-2b2d94017e0f','203b2c1d-2895-11f0-9566-ea73812d5e4f','9cb68168-dd2c-4dfd-9c02-5157447ff404',1,'2025-05-04 03:38:21','2025-05-04 03:38:21'),
('399aef1b-2899-11f0-9566-ea73812d5e4f','9c97dcc6-8c34-4927-8098-33c354b8b733','9cb681aa-9aa8-452f-a505-2b2d94017e0f','203b2c1d-2895-11f0-9566-ea73812d5e4f','9cb68168-dd2c-4dfd-9c02-5157447ff404',1,'2025-05-04 03:38:21','2025-05-04 03:38:21'),
('399aefba-2899-11f0-9566-ea73812d5e4f','9cb39e3e-9adf-4251-9175-c67f4d969386','9cb681cf-dec9-4e10-9f84-37a7a061464d','203b2f33-2895-11f0-9566-ea73812d5e4f','9cb68168-dd2c-4dfd-9c02-5157447ff404',0,'2025-05-04 03:38:21','2025-07-10 14:12:25'),
('399af066-2899-11f0-9566-ea73812d5e4f','9e13f236-3b8e-40ef-8fd6-70396763c226','9cb681c3-3cc2-49f5-a1e0-0b6524779562','203b2e39-2895-11f0-9566-ea73812d5e4f','9e0c5071-c22e-4628-bc8d-3fde320844b0',1,'2025-05-04 03:38:21','2025-05-04 03:38:21'),
('399af103-2899-11f0-9566-ea73812d5e4f','9c95cc1d-a383-4fca-8916-a39da843adec','9cb681aa-9aa8-452f-a505-2b2d94017e0f','203b2c1d-2895-11f0-9566-ea73812d5e4f','9cb68168-dd2c-4dfd-9c02-5157447ff404',1,'2025-05-04 03:38:21','2025-05-04 03:38:21'),
('399af1b3-2899-11f0-9566-ea73812d5e4f','9ce1ed5a-fdb4-4d47-a2c2-ab139020856c','9cb681cf-dec9-4e10-9f84-37a7a061464d','203b2f33-2895-11f0-9566-ea73812d5e4f','9cb68168-dd2c-4dfd-9c02-5157447ff404',0,'2025-05-04 03:38:21','2025-07-10 14:12:25'),
('399af263-2899-11f0-9566-ea73812d5e4f','9cb39cde-0fc4-4f48-9b29-72be2788ae53','9cb681cf-dec9-4e10-9f84-37a7a061464d','203b2f33-2895-11f0-9566-ea73812d5e4f','9cb68168-dd2c-4dfd-9c02-5157447ff404',0,'2025-05-04 03:38:21','2025-07-10 14:12:25'),
('399af305-2899-11f0-9566-ea73812d5e4f','9daf85fc-dac7-4afc-831c-bb2d65fe2fb9','9cb681cf-dec9-4e10-9f84-37a7a061464d','203b2f33-2895-11f0-9566-ea73812d5e4f','9cb68168-dd2c-4dfd-9c02-5157447ff404',0,'2025-05-04 03:38:21','2025-07-10 14:12:25'),
('399af3b3-2899-11f0-9566-ea73812d5e4f','9c95cd25-59c5-44e7-9c95-70e8eb2234a2','9cb681aa-9aa8-452f-a505-2b2d94017e0f','203b2c1d-2895-11f0-9566-ea73812d5e4f','9cb68168-dd2c-4dfd-9c02-5157447ff404',1,'2025-05-04 03:38:21','2025-05-04 03:38:21'),
('399af43f-2899-11f0-9566-ea73812d5e4f','9c9bd0c7-395b-48a4-9c76-a772fb04a05b','9cb681c3-3cc2-49f5-a1e0-0b6524779562','203b2e7e-2895-11f0-9566-ea73812d5e4f','9cb68168-dd2c-4dfd-9c02-5157447ff404',1,'2025-05-04 03:38:21','2025-05-04 03:38:21'),
('399af4cb-2899-11f0-9566-ea73812d5e4f','9cb3b765-28ca-444d-8bc4-63d797ad663b','9cb681c3-3cc2-49f5-a1e0-0b6524779562','203b2dfe-2895-11f0-9566-ea73812d5e4f','9cb68168-dd2c-4dfd-9c02-5157447ff404',1,'2025-05-04 03:38:21','2025-05-04 03:38:21'),
('399af552-2899-11f0-9566-ea73812d5e4f','9c99d045-b5f1-4237-996d-afdb573cfd12','9cb681c3-3cc2-49f5-a1e0-0b6524779562','203b2dfe-2895-11f0-9566-ea73812d5e4f','9cb68168-dd2c-4dfd-9c02-5157447ff404',1,'2025-05-04 03:38:21','2025-05-04 03:38:21'),
('399af5d9-2899-11f0-9566-ea73812d5e4f','9c99bc60-f43d-445d-9b77-b3198439ad81','9cb681c3-3cc2-49f5-a1e0-0b6524779562','203b2dfe-2895-11f0-9566-ea73812d5e4f','9cb68168-dd2c-4dfd-9c02-5157447ff404',1,'2025-05-04 03:38:21','2025-05-04 03:38:21'),
('399af663-2899-11f0-9566-ea73812d5e4f','9c9dc159-97fe-4524-93ac-980c630cc6e6','9cb681c3-3cc2-49f5-a1e0-0b6524779562','203b2e7e-2895-11f0-9566-ea73812d5e4f','9cb68168-dd2c-4dfd-9c02-5157447ff404',1,'2025-05-04 03:38:21','2025-05-04 03:38:21'),
('399af70a-2899-11f0-9566-ea73812d5e4f','9c998d0a-9f02-4479-876f-6d39fe7c2ac8','9cb681aa-9aa8-452f-a505-2b2d94017e0f','203b2c1d-2895-11f0-9566-ea73812d5e4f','9cb68168-dd2c-4dfd-9c02-5157447ff404',1,'2025-05-04 03:38:21','2025-05-04 03:38:21'),
('399af7ed-2899-11f0-9566-ea73812d5e4f','9cb3b69b-8193-40e5-aab9-a818435e5f8c','9cb681cf-dec9-4e10-9f84-37a7a061464d','203b2ebb-2895-11f0-9566-ea73812d5e4f','9cb68168-dd2c-4dfd-9c02-5157447ff404',0,'2025-05-04 03:38:21','2025-07-10 14:11:49'),
('399af8f9-2899-11f0-9566-ea73812d5e4f','9cb21b8e-ec7f-4bf4-a62a-145ba1f40b9e','9cb681cf-dec9-4e10-9f84-37a7a061464d','203b2f33-2895-11f0-9566-ea73812d5e4f','9cb68168-dd2c-4dfd-9c02-5157447ff404',0,'2025-05-04 03:38:21','2025-07-10 14:12:25'),
('399af9f3-2899-11f0-9566-ea73812d5e4f','9cb21a9c-5eb3-4eeb-8fbd-23cb4f76a3cb','9cb681cf-dec9-4e10-9f84-37a7a061464d','203b2f33-2895-11f0-9566-ea73812d5e4f','9cb68168-dd2c-4dfd-9c02-5157447ff404',0,'2025-05-04 03:38:21','2025-07-10 14:12:25'),
('399afabf-2899-11f0-9566-ea73812d5e4f','9cd1ffc9-844f-4c7a-b337-fc49bb83b3e6','9cb681cf-dec9-4e10-9f84-37a7a061464d','203b2ebb-2895-11f0-9566-ea73812d5e4f','9cb68168-dd2c-4dfd-9c02-5157447ff404',0,'2025-05-04 03:38:21','2025-07-10 14:11:49'),
('399afbbb-2899-11f0-9566-ea73812d5e4f','9ce1e9f0-fe59-4660-8841-611e630cf259','9cb681c3-3cc2-49f5-a1e0-0b6524779562','203b2e7e-2895-11f0-9566-ea73812d5e4f','9cb68168-dd2c-4dfd-9c02-5157447ff404',1,'2025-05-04 03:38:21','2025-05-04 03:38:21'),
('399afce5-2899-11f0-9566-ea73812d5e4f','9c99d67c-a5c9-4843-9d07-13e0df42b9d4','9cb681c3-3cc2-49f5-a1e0-0b6524779562','203b2dfe-2895-11f0-9566-ea73812d5e4f','9cb68168-dd2c-4dfd-9c02-5157447ff404',1,'2025-05-04 03:38:21','2025-05-04 03:38:21'),
('399afde7-2899-11f0-9566-ea73812d5e4f','9cb223d6-8eeb-4147-bcc2-d0bfbd0123b2','9cb681cf-dec9-4e10-9f84-37a7a061464d','203b2f33-2895-11f0-9566-ea73812d5e4f','9cb68168-dd2c-4dfd-9c02-5157447ff404',0,'2025-05-04 03:38:21','2025-07-10 14:12:25'),
('399afeec-2899-11f0-9566-ea73812d5e4f','9cb3a129-900a-4074-9d96-3d2adc6082ef','9cb681cf-dec9-4e10-9f84-37a7a061464d','203b2f33-2895-11f0-9566-ea73812d5e4f','9cb68168-dd2c-4dfd-9c02-5157447ff404',0,'2025-05-04 03:38:21','2025-07-10 14:12:25'),
('399b000e-2899-11f0-9566-ea73812d5e4f','9c9b857f-44c0-40ba-99c7-51160be0707e','9cb681c3-3cc2-49f5-a1e0-0b6524779562','203b2dfe-2895-11f0-9566-ea73812d5e4f','9cb68168-dd2c-4dfd-9c02-5157447ff404',1,'2025-05-04 03:38:21','2025-05-04 03:38:21'),
('399b00f1-2899-11f0-9566-ea73812d5e4f','9cb3accc-07e3-4e73-a76a-39e2229a1c5d','9cb681cf-dec9-4e10-9f84-37a7a061464d','203b2ebb-2895-11f0-9566-ea73812d5e4f','9cb68168-dd2c-4dfd-9c02-5157447ff404',0,'2025-05-04 03:38:21','2025-07-10 14:11:49'),
('399b01b5-2899-11f0-9566-ea73812d5e4f','9cb5a2d0-ebbb-41c4-9580-c215e8f1ab00','9cb68186-5f66-4814-9b85-d1ebe11ad787','203b2905-2895-11f0-9566-ea73812d5e4f','9cb68168-dd2c-4dfd-9c02-5157447ff404',1,'2025-05-04 03:38:21','2025-05-04 03:38:21'),
('399b023e-2899-11f0-9566-ea73812d5e4f','9c9df179-15d1-4721-9569-d7448f7d07c2','9cb681cf-dec9-4e10-9f84-37a7a061464d','203b2ebb-2895-11f0-9566-ea73812d5e4f','9cb68168-dd2c-4dfd-9c02-5157447ff404',0,'2025-05-04 03:38:21','2025-07-10 14:11:49'),
('399b02c7-2899-11f0-9566-ea73812d5e4f','9cb3d988-089b-4f54-b913-839ee2219e09','9cb681cf-dec9-4e10-9f84-37a7a061464d','203b2ebb-2895-11f0-9566-ea73812d5e4f','9cb68168-dd2c-4dfd-9c02-5157447ff404',0,'2025-05-04 03:38:21','2025-07-10 14:11:49'),
('399b0357-2899-11f0-9566-ea73812d5e4f','9c99d1e5-4639-48e0-a9c7-fc691a4b42a6','9cb681c3-3cc2-49f5-a1e0-0b6524779562','203b2dfe-2895-11f0-9566-ea73812d5e4f','9cb68168-dd2c-4dfd-9c02-5157447ff404',1,'2025-05-04 03:38:21','2025-05-04 03:38:21'),
('399b03d6-2899-11f0-9566-ea73812d5e4f','9cb3bdd1-4c99-483d-8a6f-0a6e8cf4afc6','9cb681cf-dec9-4e10-9f84-37a7a061464d','203b2ebb-2895-11f0-9566-ea73812d5e4f','9cb68168-dd2c-4dfd-9c02-5157447ff404',0,'2025-05-04 03:38:21','2025-07-10 14:11:49'),
('399b046c-2899-11f0-9566-ea73812d5e4f','9c9ded4d-f515-43d2-86e6-44802087e865','9cb681cf-dec9-4e10-9f84-37a7a061464d','203b2ebb-2895-11f0-9566-ea73812d5e4f','9cb68168-dd2c-4dfd-9c02-5157447ff404',0,'2025-05-04 03:38:21','2025-07-10 14:11:49'),
('399b04ea-2899-11f0-9566-ea73812d5e4f','9cb3bcb5-9c6c-4dcd-9761-ade835b7f589','9cb681cf-dec9-4e10-9f84-37a7a061464d','203b2ebb-2895-11f0-9566-ea73812d5e4f','9cb68168-dd2c-4dfd-9c02-5157447ff404',0,'2025-05-04 03:38:21','2025-07-10 14:11:49'),
('399b0575-2899-11f0-9566-ea73812d5e4f','9c978a56-3f89-482f-b286-f2159ca43440','9cb681aa-9aa8-452f-a505-2b2d94017e0f','203b2c1d-2895-11f0-9566-ea73812d5e4f','9cb68168-dd2c-4dfd-9c02-5157447ff404',1,'2025-05-04 03:38:21','2025-05-04 03:38:21'),
('399b0696-2899-11f0-9566-ea73812d5e4f','9cb3b56d-aa41-4086-9816-79059328d586','9cb681cf-dec9-4e10-9f84-37a7a061464d','203b2ebb-2895-11f0-9566-ea73812d5e4f','9cb68168-dd2c-4dfd-9c02-5157447ff404',0,'2025-05-04 03:38:21','2025-07-10 14:11:49'),
('399b072f-2899-11f0-9566-ea73812d5e4f','9e21e664-cf17-4a8a-b44d-2f93849a9c8d','9cb681aa-9aa8-452f-a505-2b2d94017e0f','203b2c1d-2895-11f0-9566-ea73812d5e4f','9cb68168-dd2c-4dfd-9c02-5157447ff404',1,'2025-05-04 03:38:21','2025-05-04 03:38:21'),
('399b07b3-2899-11f0-9566-ea73812d5e4f','9e223aa4-e962-498d-916c-7a59fc5428cb','9cb68186-5f66-4814-9b85-d1ebe11ad787','203b2905-2895-11f0-9566-ea73812d5e4f','9cb68168-dd2c-4dfd-9c02-5157447ff404',1,'2025-05-04 03:38:21','2025-05-04 03:38:21'),
('399b29bb-2899-11f0-9566-ea73812d5e4f','9e2466cb-9e30-4e97-a74b-817b1ad095d6','9cb681cf-dec9-4e10-9f84-37a7a061464d','203b2ef6-2895-11f0-9566-ea73812d5e4f','9e0c5071-c22e-4628-bc8d-3fde320844b0',1,'2025-05-04 03:38:21','2025-05-04 03:38:21'),
('399b2ad5-2899-11f0-9566-ea73812d5e4f','9e248433-6962-4ae2-b23d-b7381286652c','9cb681c3-3cc2-49f5-a1e0-0b6524779562','203b2e39-2895-11f0-9566-ea73812d5e4f','9e0c5071-c22e-4628-bc8d-3fde320844b0',1,'2025-05-04 03:38:21','2025-05-04 03:38:21'),
('399b2b6a-2899-11f0-9566-ea73812d5e4f','9e282c7d-594f-4121-94b0-250347e3b2c3','9cb681c3-3cc2-49f5-a1e0-0b6524779562','203b2e39-2895-11f0-9566-ea73812d5e4f','9e0c5071-c22e-4628-bc8d-3fde320844b0',1,'2025-05-04 03:38:21','2025-05-04 03:38:21'),
('399b2bfb-2899-11f0-9566-ea73812d5e4f','9e2e8022-acff-4aac-8fec-dc5a36886011','9cb68186-5f66-4814-9b85-d1ebe11ad787','203b2905-2895-11f0-9566-ea73812d5e4f','9cb68168-dd2c-4dfd-9c02-5157447ff404',1,'2025-05-04 03:38:21','2025-05-04 03:38:21'),
('399b2c8d-2899-11f0-9566-ea73812d5e4f','9e2fd5ea-e8ac-437d-80b2-eb6129a2bdbe','9cb681c3-3cc2-49f5-a1e0-0b6524779562','203b2e39-2895-11f0-9566-ea73812d5e4f','9e0c5071-c22e-4628-bc8d-3fde320844b0',1,'2025-05-04 03:38:21','2025-05-04 03:38:21'),
('399b2d1f-2899-11f0-9566-ea73812d5e4f','9c9dc044-c0c2-447d-9821-265b562aedbb','9cb681cf-dec9-4e10-9f84-37a7a061464d','203b2ef6-2895-11f0-9566-ea73812d5e4f','9e0c5071-c22e-4628-bc8d-3fde320844b0',0,'2025-05-04 03:38:21','2025-05-04 03:38:21'),
('399b2db1-2899-11f0-9566-ea73812d5e4f','9e321945-450c-40bb-85a5-b39819efb482','9cb681cf-dec9-4e10-9f84-37a7a061464d','203b2ef6-2895-11f0-9566-ea73812d5e4f','9e0c5071-c22e-4628-bc8d-3fde320844b0',1,'2025-05-04 03:38:21','2025-05-04 03:38:21'),
('399b2e4d-2899-11f0-9566-ea73812d5e4f','9e360370-235f-42bd-935f-920aef8b6b09','9cb681c3-3cc2-49f5-a1e0-0b6524779562','203b2e39-2895-11f0-9566-ea73812d5e4f','9e0c5071-c22e-4628-bc8d-3fde320844b0',1,'2025-05-04 03:38:21','2025-05-04 03:38:21'),
('399b2ede-2899-11f0-9566-ea73812d5e4f','9e3e0da4-7fc0-45c2-9d03-69d1a3c9871c','9cb681c3-3cc2-49f5-a1e0-0b6524779562','203b2e39-2895-11f0-9566-ea73812d5e4f','9e0c5071-c22e-4628-bc8d-3fde320844b0',1,'2025-05-04 03:38:21','2025-05-04 03:38:21'),
('399b2f6f-2899-11f0-9566-ea73812d5e4f','9e4e73ae-2b7d-4c5e-9e51-7d514ab54f51','9cb681c3-3cc2-49f5-a1e0-0b6524779562','203b2e7e-2895-11f0-9566-ea73812d5e4f','9cb68168-dd2c-4dfd-9c02-5157447ff404',1,'2025-05-04 03:38:21','2025-05-04 03:38:21'),
('399b2ffd-2899-11f0-9566-ea73812d5e4f','9e503a19-0e2d-4cab-947f-52137978bf7b','9cb681aa-9aa8-452f-a505-2b2d94017e0f','203b2cc1-2895-11f0-9566-ea73812d5e4f','9e0c5071-c22e-4628-bc8d-3fde320844b0',1,'2025-05-04 03:38:21','2025-05-04 03:38:21'),
('399b3082-2899-11f0-9566-ea73812d5e4f','9e58a828-fcc5-4826-8d4d-98e88704187c','9cb68186-5f66-4814-9b85-d1ebe11ad787','203b2905-2895-11f0-9566-ea73812d5e4f','9cb68168-dd2c-4dfd-9c02-5157447ff404',1,'2025-05-04 03:38:21','2025-05-04 03:38:21'),
('399b31a1-2899-11f0-9566-ea73812d5e4f','9e76d06e-ab13-45dc-971b-a81f6605f2a2','9cb681c3-3cc2-49f5-a1e0-0b6524779562','203b2e39-2895-11f0-9566-ea73812d5e4f','9e0c5071-c22e-4628-bc8d-3fde320844b0',1,'2025-05-04 03:38:21','2025-05-04 03:38:21'),
('399b3239-2899-11f0-9566-ea73812d5e4f','9e90f6d7-742a-4f7b-a9a4-981abc185e47','9cb681c3-3cc2-49f5-a1e0-0b6524779562','203b2e39-2895-11f0-9566-ea73812d5e4f','9e0c5071-c22e-4628-bc8d-3fde320844b0',1,'2025-05-04 03:38:21','2025-05-04 03:38:21'),
('399b32d0-2899-11f0-9566-ea73812d5e4f','9ec8e0ff-2d68-48ee-bc71-e3ba9263d86d','9cb681c3-3cc2-49f5-a1e0-0b6524779562','203b2e39-2895-11f0-9566-ea73812d5e4f','9e0c5071-c22e-4628-bc8d-3fde320844b0',1,'2025-05-04 03:38:21','2025-05-04 03:38:21'),
('399b335e-2899-11f0-9566-ea73812d5e4f','9ecb5d08-3114-4729-9193-c2ca48eef4ae','9cb681c3-3cc2-49f5-a1e0-0b6524779562','203b2e39-2895-11f0-9566-ea73812d5e4f','9e0c5071-c22e-4628-bc8d-3fde320844b0',1,'2025-05-04 03:38:21','2025-05-04 03:38:21'),
('399b3407-2899-11f0-9566-ea73812d5e4f','9c9df289-2b03-4939-949e-7cd318a0abac','9cb681cf-dec9-4e10-9f84-37a7a061464d','203b2ebb-2895-11f0-9566-ea73812d5e4f','9cb68168-dd2c-4dfd-9c02-5157447ff404',0,'2025-05-04 03:38:21','2025-07-10 14:11:49'),
('399b34a9-2899-11f0-9566-ea73812d5e4f','9c99ab59-d5f7-4769-ba0a-e6faf8649fca','9cb681c3-3cc2-49f5-a1e0-0b6524779562','203b2dfe-2895-11f0-9566-ea73812d5e4f','9cb68168-dd2c-4dfd-9c02-5157447ff404',1,'2025-05-04 03:38:21','2025-05-04 03:38:21'),
('399b3547-2899-11f0-9566-ea73812d5e4f','9cb3b8e7-c998-4283-a8f7-18a70ade78cd','9cb681cf-dec9-4e10-9f84-37a7a061464d','203b2ebb-2895-11f0-9566-ea73812d5e4f','9cb68168-dd2c-4dfd-9c02-5157447ff404',0,'2025-05-04 03:38:21','2025-07-10 14:11:49'),
('399b35d9-2899-11f0-9566-ea73812d5e4f','9cb3be6f-9da4-4ad5-9994-c13cd32c7899','9cb681cf-dec9-4e10-9f84-37a7a061464d','203b2ebb-2895-11f0-9566-ea73812d5e4f','9cb68168-dd2c-4dfd-9c02-5157447ff404',0,'2025-05-04 03:38:21','2025-07-10 14:11:49'),
('399b3673-2899-11f0-9566-ea73812d5e4f','9cb3afd8-fc0b-4e3b-9011-6d6f400b0400','9cb681cf-dec9-4e10-9f84-37a7a061464d','203b2ebb-2895-11f0-9566-ea73812d5e4f','9cb68168-dd2c-4dfd-9c02-5157447ff404',0,'2025-05-04 03:38:21','2025-07-10 14:11:49'),
('399b3713-2899-11f0-9566-ea73812d5e4f','9c99cac8-6ad2-4990-80ff-87e3a4e16338','9cb681c3-3cc2-49f5-a1e0-0b6524779562','203b2dfe-2895-11f0-9566-ea73812d5e4f','9cb68168-dd2c-4dfd-9c02-5157447ff404',1,'2025-05-04 03:38:21','2025-05-04 03:38:21'),
('399b3794-2899-11f0-9566-ea73812d5e4f','9cb22315-9412-4b45-840d-bd9dba1ef03a','9cb681cf-dec9-4e10-9f84-37a7a061464d','203b2f33-2895-11f0-9566-ea73812d5e4f','9cb68168-dd2c-4dfd-9c02-5157447ff404',0,'2025-05-04 03:38:21','2025-07-10 14:12:25'),
('399b3836-2899-11f0-9566-ea73812d5e4f','9c9bd931-53b2-4616-833c-c5ab3bbd29c9','9cb681c3-3cc2-49f5-a1e0-0b6524779562','203b2e7e-2895-11f0-9566-ea73812d5e4f','9cb68168-dd2c-4dfd-9c02-5157447ff404',1,'2025-05-04 03:38:21','2025-05-04 03:38:21'),
('399b38c1-2899-11f0-9566-ea73812d5e4f','9d0c28a5-0bea-4030-b780-458bfb3e0ada','9cb68186-5f66-4814-9b85-d1ebe11ad787','203b2905-2895-11f0-9566-ea73812d5e4f','9cb68168-dd2c-4dfd-9c02-5157447ff404',1,'2025-05-04 03:38:21','2025-05-04 03:38:21'),
('399b393f-2899-11f0-9566-ea73812d5e4f','9cb21dab-3b3e-4eb7-9962-5066f864c3ca','9cb681cf-dec9-4e10-9f84-37a7a061464d','203b2f33-2895-11f0-9566-ea73812d5e4f','9cb68168-dd2c-4dfd-9c02-5157447ff404',0,'2025-05-04 03:38:21','2025-07-10 14:12:25'),
('399b39ca-2899-11f0-9566-ea73812d5e4f','9c9b87b8-5a7f-4288-b8b8-1fe7579f0edd','9cb681c3-3cc2-49f5-a1e0-0b6524779562','203b2dfe-2895-11f0-9566-ea73812d5e4f','9cb68168-dd2c-4dfd-9c02-5157447ff404',1,'2025-05-04 03:38:21','2025-05-04 03:38:21'),
('399b3a5e-2899-11f0-9566-ea73812d5e4f','9c95c800-1aa1-41b1-9f04-4c1c3ce8a52d','9cb681aa-9aa8-452f-a505-2b2d94017e0f','203b2c1d-2895-11f0-9566-ea73812d5e4f','9cb68168-dd2c-4dfd-9c02-5157447ff404',1,'2025-05-04 03:38:21','2025-05-04 03:38:21'),
('399b3ae4-2899-11f0-9566-ea73812d5e4f','9c99ac6c-c122-4157-96dc-6bf964d915d7','9cb681c3-3cc2-49f5-a1e0-0b6524779562','203b2dfe-2895-11f0-9566-ea73812d5e4f','9cb68168-dd2c-4dfd-9c02-5157447ff404',1,'2025-05-04 03:38:21','2025-05-04 03:38:21'),
('399b3b78-2899-11f0-9566-ea73812d5e4f','9ce1e694-6494-4b2b-be9e-3bf55f2e6234','9cb681c3-3cc2-49f5-a1e0-0b6524779562','203b2e7e-2895-11f0-9566-ea73812d5e4f','9cb68168-dd2c-4dfd-9c02-5157447ff404',1,'2025-05-04 03:38:21','2025-05-04 03:38:21'),
('399b3c06-2899-11f0-9566-ea73812d5e4f','9e18576e-b4dc-4461-9cec-7ecd5680eb50','9cb681aa-9aa8-452f-a505-2b2d94017e0f','203b2cc1-2895-11f0-9566-ea73812d5e4f','9e0c5071-c22e-4628-bc8d-3fde320844b0',1,'2025-05-04 03:38:21','2025-05-04 03:38:21'),
('399b3c99-2899-11f0-9566-ea73812d5e4f','9e0c5267-126c-4088-b4d1-3a891930730a','9cb681c3-3cc2-49f5-a1e0-0b6524779562','203b2e7e-2895-11f0-9566-ea73812d5e4f','9e0c5071-c22e-4628-bc8d-3fde320844b0',1,'2025-05-04 03:38:21','2025-05-04 03:38:21'),
('399b3d3e-2899-11f0-9566-ea73812d5e4f','9ce1e017-fa67-46fe-a0bf-c477ddee3102','9cb681c3-3cc2-49f5-a1e0-0b6524779562','203b2dfe-2895-11f0-9566-ea73812d5e4f','9cb68168-dd2c-4dfd-9c02-5157447ff404',1,'2025-05-04 03:38:21','2025-05-04 03:38:21'),
('399b3ddc-2899-11f0-9566-ea73812d5e4f','9c89af60-b384-4ecb-b370-84c29af35c95','9cb68186-5f66-4814-9b85-d1ebe11ad787','203b2905-2895-11f0-9566-ea73812d5e4f','9cb68168-dd2c-4dfd-9c02-5157447ff404',1,'2025-05-04 03:38:21','2025-05-04 03:38:21'),
('399b55c1-2899-11f0-9566-ea73812d5e4f','9cb3b41b-0abb-4ed7-be0e-1f16a21fd94b','9cb681cf-dec9-4e10-9f84-37a7a061464d','203b2ebb-2895-11f0-9566-ea73812d5e4f','9cb68168-dd2c-4dfd-9c02-5157447ff404',0,'2025-05-04 03:38:21','2025-07-10 14:11:49'),
('399b5716-2899-11f0-9566-ea73812d5e4f','9c9dec25-63b0-4663-b24e-b171db685152','9cb681cf-dec9-4e10-9f84-37a7a061464d','203b2ebb-2895-11f0-9566-ea73812d5e4f','9cb68168-dd2c-4dfd-9c02-5157447ff404',0,'2025-05-04 03:38:21','2025-07-10 14:11:49'),
('399b5843-2899-11f0-9566-ea73812d5e4f','9c9b9c11-bad7-44ea-a108-71e2faaa7fc2','9cb681c3-3cc2-49f5-a1e0-0b6524779562','203b2e7e-2895-11f0-9566-ea73812d5e4f','9cb68168-dd2c-4dfd-9c02-5157447ff404',1,'2025-05-04 03:38:21','2025-05-04 03:38:21'),
('399b5953-2899-11f0-9566-ea73812d5e4f','9c99cf23-e6b7-493f-83db-716926d8d083','9cb681c3-3cc2-49f5-a1e0-0b6524779562','203b2dfe-2895-11f0-9566-ea73812d5e4f','9cb68168-dd2c-4dfd-9c02-5157447ff404',1,'2025-05-04 03:38:21','2025-05-04 03:38:21'),
('399b5a3d-2899-11f0-9566-ea73812d5e4f','9c97de1f-59a4-406b-8ad2-1762e5902c27','9cb681aa-9aa8-452f-a505-2b2d94017e0f','203b2c1d-2895-11f0-9566-ea73812d5e4f','9cb68168-dd2c-4dfd-9c02-5157447ff404',1,'2025-05-04 03:38:21','2025-05-04 03:38:21'),
('399b5b1a-2899-11f0-9566-ea73812d5e4f','9ce1d3f2-c60f-4a49-87c9-2b774d3040c0','9cb68186-5f66-4814-9b85-d1ebe11ad787','203b2905-2895-11f0-9566-ea73812d5e4f','9cb68168-dd2c-4dfd-9c02-5157447ff404',1,'2025-05-04 03:38:21','2025-05-04 03:38:21'),
('399b5c03-2899-11f0-9566-ea73812d5e4f','9c9b9413-8fb2-47b1-9962-296ffa52ab3f','9cb681c3-3cc2-49f5-a1e0-0b6524779562','203b2e7e-2895-11f0-9566-ea73812d5e4f','9cb68168-dd2c-4dfd-9c02-5157447ff404',1,'2025-05-04 03:38:21','2025-05-04 03:38:21'),
('399b5d0a-2899-11f0-9566-ea73812d5e4f','9d0eb668-635d-4709-9ac6-dc88dd55db00','9cb681c3-3cc2-49f5-a1e0-0b6524779562','203b2e7e-2895-11f0-9566-ea73812d5e4f','9cb68168-dd2c-4dfd-9c02-5157447ff404',1,'2025-05-04 03:38:21','2025-05-04 03:38:21'),
('399b5e42-2899-11f0-9566-ea73812d5e4f','9c9bc5c4-f05c-4685-82e4-cac2d3ababf0','9cb681c3-3cc2-49f5-a1e0-0b6524779562','203b2e7e-2895-11f0-9566-ea73812d5e4f','9cb68168-dd2c-4dfd-9c02-5157447ff404',1,'2025-05-04 03:38:21','2025-05-04 03:38:21'),
('399b5f42-2899-11f0-9566-ea73812d5e4f','9c99cd5e-a6ed-433c-96fe-37e497aefd43','9cb681c3-3cc2-49f5-a1e0-0b6524779562','203b2dfe-2895-11f0-9566-ea73812d5e4f','9cb68168-dd2c-4dfd-9c02-5157447ff404',1,'2025-05-04 03:38:21','2025-05-04 03:38:21'),
('399b6023-2899-11f0-9566-ea73812d5e4f','9c9deafe-1c86-4dd3-9e53-7541a928d2d8','9cb681c3-3cc2-49f5-a1e0-0b6524779562','203b2e7e-2895-11f0-9566-ea73812d5e4f','9cb68168-dd2c-4dfd-9c02-5157447ff404',0,'2025-05-04 03:38:21','2025-07-10 14:12:25'),
('399b6103-2899-11f0-9566-ea73812d5e4f','9ce1d5e2-6635-4988-8dcf-fb106d20705f','9cb681aa-9aa8-452f-a505-2b2d94017e0f','203b2c1d-2895-11f0-9566-ea73812d5e4f','9cb68168-dd2c-4dfd-9c02-5157447ff404',1,'2025-05-04 03:38:21','2025-05-04 03:38:21'),
('399b61c8-2899-11f0-9566-ea73812d5e4f','9cb3d54e-299d-478a-9305-9d1aca753f3f','9cb681cf-dec9-4e10-9f84-37a7a061464d','203b2ebb-2895-11f0-9566-ea73812d5e4f','9cb68168-dd2c-4dfd-9c02-5157447ff404',0,'2025-05-04 03:38:21','2025-07-10 14:11:49'),
('399b62c1-2899-11f0-9566-ea73812d5e4f','9c89ad54-eee1-4c94-97dd-8a45e1248074','9cb68186-5f66-4814-9b85-d1ebe11ad787','203b2905-2895-11f0-9566-ea73812d5e4f','9cb68168-dd2c-4dfd-9c02-5157447ff404',1,'2025-05-04 03:38:21','2025-05-04 03:38:21'),
('399b63a2-2899-11f0-9566-ea73812d5e4f','9cb21984-e1b1-4da1-8f4e-0d387b8f28bd','9cb681cf-dec9-4e10-9f84-37a7a061464d','203b2f33-2895-11f0-9566-ea73812d5e4f','9cb68168-dd2c-4dfd-9c02-5157447ff404',0,'2025-05-04 03:38:21','2025-07-10 14:12:25'),
('399b6494-2899-11f0-9566-ea73812d5e4f','9c97db66-7848-45b9-ac4a-a1d983273957','9cb681aa-9aa8-452f-a505-2b2d94017e0f','203b2c1d-2895-11f0-9566-ea73812d5e4f','9cb68168-dd2c-4dfd-9c02-5157447ff404',1,'2025-05-04 03:38:21','2025-05-04 03:38:21'),
('399b6575-2899-11f0-9566-ea73812d5e4f','9c95c6f0-3875-450f-8f4e-f7f68a7381f3','9cb681aa-9aa8-452f-a505-2b2d94017e0f','203b2c1d-2895-11f0-9566-ea73812d5e4f','9cb68168-dd2c-4dfd-9c02-5157447ff404',1,'2025-05-04 03:38:21','2025-05-04 03:38:21'),
('399b665a-2899-11f0-9566-ea73812d5e4f','9c9dc044-c0c2-447d-9821-265b562aedbb','9cb681c3-3cc2-49f5-a1e0-0b6524779562','203b2e39-2895-11f0-9566-ea73812d5e4f','9cb68168-dd2c-4dfd-9c02-5157447ff404',1,'2025-05-04 03:38:21','2025-05-04 03:38:21'),
('399b674a-2899-11f0-9566-ea73812d5e4f','9c9b95ca-6533-4c37-af32-045e22c2e4ad','9cb681c3-3cc2-49f5-a1e0-0b6524779562','203b2e7e-2895-11f0-9566-ea73812d5e4f','9cb68168-dd2c-4dfd-9c02-5157447ff404',1,'2025-05-04 03:38:21','2025-05-04 03:38:21'),
('399b685d-2899-11f0-9566-ea73812d5e4f','9c95baec-0b9d-4a19-929b-7614ce314254','9cb681aa-9aa8-452f-a505-2b2d94017e0f','203b2c1d-2895-11f0-9566-ea73812d5e4f','9cb68168-dd2c-4dfd-9c02-5157447ff404',1,'2025-05-04 03:38:21','2025-05-04 03:38:21'),
('399b6945-2899-11f0-9566-ea73812d5e4f','9c9b85c4-a81b-4176-9b4b-939eee8c1428','9cb681c3-3cc2-49f5-a1e0-0b6524779562','203b2dfe-2895-11f0-9566-ea73812d5e4f','9cb68168-dd2c-4dfd-9c02-5157447ff404',1,'2025-05-04 03:38:21','2025-05-04 03:38:21'),
('399b6a4d-2899-11f0-9566-ea73812d5e4f','9c9df06c-fe86-4905-b582-737053bd8c2a','9cb681cf-dec9-4e10-9f84-37a7a061464d','203b2ebb-2895-11f0-9566-ea73812d5e4f','9cb68168-dd2c-4dfd-9c02-5157447ff404',0,'2025-05-04 03:38:21','2025-07-10 14:11:49'),
('399b6b3b-2899-11f0-9566-ea73812d5e4f','9cb3db1e-7f65-4a84-89e2-83b3097cf6ac','9cb681cf-dec9-4e10-9f84-37a7a061464d','203b2ebb-2895-11f0-9566-ea73812d5e4f','9cb68168-dd2c-4dfd-9c02-5157447ff404',0,'2025-05-04 03:38:21','2025-07-10 14:11:49'),
('26ecee28-8f14-4725-b132-f5f3af6b7695','77b060f8-562c-4994-b1ad-27f5871244fb','9cb681c3-3cc2-49f5-a1e0-0b6524779562','203b2905-2895-11f0-9566-ea73812d5e4f','9e0c5071-c22e-4628-bc8d-3fde320844b0',1,'2025-08-29 17:03:25','2025-08-29 17:03:25'),
('86c19d06-a73b-46ca-8665-fc86a92a5978','9edafc65-bfa1-4d4c-bdba-66d230247ee6','9cb681c3-3cc2-49f5-a1e0-0b6524779562','203b2e7e-2895-11f0-9566-ea73812d5e4f','9e0c5071-c22e-4628-bc8d-3fde320844b0',1,'2025-09-12 16:01:23','2025-09-12 16:01:23'),
('48251824-ee48-4a61-a123-ffc230fc5714','8bb833c5-eb00-44e8-8626-d11970080611','9cb681c3-3cc2-49f5-a1e0-0b6524779562','203b2e39-2895-11f0-9566-ea73812d5e4f','9e0c5071-c22e-4628-bc8d-3fde320844b0',1,'2025-06-30 17:52:15','2025-06-30 17:52:15');

--
-- Table structure for table `migrations`
--

CREATE TABLE `migrations` (
  `id` int(10) unsigned NOT NULL AUTO_INCREMENT,
  `migration` varchar(255) NOT NULL,
  `batch` int(11) NOT NULL,
  PRIMARY KEY (`id`)
) ENGINE=InnoDB AUTO_INCREMENT=59 DEFAULT CHARSET=utf8mb4 COLLATE=utf8mb4_unicode_ci;

--
-- Dumping data for table `migrations`
--

INSERT INTO `migrations` VALUES
(1,'0001_01_01_000000_create_users_table',1),
(2,'0001_01_01_000001_create_cache_table',2),
(3,'0001_01_01_000002_create_jobs_table',3),
(4,'2025_07_30_212001_create_escuelas_table',4),
(5,'2025_07_30_221950_create_ciclos_escolares_table',5),
(6,'2025_07_30_232929_create_permission_tables',6),
(7,'2025_07_31_200232_create_zonas_permisos_table',7),
(8,'2025_07_31_202638_add_zona_id_to_permissions_table',8),
(9,'2025_08_01_091401_create_puestos_de_trabajo_table',9),
(10,'2025_08_01_170544_create_proveedores_table',10),
(11,'2025_08_02_000220_create_personal_table',11),
(12,'2025_08_02_101738_create_grados_table',12),
(13,'2025_08_02_101739_alumnos_info_basica_table',13),
(14,'2025_08_02_101740_create_prospectos_table',14),
(15,'2025_08_02_101741_alumnos_documentos_table',15),
(16,'2025_08_02_101742_alumnos_info_autismo_table',16),
(17,'2025_08_02_101743_alumnos_info_extra_table',17),
(18,'2025_08_02_101744_alumnos_info_exclusiva_table',18),
(19,'2025_08_02_101745_alumnos_info_nuevo_ingreso_table',19),
(20,'2025_08_02_101746_alumnos_info_emergencia_table',20),
(21,'2025_08_02_101747_alumnos_info_complementaria_table',21),
(22,'2025_08_02_101748_alumnos_info_tutora_table',22),
(23,'2025_08_02_101749_alumnos_info_tutor_table',23),
(24,'2025_08_02_101750_add_estado_motivo_baja_to_alumnos_info_basica_table',24),
(25,'2025_08_02_104827_create_edificios_table',25),
(26,'2025_08_02_123839_create_aulas_table',26),
(27,'2025_08_02_130138_create_materias_table',27),
(28,'2025_08_02_174624_create_grupos_table',28),
(29,'2025_08_03_132127_create_matriculas_table',29),
(30,'2025_08_03_193404_create_reportes_conducta_and_reportes_conducta_detalles_tables~',30),
(31,'2025_08_03_214602_add_estado_to_matriculas_table',31),
(32,'2025_08_04_113024_create_categorias_table',32),
(33,'2025_08_04_113902_create_grupo_materia_table',33),
(34,'2025_08_04_113958_create_grupo_materia_horarios_table',34),
(35,'2025_08_04_114049_create_items_table',35),
(36,'2025_08_04_120354_create_inventarios_table',36),
(37,'2025_08_04_120447_create_inventario_movimientos_table',37),
(38,'2025_08_04_134103_create_items_dependencias_table',38),
(39,'2025_08_04_165655_create_avisos_table',39),
(40,'2025_08_04_165814_create_avisos_usuarios_table',40),
(41,'2025_08_05_000000_create_compras_table',41),
(42,'2025_08_05_000001_create_compras_detalles_table',42),
(43,'2025_08_05_000002_create_compras_abonos_table',43),
(44,'2025_08_05_000003_create_ventas_table',44),
(45,'2025_08_05_000004_create_ventas_detalles_table',45),
(46,'2025_08_05_000005_create_ventas_abonos_table',46),
(47,'2025_08_05_000006_add_estado_to_ventas_abonos_table',47),
(48,'2025_08_05_000007_create_alumnos_pagos_table',48),
(49,'2025_08_05_000008_create_gastos_table',49),
(50,'2025_08_05_000009_create_cortes_de_caja_table',50),
(51,'2025_08_05_000010_create_denominaciones_mxn_table',51),
(55,'2025_08_05_000011_create_denominaciones_usd_table',52),
(56,'2025_09_06_113906_add_fechas_and_estado_columns_to_items_table',53),
(57,'2025_09_06_154633_add_periodo_column_to_alumnos_pagos_table',54),
(58,'2025_09_07_204054_add_forma_pago_to_ventas_table',55);

--
-- Table structure for table `model_has_permissions`
--

CREATE TABLE `model_has_permissions` (
  `permission_id` bigint(20) unsigned NOT NULL,
  `model_type` varchar(255) NOT NULL,
  `model_id` bigint(20) unsigned NOT NULL,
  PRIMARY KEY (`permission_id`,`model_id`,`model_type`),
  KEY `model_has_permissions_model_id_model_type_index` (`model_id`,`model_type`),
  CONSTRAINT `model_has_permissions_permission_id_foreign` FOREIGN KEY (`permission_id`) REFERENCES `permissions` (`id`) ON DELETE CASCADE
) ENGINE=InnoDB DEFAULT CHARSET=utf8mb4 COLLATE=utf8mb4_unicode_ci;

--
-- Dumping data for table `model_has_permissions`
--


--
-- Table structure for table `model_has_roles`
--

CREATE TABLE `model_has_roles` (
  `role_id` bigint(20) unsigned NOT NULL,
  `model_type` varchar(255) NOT NULL,
  `model_id` bigint(20) unsigned NOT NULL,
  PRIMARY KEY (`role_id`,`model_id`,`model_type`),
  KEY `model_has_roles_model_id_model_type_index` (`model_id`,`model_type`),
  CONSTRAINT `model_has_roles_role_id_foreign` FOREIGN KEY (`role_id`) REFERENCES `roles` (`id`) ON DELETE CASCADE
) ENGINE=InnoDB DEFAULT CHARSET=utf8mb4 COLLATE=utf8mb4_unicode_ci;

--
-- Dumping data for table `model_has_roles`
--

INSERT INTO `model_has_roles` VALUES
(1,'App\\Models\\User',1),
(1,'App\\Models\\User',2),
(1,'App\\Models\\User',3),
(1,'App\\Models\\User',4),
(1,'App\\Models\\User',5);

--
-- Table structure for table `password_reset_tokens`
--

CREATE TABLE `password_reset_tokens` (
  `email` varchar(255) NOT NULL,
  `token` varchar(255) NOT NULL,
  `created_at` timestamp NULL DEFAULT NULL,
  PRIMARY KEY (`email`)
) ENGINE=InnoDB DEFAULT CHARSET=utf8mb4 COLLATE=utf8mb4_unicode_ci;

--
-- Dumping data for table `password_reset_tokens`
--


--
-- Table structure for table `permissions`
--

CREATE TABLE `permissions` (
  `id` bigint(20) unsigned NOT NULL AUTO_INCREMENT,
  `zona_id` bigint(20) unsigned DEFAULT NULL,
  `name` varchar(255) NOT NULL,
  `guard_name` varchar(255) NOT NULL,
  `created_at` timestamp NULL DEFAULT NULL,
  `updated_at` timestamp NULL DEFAULT NULL,
  PRIMARY KEY (`id`),
  UNIQUE KEY `permissions_name_guard_name_unique` (`name`,`guard_name`)
) ENGINE=InnoDB AUTO_INCREMENT=145 DEFAULT CHARSET=utf8mb4 COLLATE=utf8mb4_unicode_ci;

--
-- Dumping data for table `permissions`
--

INSERT INTO `permissions` VALUES
(1,32,'actividades.inicio','web','2025-09-06 16:56:45','2025-09-06 16:56:45'),
(2,32,'cumpleaños.inicio','web','2025-09-06 16:56:45','2025-09-06 16:56:45'),
(3,32,'prospectos.inicio','web','2025-09-06 16:56:45','2025-09-06 16:56:45'),
(4,1,'agregar.personal','web','2025-09-06 16:56:45','2025-09-06 16:56:45'),
(5,1,'editar.personal','web','2025-09-06 16:56:45','2025-09-06 16:56:45'),
(6,1,'listar.personal','web','2025-09-06 16:56:45','2025-09-06 16:56:45'),
(7,1,'ver.personal','web','2025-09-06 16:56:45','2025-09-06 16:56:45'),
(8,1,'borrar.personal','web','2025-09-06 16:56:45','2025-09-06 16:56:45'),
(9,1,'importar.personal','web','2025-09-06 16:56:45','2025-09-06 16:56:45'),
(10,2,'agregar.grados','web','2025-09-06 16:56:45','2025-09-06 16:56:45'),
(11,2,'editar.grados','web','2025-09-06 16:56:45','2025-09-06 16:56:45'),
(12,2,'listar.grados','web','2025-09-06 16:56:45','2025-09-06 16:56:45'),
(13,2,'ver.grados','web','2025-09-06 16:56:45','2025-09-06 16:56:45'),
(14,2,'borrar.grados','web','2025-09-06 16:56:45','2025-09-06 16:56:45'),
(15,2,'importar.grados','web','2025-09-06 16:56:45','2025-09-06 16:56:45'),
(16,3,'agregar.edificios','web','2025-09-06 16:56:45','2025-09-06 16:56:45'),
(17,3,'editar.edificios','web','2025-09-06 16:56:45','2025-09-06 16:56:45'),
(18,3,'listar.edificios','web','2025-09-06 16:56:45','2025-09-06 16:56:45'),
(19,3,'ver.edificios','web','2025-09-06 16:56:45','2025-09-06 16:56:45'),
(20,3,'borrar.edificios','web','2025-09-06 16:56:45','2025-09-06 16:56:45'),
(21,3,'importar.edificios','web','2025-09-06 16:56:45','2025-09-06 16:56:45'),
(22,4,'agregar.aulas','web','2025-09-06 16:56:45','2025-09-06 16:56:45'),
(23,4,'editar.aulas','web','2025-09-06 16:56:45','2025-09-06 16:56:45'),
(24,4,'listar.aulas','web','2025-09-06 16:56:45','2025-09-06 16:56:45'),
(25,4,'ver.aulas','web','2025-09-06 16:56:45','2025-09-06 16:56:45'),
(26,4,'borrar.aulas','web','2025-09-06 16:56:45','2025-09-06 16:56:45'),
(27,4,'importar.aulas','web','2025-09-06 16:56:45','2025-09-06 16:56:45'),
(28,5,'agregar.materias','web','2025-09-06 16:56:45','2025-09-06 16:56:45'),
(29,5,'editar.materias','web','2025-09-06 16:56:45','2025-09-06 16:56:45'),
(30,5,'listar.materias','web','2025-09-06 16:56:45','2025-09-06 16:56:45'),
(31,5,'ver.materias','web','2025-09-06 16:56:45','2025-09-06 16:56:45'),
(32,5,'borrar.materias','web','2025-09-06 16:56:45','2025-09-06 16:56:45'),
(33,5,'importar.materias','web','2025-09-06 16:56:45','2025-09-06 16:56:45'),
(34,5,'color.materias','web','2025-09-06 16:56:45','2025-09-06 16:56:45'),
(35,6,'agregar.grupos','web','2025-09-06 16:56:45','2025-09-06 16:56:45'),
(36,6,'editar.grupos','web','2025-09-06 16:56:45','2025-09-06 16:56:45'),
(37,6,'listar.grupos','web','2025-09-06 16:56:45','2025-09-06 16:56:45'),
(38,6,'ver.grupos','web','2025-09-06 16:56:45','2025-09-06 16:56:45'),
(39,6,'borrar.grupos','web','2025-09-06 16:56:45','2025-09-06 16:56:45'),
(40,6,'importar.grupos','web','2025-09-06 16:56:45','2025-09-06 16:56:45'),
(41,6,'asignarHorarios.grupos','web','2025-09-06 16:56:45','2025-09-06 16:56:45'),
(42,6,'imprimirListaAlumnos.grupos','web','2025-09-06 16:56:45','2025-09-06 16:56:45'),
(43,7,'agregar.prospectos','web','2025-09-06 16:56:45','2025-09-06 16:56:45'),
(44,7,'editar.prospectos','web','2025-09-06 16:56:45','2025-09-06 16:56:45'),
(45,7,'listar.prospectos','web','2025-09-06 16:56:45','2025-09-06 16:56:45'),
(46,7,'ver.prospectos','web','2025-09-06 16:56:45','2025-09-06 16:56:45'),
(47,15,'borrar.prospectos','web','2025-09-06 16:56:45','2025-09-06 16:56:45'),
(48,7,'importar.prospectos','web','2025-09-06 16:56:45','2025-09-06 16:56:45'),
(49,8,'agregar.alumnos','web','2025-09-06 16:56:45','2025-09-06 16:56:45'),
(50,8,'listar.alumnos','web','2025-09-06 16:56:45','2025-09-06 16:56:45'),
(51,8,'ver.alumnos','web','2025-09-06 16:56:45','2025-09-06 16:56:45'),
(52,8,'cambiarEstado.alumnos','web','2025-09-06 16:56:45','2025-09-06 16:56:45'),
(53,8,'solicitud.alumnos','web','2025-09-06 16:56:45','2025-09-06 16:56:45'),
(54,8,'importar.alumnos','web','2025-09-06 16:56:45','2025-09-06 16:56:45'),
(55,9,'agregar.sanciones','web','2025-09-06 16:56:45','2025-09-06 16:56:45'),
(56,9,'editar.sanciones','web','2025-09-06 16:56:45','2025-09-06 16:56:45'),
(57,9,'listar.sanciones','web','2025-09-06 16:56:45','2025-09-06 16:56:45'),
(58,9,'ver.sanciones','web','2025-09-06 16:56:45','2025-09-06 16:56:45'),
(59,9,'importar.sanciones','web','2025-09-06 16:56:45','2025-09-06 16:56:45'),
(60,10,'listar.promocionar','web','2025-09-06 16:56:45','2025-09-06 16:56:45'),
(61,26,'ver.editar','web','2025-09-06 16:56:45','2025-09-06 16:56:45'),
(62,27,'agregar.ciclos','web','2025-09-06 16:56:45','2025-09-06 16:56:45'),
(63,27,'editar.ciclos','web','2025-09-06 16:56:45','2025-09-06 16:56:45'),
(64,27,'listar.ciclos','web','2025-09-06 16:56:45','2025-09-06 16:56:45'),
(65,27,'ver.ciclos','web','2025-09-06 16:56:45','2025-09-06 16:56:45'),
(66,27,'borrar.ciclos','web','2025-09-06 16:56:45','2025-09-06 16:56:45'),
(67,28,'agregar.puestos','web','2025-09-06 16:56:45','2025-09-06 16:56:45'),
(68,28,'editar.puestos','web','2025-09-06 16:56:45','2025-09-06 16:56:45'),
(69,28,'listar.puestos','web','2025-09-06 16:56:45','2025-09-06 16:56:45'),
(70,28,'ver.puestos','web','2025-09-06 16:56:45','2025-09-06 16:56:45'),
(71,28,'borrar.puestos','web','2025-09-06 16:56:45','2025-09-06 16:56:45'),
(72,28,'importar.puestos','web','2025-09-06 16:56:45','2025-09-06 16:56:45'),
(73,29,'agregar.proveedores','web','2025-09-06 16:56:45','2025-09-06 16:56:45'),
(74,29,'editar.proveedores','web','2025-09-06 16:56:45','2025-09-06 16:56:45'),
(75,29,'listar.proveedores','web','2025-09-06 16:56:45','2025-09-06 16:56:45'),
(76,29,'ver.proveedores','web','2025-09-06 16:56:45','2025-09-06 16:56:45'),
(77,29,'borrar.proveedores','web','2025-09-06 16:56:45','2025-09-06 16:56:45'),
(78,29,'importar.proveedores','web','2025-09-06 16:56:45','2025-09-06 16:56:45'),
(79,30,'editar.usuarios','web','2025-09-06 16:56:45','2025-09-06 16:56:45'),
(80,30,'listar.usuarios','web','2025-09-06 16:56:45','2025-09-06 16:56:45'),
(81,31,'agregar.roles','web','2025-09-06 16:56:45','2025-09-06 16:56:45'),
(82,31,'editar.roles','web','2025-09-06 16:56:45','2025-09-06 16:56:45'),
(83,31,'listar.roles','web','2025-09-06 16:56:45','2025-09-06 16:56:45'),
(84,31,'ver.roles','web','2025-09-06 16:56:45','2025-09-06 16:56:45'),
(85,31,'borrar.roles','web','2025-09-06 16:56:45','2025-09-06 16:56:45'),
(86,11,'agregar.compras','web','2025-09-06 16:56:45','2025-09-06 16:56:45'),
(87,11,'listar.compras','web','2025-09-06 16:56:45','2025-09-06 16:56:45'),
(88,11,'ver.compras','web','2025-09-06 16:56:45','2025-09-06 16:56:45'),
(89,12,'agregar.ventas','web','2025-09-06 16:56:45','2025-09-06 16:56:45'),
(90,12,'listar.ventas','web','2025-09-06 16:56:45','2025-09-06 16:56:45'),
(91,12,'borrar.ventas','web','2025-09-06 16:56:45','2025-09-06 16:56:45'),
(92,12,'ver.ventas','web','2025-09-06 16:56:45','2025-09-06 16:56:45'),
(93,13,'agregar.gastos','web','2025-09-06 16:56:45','2025-09-06 16:56:45'),
(94,13,'listar.gastos','web','2025-09-06 16:56:45','2025-09-06 16:56:45'),
(95,13,'ver.gastos','web','2025-09-06 16:56:45','2025-09-06 16:56:45'),
(96,13,'borrar.gastos','web','2025-09-06 16:56:45','2025-09-06 16:56:45'),
(97,14,'agregar.categorias','web','2025-09-06 16:56:45','2025-09-06 16:56:45'),
(98,14,'editar.categorias','web','2025-09-06 16:56:45','2025-09-06 16:56:45'),
(99,14,'listar.categorias','web','2025-09-06 16:56:45','2025-09-06 16:56:45'),
(100,14,'ver.categorias','web','2025-09-06 16:56:45','2025-09-06 16:56:45'),
(101,14,'borrar.categorias','web','2025-09-06 16:56:45','2025-09-06 16:56:45'),
(102,14,'importar.categorias','web','2025-09-06 16:56:45','2025-09-06 16:56:45'),
(103,15,'agregar.productos','web','2025-09-06 16:56:45','2025-09-06 16:56:45'),
(104,15,'editar.productos','web','2025-09-06 16:56:45','2025-09-06 16:56:45'),
(105,15,'listar.productos','web','2025-09-06 16:56:45','2025-09-06 16:56:45'),
(106,15,'ver.productos','web','2025-09-06 16:56:45','2025-09-06 16:56:45'),
(107,15,'borrar.productos','web','2025-09-06 16:56:45','2025-09-06 16:56:45'),
(108,15,'ajustarStock.productos','web','2025-09-06 16:56:45','2025-09-06 16:56:45'),
(109,15,'cambiarEstado.productos','web','2025-09-06 16:56:45','2025-09-06 16:56:45'),
(110,15,'importar.productos','web','2025-09-06 16:56:45','2025-09-06 16:56:45'),
(111,16,'agregar.dependencias','web','2025-09-06 16:56:45','2025-09-06 16:56:45'),
(112,17,'agregar.cortes','web','2025-09-06 16:56:45','2025-09-06 16:56:45'),
(113,17,'listar.cortes','web','2025-09-06 16:56:45','2025-09-06 16:56:45'),
(114,17,'imprimir.cortes','web','2025-09-06 16:56:45','2025-09-06 16:56:45'),
(115,17,'enviarCorreo.cortes','web','2025-09-06 16:56:45','2025-09-06 16:56:45'),
(116,18,'consultar.pagos','web','2025-09-06 16:56:45','2025-09-06 16:56:45'),
(117,18,'excel.pagos','web','2025-09-06 16:56:45','2025-09-06 16:56:45'),
(118,18,'pdf.pagos','web','2025-09-06 16:56:45','2025-09-06 16:56:45'),
(119,18,'imprimir.pagos','web','2025-09-06 16:56:45','2025-09-06 16:56:45'),
(120,19,'consultar.inventario','web','2025-09-06 16:56:45','2025-09-06 16:56:45'),
(121,19,'excel.inventario','web','2025-09-06 16:56:45','2025-09-06 16:56:45'),
(122,19,'pdf.inventario','web','2025-09-06 16:56:45','2025-09-06 16:56:45'),
(123,19,'imprimir.inventario','web','2025-09-06 16:56:45','2025-09-06 16:56:45'),
(124,20,'consultar.movimientos','web','2025-09-06 16:56:45','2025-09-06 16:56:45'),
(125,20,'excel.movimientos','web','2025-09-06 16:56:45','2025-09-06 16:56:45'),
(126,20,'pdf.movimientos','web','2025-09-06 16:56:45','2025-09-06 16:56:45'),
(127,20,'imprimir.movimientos','web','2025-09-06 16:56:45','2025-09-06 16:56:45'),
(128,21,'consultar.transacciones','web','2025-09-06 16:56:45','2025-09-06 16:56:45'),
(129,21,'excel.transacciones','web','2025-09-06 16:56:45','2025-09-06 16:56:45'),
(130,21,'pdf.transacciones','web','2025-09-06 16:56:45','2025-09-06 16:56:45'),
(131,21,'imprimir.transacciones','web','2025-09-06 16:56:45','2025-09-06 16:56:45'),
(132,23,'consultar.estadistica','web','2025-09-06 16:56:45','2025-09-06 16:56:45'),
(133,23,'excel.estadistica','web','2025-09-06 16:56:45','2025-09-06 16:56:45'),
(134,23,'pdf.estadistica','web','2025-09-06 16:56:45','2025-09-06 16:56:45'),
(135,23,'imprimir.estadistica','web','2025-09-06 16:56:45','2025-09-06 16:56:45'),
(136,22,'consultar.alumnos','web','2025-09-06 16:56:45','2025-09-06 16:56:45'),
(137,22,'excel.alumnos','web','2025-09-06 16:56:45','2025-09-06 16:56:45'),
(138,22,'pdf.alumnos','web','2025-09-06 16:56:45','2025-09-06 16:56:45'),
(139,22,'imprimir.alumnos','web','2025-09-06 16:56:45','2025-09-06 16:56:45'),
(140,25,'agregar.avisos','web','2025-09-06 16:56:45','2025-09-06 16:56:45'),
(141,25,'editar.avisos','web','2025-09-06 16:56:45','2025-09-06 16:56:45'),
(142,25,'listar.avisos','web','2025-09-06 16:56:45','2025-09-06 16:56:45'),
(143,25,'ver.avisos','web','2025-09-06 16:56:45','2025-09-06 16:56:45'),
(144,25,'borrar.avisos','web','2025-09-06 16:56:45','2025-09-06 16:56:45');

--
-- Table structure for table `personal`
--

CREATE TABLE `personal` (
  `id` uuid NOT NULL,
  `fotografia` varchar(255) DEFAULT NULL,
  `user_id` bigint(20) unsigned DEFAULT NULL,
  `nombre` varchar(50) NOT NULL,
  `primer_apellido` varchar(50) NOT NULL,
  `segundo_apellido` varchar(50) DEFAULT NULL,
  `genero` tinyint(4) NOT NULL,
  `fecha_nacimiento` date NOT NULL,
  `ciudad_nacimiento` varchar(255) NOT NULL,
  `estado_nacimiento` varchar(255) NOT NULL,
  `pais_nacimiento` varchar(255) NOT NULL,
  `nacionalidad` varchar(255) NOT NULL,
  `ine` varchar(255) DEFAULT NULL,
  `curp` varchar(255) DEFAULT NULL,
  `rfc` varchar(255) NOT NULL,
  `calle` varchar(255) NOT NULL,
  `numero` varchar(255) DEFAULT NULL,
  `colonia` varchar(255) DEFAULT NULL,
  `codigo_postal` varchar(20) DEFAULT NULL,
  `telefono` varchar(255) DEFAULT NULL,
  `celular` varchar(255) DEFAULT NULL,
  `correo_electronico` varchar(50) DEFAULT NULL,
  `puesto_id` uuid NOT NULL,
  `entrada` date NOT NULL,
  `notas_adicionales` text DEFAULT NULL,
  `created_at` timestamp NULL DEFAULT NULL,
  `updated_at` timestamp NULL DEFAULT NULL,
  PRIMARY KEY (`id`),
  KEY `personal_puesto_id_foreign` (`puesto_id`),
  KEY `personal_user_id_foreign` (`user_id`),
  CONSTRAINT `personal_puesto_id_foreign` FOREIGN KEY (`puesto_id`) REFERENCES `puestos_de_trabajo` (`id`) ON DELETE CASCADE,
  CONSTRAINT `personal_user_id_foreign` FOREIGN KEY (`user_id`) REFERENCES `users` (`id`) ON DELETE CASCADE
) ENGINE=InnoDB DEFAULT CHARSET=utf8mb4 COLLATE=utf8mb4_unicode_ci;

--
-- Dumping data for table `personal`
--

INSERT INTO `personal` VALUES
('01991ffd-2b13-7295-8d96-2c0800b6bc80',NULL,2,'Carlos Eucario','Sánchez','Garza',1,'1982-04-25','Tampico','Tamaulipas','México','Mexicana',NULL,NULL,'XAXX010101000','Sin datos',NULL,NULL,NULL,NULL,NULL,'c.sanchez@cirb.edu.mx','01991ffb-1a08-73ca-8aa1-059031ab07d6','2025-09-06',NULL,'2025-09-06 17:05:09','2025-09-06 17:05:09'),
('01991ffe-db5c-73cf-806a-e7f5b791cc5c',NULL,3,'Nancy Guadalupe','Garza','Gutierrez',2,'1960-08-13','Río Bravo','Tamaulipas','México','Mexicana',NULL,NULL,'GAGN600813137','Sin datos',NULL,NULL,NULL,NULL,NULL,'nancyceg@nancyceg.com','01991ffb-1a05-7242-b39c-7f8d4599be76','2025-09-06',NULL,'2025-09-06 17:07:00','2025-09-06 17:07:00'),
('01992002-23a4-7021-a285-9ab59fc8a2f6',NULL,4,'Debanhi','Treviño','Pinal',2,'1992-07-07','Río Bravo','Tamaulipas','México','Mexicana',NULL,NULL,'XAXX010101000','Sin datos',NULL,NULL,NULL,NULL,NULL,'dtrevino.unms@gmail.com','01991ffb-1a03-73b4-9e63-4208aca9dd77','2025-09-06',NULL,'2025-09-06 17:10:35','2025-09-06 17:10:35'),
('01992983-6cce-7027-bc9e-21ebd117de28',NULL,5,'Fernanda','Garza','Olguín',2,'2000-11-11','Tampico','Tamaulipas','México','Mexicana',NULL,NULL,'XAXX010101000','Sin datos',NULL,NULL,NULL,NULL,NULL,NULL,'01991ffb-1a06-71c0-8b63-637817e92677','2025-09-08',NULL,'2025-09-08 13:28:22','2025-09-08 13:28:22'),
('01992fcf-f3e8-71d6-aa67-8b2e3a3d8dd5',NULL,NULL,'ANDREA GUADALUPE','GALVAN','GARZA',2,'1999-01-12','MATAMOROS','TAMANULIAS','México','Mexicana',NULL,NULL,'XAXX010101000','Sin datos',NULL,NULL,NULL,NULL,NULL,NULL,'01991ffb-1a07-71b5-89dc-25c042b402c5','2025-09-01',NULL,'2025-09-09 18:49:41','2025-09-09 18:49:41');

--
-- Table structure for table `prospectos`
--

CREATE TABLE `prospectos` (
  `id` uuid NOT NULL,
  `nombre_alumno` varchar(50) NOT NULL,
  `escuela_procedencia` varchar(100) NOT NULL,
  `grado_id` uuid NOT NULL,
  `nombre_contacto` varchar(50) NOT NULL,
  `telefono_contacto` varchar(15) NOT NULL,
  `correo_electronico` varchar(100) DEFAULT NULL,
  `forma_conocimiento` tinyint(4) NOT NULL,
  `fecha_contacto` date NOT NULL,
  `notas_adicionales` text DEFAULT NULL,
  `created_at` timestamp NULL DEFAULT NULL,
  `updated_at` timestamp NULL DEFAULT NULL,
  PRIMARY KEY (`id`),
  KEY `prospectos_grado_id_foreign` (`grado_id`),
  CONSTRAINT `prospectos_grado_id_foreign` FOREIGN KEY (`grado_id`) REFERENCES `grados` (`id`) ON DELETE CASCADE
) ENGINE=InnoDB DEFAULT CHARSET=utf8mb4 COLLATE=utf8mb4_unicode_ci;

--
-- Dumping data for table `prospectos`
--


--
-- Table structure for table `proveedores`
--

CREATE TABLE `proveedores` (
  `id` uuid NOT NULL,
  `rfc` varchar(13) DEFAULT NULL,
  `nombre_empresa` varchar(50) NOT NULL,
  `nombre_contacto` varchar(150) NOT NULL,
  `telefono` varchar(10) DEFAULT NULL,
  `celular` varchar(10) DEFAULT NULL,
  `email` varchar(100) DEFAULT NULL,
  `notas_adicionales` text DEFAULT NULL,
  `created_at` timestamp NULL DEFAULT NULL,
  `updated_at` timestamp NULL DEFAULT NULL,
  PRIMARY KEY (`id`)
) ENGINE=InnoDB DEFAULT CHARSET=utf8mb4 COLLATE=utf8mb4_unicode_ci;

--
-- Dumping data for table `proveedores`
--

INSERT INTO `proveedores` VALUES
('9cd5e636-7e3c-455c-8c69-190868b84594',NULL,'UNIMEX','TOMAS ESPINO','8991096244','8991096244','unimex.rb@hotmail.com',NULL,'2024-08-23 20:57:22','2024-08-23 20:57:22'),
('9cd5e29e-8b2c-40c8-beec-5de241bf9aed',NULL,'LIBRERÍA LEER','LIBRERÍA LEER','8994232410','8994232410','librerialeer@hotmail.com',NULL,'2024-08-23 20:47:20','2024-08-23 20:47:20'),
('9cd0e14b-1d35-425c-8a24-f49b877cdfe1',NULL,'KIDS WORLD','KIDS WORLD','8999341396','8999341396','kidsworldrio@hotmail.com',NULL,'2024-08-21 09:04:29','2024-08-21 09:06:35');

--
-- Table structure for table `puestos_de_trabajo`
--

CREATE TABLE `puestos_de_trabajo` (
  `id` uuid NOT NULL,
  `nombre` varchar(50) NOT NULL,
  `notas_adicionales` text DEFAULT NULL,
  `created_at` timestamp NULL DEFAULT NULL,
  `updated_at` timestamp NULL DEFAULT NULL,
  PRIMARY KEY (`id`)
) ENGINE=InnoDB DEFAULT CHARSET=utf8mb4 COLLATE=utf8mb4_unicode_ci;

--
-- Dumping data for table `puestos_de_trabajo`
--

INSERT INTO `puestos_de_trabajo` VALUES
('01991ffb-1a03-73b4-9e63-4208aca9dd77','Directora Académica',NULL,'2025-09-06 17:02:53','2025-09-06 17:03:25'),
('01991ffb-1a05-7242-b39c-7f8d4599be76','Directora General',NULL,'2025-09-06 17:02:53','2025-09-06 17:02:53'),
('01991ffb-1a06-71c0-8b63-637817e92677','Secretaria',NULL,'2025-09-06 17:02:53','2025-09-06 17:02:53'),
('01991ffb-1a07-71b5-89dc-25c0417f8d03','Maestra Titular',NULL,'2025-09-06 17:02:53','2025-09-06 17:02:53'),
('01991ffb-1a07-71b5-89dc-25c04209f1fc','Maestra Auxiliar',NULL,'2025-09-06 17:02:53','2025-09-06 17:02:53'),
('01991ffb-1a07-71b5-89dc-25c042b402c5','Maestra de Inglés',NULL,'2025-09-06 17:02:53','2025-09-06 17:02:53'),
('01991ffb-1a08-73ca-8aa1-059030b976c5','Profesor de Educación Física',NULL,'2025-09-06 17:02:53','2025-09-06 17:02:53'),
('01991ffb-1a08-73ca-8aa1-059031ab07d6','Profesor de Ajedrez y Robótica',NULL,'2025-09-06 17:02:53','2025-09-06 17:02:53'),
('01991ffb-1a09-7233-9b74-8bb08d02a368','Cocinera',NULL,'2025-09-06 17:02:53','2025-09-06 17:02:53'),
('01991ffb-1a09-7233-9b74-8bb08d26df4e','Conserje',NULL,'2025-09-06 17:02:53','2025-09-06 17:02:53');

--
-- Table structure for table `reportes_conducta`
--

CREATE TABLE `reportes_conducta` (
  `id` uuid NOT NULL,
  `folio` varchar(255) NOT NULL,
  `alumno_id` uuid NOT NULL,
  `fecha_reporte` date NOT NULL,
  `registrado_por` bigint(20) unsigned DEFAULT NULL,
  `comentarios_generales` text DEFAULT NULL,
  `created_at` timestamp NULL DEFAULT NULL,
  `updated_at` timestamp NULL DEFAULT NULL,
  PRIMARY KEY (`id`),
  KEY `reportes_conducta_alumno_id_foreign` (`alumno_id`),
  KEY `reportes_conducta_registrado_por_foreign` (`registrado_por`),
  CONSTRAINT `reportes_conducta_alumno_id_foreign` FOREIGN KEY (`alumno_id`) REFERENCES `alumnos_info_basica` (`id`),
  CONSTRAINT `reportes_conducta_registrado_por_foreign` FOREIGN KEY (`registrado_por`) REFERENCES `users` (`id`)
) ENGINE=InnoDB DEFAULT CHARSET=utf8mb4 COLLATE=utf8mb4_unicode_ci;

--
-- Dumping data for table `reportes_conducta`
--


--
-- Table structure for table `reportes_conducta_detalles`
--

CREATE TABLE `reportes_conducta_detalles` (
  `id` uuid NOT NULL,
  `reporte_conducta_id` uuid NOT NULL,
  `tipo` varchar(50) NOT NULL,
  `materia_id` uuid DEFAULT NULL,
  `descripcion` text NOT NULL,
  `nivel` varchar(30) DEFAULT NULL,
  `accion_tomada` text DEFAULT NULL,
  `created_at` timestamp NULL DEFAULT NULL,
  `updated_at` timestamp NULL DEFAULT NULL,
  PRIMARY KEY (`id`),
  KEY `reportes_conducta_detalles_reporte_conducta_id_foreign` (`reporte_conducta_id`),
  KEY `reportes_conducta_detalles_materia_id_foreign` (`materia_id`),
  CONSTRAINT `reportes_conducta_detalles_materia_id_foreign` FOREIGN KEY (`materia_id`) REFERENCES `materias` (`id`),
  CONSTRAINT `reportes_conducta_detalles_reporte_conducta_id_foreign` FOREIGN KEY (`reporte_conducta_id`) REFERENCES `reportes_conducta` (`id`) ON DELETE CASCADE
) ENGINE=InnoDB DEFAULT CHARSET=utf8mb4 COLLATE=utf8mb4_unicode_ci;

--
-- Dumping data for table `reportes_conducta_detalles`
--


--
-- Table structure for table `role_has_permissions`
--

CREATE TABLE `role_has_permissions` (
  `permission_id` bigint(20) unsigned NOT NULL,
  `role_id` bigint(20) unsigned NOT NULL,
  PRIMARY KEY (`permission_id`,`role_id`),
  KEY `role_has_permissions_role_id_foreign` (`role_id`),
  CONSTRAINT `role_has_permissions_permission_id_foreign` FOREIGN KEY (`permission_id`) REFERENCES `permissions` (`id`) ON DELETE CASCADE,
  CONSTRAINT `role_has_permissions_role_id_foreign` FOREIGN KEY (`role_id`) REFERENCES `roles` (`id`) ON DELETE CASCADE
) ENGINE=InnoDB DEFAULT CHARSET=utf8mb4 COLLATE=utf8mb4_unicode_ci;

--
-- Dumping data for table `role_has_permissions`
--

INSERT INTO `role_has_permissions` VALUES
(1,1),
(2,1),
(3,1),
(4,1),
(5,1),
(6,1),
(7,1),
(8,1),
(9,1),
(10,1),
(11,1),
(12,1),
(13,1),
(14,1),
(15,1),
(16,1),
(17,1),
(18,1),
(19,1),
(20,1),
(21,1),
(22,1),
(23,1),
(24,1),
(25,1),
(26,1),
(27,1),
(28,1),
(29,1),
(30,1),
(31,1),
(32,1),
(33,1),
(34,1),
(35,1),
(36,1),
(37,1),
(38,1),
(39,1),
(40,1),
(41,1),
(42,1),
(43,1),
(44,1),
(45,1),
(46,1),
(47,1),
(48,1),
(49,1),
(50,1),
(51,1),
(52,1),
(53,1),
(54,1),
(55,1),
(56,1),
(57,1),
(58,1),
(59,1),
(60,1),
(61,1),
(62,1),
(63,1),
(64,1),
(65,1),
(66,1),
(67,1),
(68,1),
(69,1),
(70,1),
(71,1),
(72,1),
(73,1),
(74,1),
(75,1),
(76,1),
(77,1),
(78,1),
(79,1),
(80,1),
(81,1),
(82,1),
(83,1),
(84,1),
(85,1),
(86,1),
(87,1),
(88,1),
(89,1),
(90,1),
(91,1),
(92,1),
(93,1),
(94,1),
(95,1),
(96,1),
(97,1),
(98,1),
(99,1),
(100,1),
(101,1),
(102,1),
(103,1),
(104,1),
(105,1),
(106,1),
(107,1),
(108,1),
(109,1),
(110,1),
(111,1),
(112,1),
(113,1),
(114,1),
(115,1),
(116,1),
(117,1),
(118,1),
(119,1),
(120,1),
(121,1),
(122,1),
(123,1),
(124,1),
(125,1),
(126,1),
(127,1),
(128,1),
(129,1),
(130,1),
(131,1),
(132,1),
(133,1),
(134,1),
(135,1),
(136,1),
(137,1),
(138,1),
(139,1),
(140,1),
(141,1),
(142,1),
(143,1),
(144,1);

--
-- Table structure for table `roles`
--

CREATE TABLE `roles` (
  `id` bigint(20) unsigned NOT NULL AUTO_INCREMENT,
  `name` varchar(255) NOT NULL,
  `guard_name` varchar(255) NOT NULL,
  `created_at` timestamp NULL DEFAULT NULL,
  `updated_at` timestamp NULL DEFAULT NULL,
  PRIMARY KEY (`id`),
  UNIQUE KEY `roles_name_guard_name_unique` (`name`,`guard_name`)
) ENGINE=InnoDB AUTO_INCREMENT=3 DEFAULT CHARSET=utf8mb4 COLLATE=utf8mb4_unicode_ci;

--
-- Dumping data for table `roles`
--

INSERT INTO `roles` VALUES
(1,'SuperAdmin','web','2025-09-06 16:56:45','2025-09-06 16:56:45');

--
-- Table structure for table `sessions`
--

CREATE TABLE `sessions` (
  `id` varchar(255) NOT NULL,
  `user_id` bigint(20) unsigned DEFAULT NULL,
  `ip_address` varchar(45) DEFAULT NULL,
  `user_agent` text DEFAULT NULL,
  `payload` longtext NOT NULL,
  `last_activity` int(11) NOT NULL,
  PRIMARY KEY (`id`),
  KEY `sessions_user_id_index` (`user_id`),
  KEY `sessions_last_activity_index` (`last_activity`)
) ENGINE=InnoDB DEFAULT CHARSET=utf8mb4 COLLATE=utf8mb4_unicode_ci;

--
-- Dumping data for table `sessions`
--

INSERT INTO `sessions` VALUES
('b2v9bDUBobznvdr9fhOEl6M0WgoHLcWGoOqpOObB',5,'189.140.36.229','Mozilla/5.0 (Windows NT 10.0; Win64; x64) AppleWebKit/537.36 (KHTML, like Gecko) Chrome/140.0.0.0 Safari/537.36','YTo1OntzOjY6Il90b2tlbiI7czo0MDoidWhaMXFRSE5Fa25mcFBTZmhDaTBPemdlcTR1c2VXazl4SG5ZSU85OCI7czozOiJ1cmwiO2E6MDp7fXM6OToiX3ByZXZpb3VzIjthOjE6e3M6MzoidXJsIjtzOjI4OiJodHRwczovL2t3Lm5lZ3NvZnQuY29tL2NvcnRlIjt9czo2OiJfZmxhc2giO2E6Mjp7czozOiJvbGQiO2E6MDp7fXM6MzoibmV3IjthOjA6e319czo1MDoibG9naW5fd2ViXzU5YmEzNmFkZGMyYjJmOTQwMTU4MGYwMTRjN2Y1OGVhNGUzMDk4OWQiO2k6NTt9',1757713484),
('JIvJ5kurg00RN10uWjLfjfMjxIRhq7KNnzHxDEZC',NULL,'64.150.183.119','curl/7.35.0','YTozOntzOjY6Il90b2tlbiI7czo0MDoiVENBdHJxWWdJYWdCaXlDaTlhTll3V1JEWWw3d25ZaUZSckVtY3VobiI7czo5OiJfcHJldmlvdXMiO2E6MTp7czozOiJ1cmwiO3M6MjI6Imh0dHBzOi8va3cubmVnc29mdC5jb20iO31zOjY6Il9mbGFzaCI7YToyOntzOjM6Im9sZCI7YTowOnt9czozOiJuZXciO2E6MDp7fX19',1757728958),
('WWhMkD0wnOeF2pNYSB56mSbcXqPaZ8gf0qUjs71S',2,'189.203.85.182','Mozilla/5.0 (X11; Linux x86_64; rv:142.0) Gecko/20100101 Firefox/142.0','YTo0OntzOjY6Il90b2tlbiI7czo0MDoiaVptU2hsMTdMc2k2WXVMU3JHaWNFNk9BWFlnZUc4eUJQbnJsTndJTiI7czo5OiJfcHJldmlvdXMiO2E6MTp7czozOiJ1cmwiO3M6MzI6Imh0dHBzOi8va3cubmVnc29mdC5jb20vZGFzaGJvYXJkIjt9czo2OiJfZmxhc2giO2E6Mjp7czozOiJvbGQiO2E6MDp7fXM6MzoibmV3IjthOjA6e319czo1MDoibG9naW5fd2ViXzU5YmEzNmFkZGMyYjJmOTQwMTU4MGYwMTRjN2Y1OGVhNGUzMDk4OWQiO2k6Mjt9',1757779800);

--
